{"id":98351,"date":"2025-12-08T04:09:28","date_gmt":"2025-12-08T04:09:28","guid":{"rendered":"https:\/\/b2b.depodanmusteriye.com\/urun\/newface-donusturucu-10in1-hub-sw10v-gri\/"},"modified":"2025-12-08T04:09:28","modified_gmt":"2025-12-08T04:09:28","slug":"newface-donusturucu-10in1-hub-sw10v-gri","status":"publish","type":"product","link":"https:\/\/depodanmusteriye.com\/urunler\/urun\/newface-donusturucu-10in1-hub-sw10v-gri\/","title":{"rendered":"Newface D\u00f6n\u00fc\u015ft\u00fcr\u00fcc\u00fc 10in1 Hub SW10V &#8211; Gri"},"content":{"rendered":"<h4>Newface D\u00f6n\u00fc\u015ft\u00fcr\u00fcc\u00fc 10in1 Hub SW10V &#8211; Gri<\/p>\n<p>\n<p>\n<p>\n<p><p><span style=\"font-size: 18.6667px\"><b>NEWFACE D\u00d6N\u00dc\u015eT\u00dcR\u00dcC\u00dc 10\u0130N1 HUB SW10V<\/b><\/span><\/p>\n<p><span style=\"font-size: 18.6667px\"><b>\u00dcr\u00fcn malzemesi: <\/b>ABS<\/span><\/p>\n<p><span style=\"font-size: 18.6667px\"><b>USB-C PD:<\/b>PD3.0\/100W<\/span><\/p>\n<p><span style=\"font-size: 18.6667px\"><b>HDMI ba\u011flant\u0131 noktas\u0131: <\/b>4K\/30Hz maksimum \u00e7\u00f6z\u00fcn\u00fcrl\u00fc\u011f\u00fc destekler.<\/span><\/p>\n<p><span style=\"font-size: 18.6667px\"><b>VGA ba\u011flant\u0131 noktas\u0131: <\/b>1080p \u00e7\u00f6z\u00fcn\u00fcrl\u00fc\u011fe kadar destekler<b>.<\/b><\/span><\/p>\n<p><span style=\"font-size: 18.6667px\"><b>RJ45 a\u011f aray\u00fcz\u00fc: <\/b>10\/100M Ethernet deste\u011fi<\/span><\/p>\n<p><span style=\"font-size: 18.6667px\"><b>USB 3.0 ba\u011flant\u0131 noktas\u0131: <\/b>5 gbps&#8217;ye kadar iletim h\u0131z\u0131<\/span><\/p>\n<p><span style=\"font-size: 18.6667px\"><b>USB2.0 portu: <\/b>480 mbps&#8217;ye kadar iletim h\u0131z\u0131<\/span><\/p>\n<p><span style=\"font-size: 18.6667px\"><b>TF\/SD ba\u011flant\u0131 noktas\u0131: <\/b>USB2.0 kart okuyucu, tek s\u00fcr\u00fcc\u00fcl\u00fc mektup okuma ve yazma<\/span><\/p>\n<p><span style=\"font-size: 18.6667px\"><b>3.5mm ses ba\u011flant\u0131 noktas\u0131: <\/b>Ses \u00e7\u0131k\u0131\u015f\u0131 ve mikrofon giri\u015fi<\/span><\/p>\n<p><span style=\"font-size: 18.6667px\"><b><br \/><\/b><\/span><\/p>\n<p><span style=\"font-size: 18.6667px\"><b>Portlar:<\/b><\/span><\/p>\n<p><span style=\"font-size: 18.6667px\">USB-C PD * 1<\/span><\/p>\n<p><span style=\"font-size: 18.6667px\">3.5mm ses * 1<\/span><\/p>\n<p><span style=\"font-size: 18.6667px\">USB3.0 * 1<\/span><\/p>\n<p><span style=\"font-size: 18.6667px\">USB2.0 * 2<\/span><\/p>\n<p><span style=\"font-size: 18.6667px\">SD\/TF ba\u011flant\u0131 noktas\u0131 * 1<\/span><\/p>\n<p><span style=\"font-size: 18.6667px\">RJ45 * 1<\/span><\/p>\n<p><span style=\"font-size: 18.6667px\">VGA * 1<\/span><\/p>\n<p><span style=\"font-size: 18.6667px\">HDMI * 1<\/span><\/p>\n<p><span style=\"font-size: 18.6667px\"><b><br \/><\/b><\/span><\/p>\n<p><span style=\"font-size: 18.6667px\"><b>10IN1 hub&#8217;\u0131 alma nedeni:<\/b><\/span><\/p>\n<p><span style=\"font-size: 18.6667px\"><b>1. <\/b>G\u00f6rselle\u015ftirme tasar\u0131m\u0131<\/span><\/p>\n<p><span style=\"font-size: 18.6667px\"><b>2.<\/b>4K HD<\/span><\/p>\n<p><span style=\"font-size: 18.6667px\"><b>3.<\/b>100W PD \u015farj4.USB3.0 y\u00fcksek h\u0131zl\u0131 veri iletimi<\/span><\/p>\n<p><span style=\"font-size: 18.6667px\"><b>5.<\/b>100 megabayt a\u011f aray\u00fcz\u00fc<\/span><\/p>\n<p><span style=\"font-size: 18.6667px\"><b>6.<\/b>Support HDMI + VGA \u00e7ift ba\u011flant\u0131 ayn\u0131 zamanl\u0131<\/span><\/p>\n<\/p>\n<p><span style=\"font-size: 18.6667px\"><b>7. <\/b>S\u00fcr\u00fcc\u00fcy\u00fc y\u00fcklemeye gerek yok, TF\/SD kart\u0131 takt\u0131\u011f\u0131n\u0131zda verileri okuyabilir.<\/span><\/p>\n<p><span style=\"font-size: 18.6667px\"><br \/><\/span><\/p>\n<div><\/div>\n<p><img decoding=\"async\" src=\"https:\/\/www.newface.com.tr\/img\/descriptions\/644cc416b8266.jpg\" style=\"width: 50%\"><\/p>\n<p><\/p>\n<p><img decoding=\"async\" src=\"https:\/\/www.newface.com.tr\/img\/descriptions\/644cc4213ad0a.jpg\" style=\"width: 50%\"><\/p>\n<p><\/p>\n<p><img decoding=\"async\" src=\"https:\/\/www.newface.com.tr\/img\/descriptions\/644cc42a3086a.jpg\" style=\"width: 50%\"><\/p>\n<p><\/p>\n<p><img decoding=\"async\" src=\"https:\/\/www.newface.com.tr\/img\/descriptions\/644cc4333a96b.jpg\" style=\"width: 50%\"><\/p>\n<p><\/p>\n<p><img decoding=\"async\" src=\"https:\/\/www.newface.com.tr\/img\/descriptions\/644cc43ee7da6.jpg\" style=\"width: 50%\"><\/p>\n<p><\/p>\n<p><img decoding=\"async\" src=\"https:\/\/www.newface.com.tr\/img\/descriptions\/644cc44a4befa.jpg\" style=\"width: 50%\"><\/p>\n<p><\/p>\n<p><img decoding=\"async\" src=\"https:\/\/www.newface.com.tr\/img\/descriptions\/644cc458ae211.jpg\" style=\"width: 50%\"><\/p>\n<p><\/p>\n<p><img decoding=\"async\" src=\"https:\/\/www.newface.com.tr\/img\/descriptions\/644cc460e4089.jpg\" style=\"width: 50%\"> <\/p>\n<p><b>1 adet fiyat\u0131d\u0131r<\/b> <\/p>\n<p><p><b>\u00dcretici Markas\u0131 : NEWFACE<\/b><\/p>\n<p><b>\u00dcretici Kodu : 8683140587833<\/b><\/p>\n<p><b>1 ADET F\u0130YATIDIR<\/b><\/p>\n<\/h4>\n<p><\/p>\n","protected":false},"excerpt":{"rendered":"<p>Newface D\u00f6n\u00fc\u015ft\u00fcr\u00fcc\u00fc 10in1 Hub SW10V &#8211; Gri<\/p>\n","protected":false},"featured_media":98342,"comment_status":"open","ping_status":"closed","template":"","meta":[],"product_brand":[],"product_cat":[960,374],"product_tag":[9358,1816,1684,9359,1510,9433],"class_list":{"0":"post-98351","1":"product","2":"type-product","3":"status-publish","4":"has-post-thumbnail","6":"product_cat-cevirici-donusturucu","7":"product_cat-mobil-aksesuar","8":"product_tag-10in1","9":"product_tag-donusturucu","10":"product_tag-gri","11":"product_tag-hub","12":"product_tag-newface","13":"product_tag-sw10v","15":"first","16":"instock","17":"taxable","18":"shipping-taxable","19":"purchasable","20":"product-type-simple"},"_links":{"self":[{"href":"https:\/\/depodanmusteriye.com\/urunler\/wp-json\/wp\/v2\/product\/98351","targetHints":{"allow":["GET"]}}],"collection":[{"href":"https:\/\/depodanmusteriye.com\/urunler\/wp-json\/wp\/v2\/product"}],"about":[{"href":"https:\/\/depodanmusteriye.com\/urunler\/wp-json\/wp\/v2\/types\/product"}],"replies":[{"embeddable":true,"href":"https:\/\/depodanmusteriye.com\/urunler\/wp-json\/wp\/v2\/comments?post=98351"}],"version-history":[{"count":0,"href":"https:\/\/depodanmusteriye.com\/urunler\/wp-json\/wp\/v2\/product\/98351\/revisions"}],"wp:featuredmedia":[{"embeddable":true,"href":"https:\/\/depodanmusteriye.com\/urunler\/wp-json\/wp\/v2\/media\/98342"}],"wp:attachment":[{"href":"https:\/\/depodanmusteriye.com\/urunler\/wp-json\/wp\/v2\/media?parent=98351"}],"wp:term":[{"taxonomy":"product_brand","embeddable":true,"href":"https:\/\/depodanmusteriye.com\/urunler\/wp-json\/wp\/v2\/product_brand?post=98351"},{"taxonomy":"product_cat","embeddable":true,"href":"https:\/\/depodanmusteriye.com\/urunler\/wp-json\/wp\/v2\/product_cat?post=98351"},{"taxonomy":"product_tag","embeddable":true,"href":"https:\/\/depodanmusteriye.com\/urunler\/wp-json\/wp\/v2\/product_tag?post=98351"}],"curies":[{"name":"wp","href":"https:\/\/api.w.org\/{rel}","templated":true}]}}