{"id":54671,"date":"2025-12-06T11:50:15","date_gmt":"2025-12-06T11:50:15","guid":{"rendered":"https:\/\/b2b.depodanmusteriye.com\/urun\/yesil-renk-kivircik-afro-bonus-peruk\/"},"modified":"2025-12-06T11:50:15","modified_gmt":"2025-12-06T11:50:15","slug":"yesil-renk-kivircik-afro-bonus-peruk","status":"publish","type":"product","link":"https:\/\/depodanmusteriye.com\/urunler\/urun\/yesil-renk-kivircik-afro-bonus-peruk\/","title":{"rendered":"Ye\u015fil Renk K\u0131v\u0131rc\u0131k Afro Bonus Peruk"},"content":{"rendered":"<h4>\n<p>Ye\u015fil Renk K\u0131v\u0131rc\u0131k Afro Bonus Peruk<\/p>\n<p><span style=\"color:#FF0000\"><em><strong>\u00dcR\u00dcN \u00d6ZELL\u0130KLER\u0130<\/strong><\/em><\/span><\/p>\n<p><span style=\"color:#000000\"><em><strong>Bonus Peruk Sa\u00e7<\/strong><\/em><\/span><\/p>\n<p><span style=\"color:#000000\"><em><strong>\u00d6l\u00e7\u00fc : Yeti\u015fkin \/ \u00c7ocuk<\/strong><\/em><\/span><\/p>\n<p><span style=\"color:#000000\"><em><strong>A\u011f\u0131rl\u0131k : 120 gr<\/strong><\/em><\/span><\/p>\n<p><span style=\"color:#000000\"><em><strong>Renk : Ye\u015fil<\/strong><\/em><\/span><\/p>\n<p><span style=\"color:#000000\"><em><strong>Astarl\u0131d\u0131r , kafadan d\u00fc\u015fme yapmaz<\/strong><\/em><\/span><\/p>\n<p><span style=\"color:#000000\"><em><strong>Paketi ilk a\u00e7\u0131t\u0131\u011f\u0131n\u0131zda sallayarak kopan k\u0131s\u0131mlar\u0131 d\u00f6kebilirsiniz<\/strong><\/em><\/span><\/p>\n<p><b>1 adet fiyat\u0131d\u0131r<\/b> <\/p>\n<p><p><b>\u00dcretici Markas\u0131 : ZERO LAND<\/b><\/p>\n<p><b>\u00dcretici Kodu : SMR0587YSL<\/b><\/p>\n<p><b>1 ADET F\u0130YATIDIR<\/b><\/p>\n<\/h4>\n<p><\/p>\n","protected":false},"excerpt":{"rendered":"<p>Ye\u015fil Renk K\u0131v\u0131rc\u0131k Afro Bonus Peruk<\/p>\n","protected":false},"featured_media":54670,"comment_status":"open","ping_status":"closed","template":"","meta":[],"product_brand":[],"product_cat":[835,368],"product_tag":[8853,8854,8852,6235,2297,2410],"class_list":{"0":"post-54671","1":"product","2":"type-product","3":"status-publish","4":"has-post-thumbnail","6":"product_cat-parti-peruklari","7":"product_cat-sus-ve-parti-malzemeleri","8":"product_tag-afro","9":"product_tag-bonus","10":"product_tag-kivircik","11":"product_tag-peruk","12":"product_tag-renk","13":"product_tag-yesil","15":"first","16":"instock","17":"taxable","18":"shipping-taxable","19":"purchasable","20":"product-type-simple"},"_links":{"self":[{"href":"https:\/\/depodanmusteriye.com\/urunler\/wp-json\/wp\/v2\/product\/54671","targetHints":{"allow":["GET"]}}],"collection":[{"href":"https:\/\/depodanmusteriye.com\/urunler\/wp-json\/wp\/v2\/product"}],"about":[{"href":"https:\/\/depodanmusteriye.com\/urunler\/wp-json\/wp\/v2\/types\/product"}],"replies":[{"embeddable":true,"href":"https:\/\/depodanmusteriye.com\/urunler\/wp-json\/wp\/v2\/comments?post=54671"}],"version-history":[{"count":0,"href":"https:\/\/depodanmusteriye.com\/urunler\/wp-json\/wp\/v2\/product\/54671\/revisions"}],"wp:featuredmedia":[{"embeddable":true,"href":"https:\/\/depodanmusteriye.com\/urunler\/wp-json\/wp\/v2\/media\/54670"}],"wp:attachment":[{"href":"https:\/\/depodanmusteriye.com\/urunler\/wp-json\/wp\/v2\/media?parent=54671"}],"wp:term":[{"taxonomy":"product_brand","embeddable":true,"href":"https:\/\/depodanmusteriye.com\/urunler\/wp-json\/wp\/v2\/product_brand?post=54671"},{"taxonomy":"product_cat","embeddable":true,"href":"https:\/\/depodanmusteriye.com\/urunler\/wp-json\/wp\/v2\/product_cat?post=54671"},{"taxonomy":"product_tag","embeddable":true,"href":"https:\/\/depodanmusteriye.com\/urunler\/wp-json\/wp\/v2\/product_tag?post=54671"}],"curies":[{"name":"wp","href":"https:\/\/api.w.org\/{rel}","templated":true}]}}