{"id":48420,"date":"2025-12-06T06:36:00","date_gmt":"2025-12-06T06:36:00","guid":{"rendered":"https:\/\/b2b.depodanmusteriye.com\/urun\/cepli-salas-gomlek-koyu-kahve-t1010-beden-m\/"},"modified":"2025-12-06T06:36:00","modified_gmt":"2025-12-06T06:36:00","slug":"cepli-salas-gomlek-koyu-kahve-t1010-beden-m","status":"publish","type":"product","link":"https:\/\/depodanmusteriye.com\/urunler\/urun\/cepli-salas-gomlek-koyu-kahve-t1010-beden-m\/","title":{"rendered":"Cepli Sala\u015f G\u00f6mlek Koyu Kahve T1010 (Beden: M)"},"content":{"rendered":"<h4>\n<p> Cepli sala\u015f g\u00f6mlek koyu kahve t1010 (Beden: M) <\/p>\n<div>\n<p>Cepli sala\u015f g\u00f6mlek koyu kahve renk se\u00e7ene\u011fiyle \u015f\u0131kl\u0131\u011f\u0131 ve rahatl\u0131\u011f\u0131 bir arada sunuyor.<\/p>\n<p>\u0130nce dokulu ve hafif kuma\u015f\u0131 sayesinde yaz aylar\u0131nda da rahatl\u0131kla tercih edebilirsiniz.<\/p>\n<p>Omuz k\u0131s\u0131mlar\u0131ndaki detay diki\u015fler ve cepli tasar\u0131m\u0131 ile spor bir g\u00f6r\u00fcn\u00fcm kazand\u0131r\u0131r.<\/p>\n<p>\u00d6n k\u0131sm\u0131nda yer alan d\u00fc\u011fmelerle kolayca a\u00e7\u0131p kapayabilirsiniz.<\/p>\n<p>\u00c7e\u015fitli kombinlerle kolayl\u0131kla uyum sa\u011flayan cepli sala\u015f g\u00f6mlek, gard\u0131robunuzun vazge\u00e7ilmezi olmaya aday.<\/p>\n<\/div>\n<p><b>\u00dcretici Markas\u0131 : ZENGEZUR MALL<\/b><\/p>\n<p><b>\u00dcretici Kodu : ZNGZRMLL090051272645823<\/b><\/p>\n<p><b>1 ADET F\u0130YATIDIR<\/b><\/p>\n<p><b><\/p>\n<p>            Sa\u011fl\u0131k ve hijyen a\u00e7\u0131s\u0131ndan iadeye uygun olmayan \u00fcr\u00fcnlerdir. <\/b><\/p>\n<\/h4>\n<p><\/p>\n","protected":false},"excerpt":{"rendered":"<p>Cepli Sala\u015f G\u00f6mlek Koyu Kahve T1010 (Beden: M)<\/p>\n","protected":false},"featured_media":48417,"comment_status":"open","ping_status":"closed","template":"","meta":[],"product_brand":[],"product_cat":[378,425],"product_tag":[6760,8064,1633,2797,8182,8183],"class_list":{"0":"post-48420","1":"product","2":"type-product","3":"status-publish","4":"has-post-thumbnail","6":"product_cat-giyim","7":"product_cat-gomlek","8":"product_tag-cepli","9":"product_tag-gomlek","10":"product_tag-kahve","11":"product_tag-koyu","12":"product_tag-salas","13":"product_tag-t1010","15":"first","16":"instock","17":"taxable","18":"shipping-taxable","19":"purchasable","20":"product-type-simple"},"_links":{"self":[{"href":"https:\/\/depodanmusteriye.com\/urunler\/wp-json\/wp\/v2\/product\/48420","targetHints":{"allow":["GET"]}}],"collection":[{"href":"https:\/\/depodanmusteriye.com\/urunler\/wp-json\/wp\/v2\/product"}],"about":[{"href":"https:\/\/depodanmusteriye.com\/urunler\/wp-json\/wp\/v2\/types\/product"}],"replies":[{"embeddable":true,"href":"https:\/\/depodanmusteriye.com\/urunler\/wp-json\/wp\/v2\/comments?post=48420"}],"version-history":[{"count":0,"href":"https:\/\/depodanmusteriye.com\/urunler\/wp-json\/wp\/v2\/product\/48420\/revisions"}],"wp:featuredmedia":[{"embeddable":true,"href":"https:\/\/depodanmusteriye.com\/urunler\/wp-json\/wp\/v2\/media\/48417"}],"wp:attachment":[{"href":"https:\/\/depodanmusteriye.com\/urunler\/wp-json\/wp\/v2\/media?parent=48420"}],"wp:term":[{"taxonomy":"product_brand","embeddable":true,"href":"https:\/\/depodanmusteriye.com\/urunler\/wp-json\/wp\/v2\/product_brand?post=48420"},{"taxonomy":"product_cat","embeddable":true,"href":"https:\/\/depodanmusteriye.com\/urunler\/wp-json\/wp\/v2\/product_cat?post=48420"},{"taxonomy":"product_tag","embeddable":true,"href":"https:\/\/depodanmusteriye.com\/urunler\/wp-json\/wp\/v2\/product_tag?post=48420"}],"curies":[{"name":"wp","href":"https:\/\/api.w.org\/{rel}","templated":true}]}}