{"id":46965,"date":"2025-12-06T05:19:39","date_gmt":"2025-12-06T05:19:39","guid":{"rendered":"https:\/\/b2b.depodanmusteriye.com\/urun\/poplin-crop-gomlek-yesil-s3060-beden-40\/"},"modified":"2025-12-06T05:19:39","modified_gmt":"2025-12-06T05:19:39","slug":"poplin-crop-gomlek-yesil-s3060-beden-40","status":"publish","type":"product","link":"https:\/\/depodanmusteriye.com\/urunler\/urun\/poplin-crop-gomlek-yesil-s3060-beden-40\/","title":{"rendered":"Poplin Crop G\u00f6mlek Ye\u015fil S3060 (Beden: 40)"},"content":{"rendered":"<h4>\n<p> Poplin crop g\u00f6mlek ye\u015fil s3060 (Beden: 40) <\/p>\n<p>Poplin crop g\u00f6mlek ye\u015fil s3060, \u015f\u0131kl\u0131\u011f\u0131 ve rahatl\u0131\u011f\u0131 bir arada sunar. \u0130ster g\u00fcnl\u00fck kullan\u0131m i\u00e7in isterseniz \u00f6zel bir davet i\u00e7in tercih edebilece\u011finiz bu g\u00f6mlek, gard\u0131robunuzun vazge\u00e7ilmez par\u00e7alar\u0131ndan biri olmaya aday.<\/p>\n<p>\u00d6zellikleri:<\/p>\n<ul>\n<li>Yumu\u015fak ve hafif poplin kuma\u015ftan \u00fcretilmi\u015ftir.<\/li>\n<li>Kollar\u0131 k\u0131sa ve crop kesimdir.<\/li>\n<li>\u0130nce ask\u0131l\u0131 olmas\u0131yla yaz aylar\u0131nda da rahatl\u0131kla tercih edebilirsiniz.<\/li>\n<li>Ye\u015fil rengi ile yaz\u0131n enerjisini g\u00fcnl\u00fck hayat\u0131n\u0131za yans\u0131t\u0131n.<\/li>\n<li>V\u00fccudu saran kesimiyle \u015f\u0131k ve modern bir g\u00f6r\u00fcn\u00fcm sa\u011flar.<\/li>\n<\/ul>\n<p><b>\u00dcretici Markas\u0131 : ZENGEZUR MALL<\/b><\/p>\n<p><b>\u00dcretici Kodu : ZNGZRMLL090019474845228<\/b><\/p>\n<p><b>1 ADET F\u0130YATIDIR<\/b><\/p>\n<p><b><\/p>\n<p>            Sa\u011fl\u0131k ve hijyen a\u00e7\u0131s\u0131ndan iadeye uygun olmayan \u00fcr\u00fcnlerdir. <\/b><\/p>\n<\/h4>\n<p><\/p>\n","protected":false},"excerpt":{"rendered":"<p>Poplin Crop G\u00f6mlek Ye\u015fil S3060 (Beden: 40)<\/p>\n","protected":false},"featured_media":46961,"comment_status":"open","ping_status":"closed","template":"","meta":[],"product_brand":[],"product_cat":[378,425],"product_tag":[8075,8064,8266,8267,2410],"class_list":{"0":"post-46965","1":"product","2":"type-product","3":"status-publish","4":"has-post-thumbnail","6":"product_cat-giyim","7":"product_cat-gomlek","8":"product_tag-crop","9":"product_tag-gomlek","10":"product_tag-poplin","11":"product_tag-s3060","12":"product_tag-yesil","14":"first","15":"instock","16":"taxable","17":"shipping-taxable","18":"purchasable","19":"product-type-simple"},"_links":{"self":[{"href":"https:\/\/depodanmusteriye.com\/urunler\/wp-json\/wp\/v2\/product\/46965","targetHints":{"allow":["GET"]}}],"collection":[{"href":"https:\/\/depodanmusteriye.com\/urunler\/wp-json\/wp\/v2\/product"}],"about":[{"href":"https:\/\/depodanmusteriye.com\/urunler\/wp-json\/wp\/v2\/types\/product"}],"replies":[{"embeddable":true,"href":"https:\/\/depodanmusteriye.com\/urunler\/wp-json\/wp\/v2\/comments?post=46965"}],"version-history":[{"count":0,"href":"https:\/\/depodanmusteriye.com\/urunler\/wp-json\/wp\/v2\/product\/46965\/revisions"}],"wp:featuredmedia":[{"embeddable":true,"href":"https:\/\/depodanmusteriye.com\/urunler\/wp-json\/wp\/v2\/media\/46961"}],"wp:attachment":[{"href":"https:\/\/depodanmusteriye.com\/urunler\/wp-json\/wp\/v2\/media?parent=46965"}],"wp:term":[{"taxonomy":"product_brand","embeddable":true,"href":"https:\/\/depodanmusteriye.com\/urunler\/wp-json\/wp\/v2\/product_brand?post=46965"},{"taxonomy":"product_cat","embeddable":true,"href":"https:\/\/depodanmusteriye.com\/urunler\/wp-json\/wp\/v2\/product_cat?post=46965"},{"taxonomy":"product_tag","embeddable":true,"href":"https:\/\/depodanmusteriye.com\/urunler\/wp-json\/wp\/v2\/product_tag?post=46965"}],"curies":[{"name":"wp","href":"https:\/\/api.w.org\/{rel}","templated":true}]}}