{"id":45362,"date":"2025-12-06T04:09:55","date_gmt":"2025-12-06T04:09:55","guid":{"rendered":"https:\/\/b2b.depodanmusteriye.com\/urun\/sifir-kollu-baglamali-crop-gomlek-siyah-s255359-beden-m\/"},"modified":"2025-12-06T04:09:55","modified_gmt":"2025-12-06T04:09:55","slug":"sifir-kollu-baglamali-crop-gomlek-siyah-s255359-beden-m","status":"publish","type":"product","link":"https:\/\/depodanmusteriye.com\/urunler\/urun\/sifir-kollu-baglamali-crop-gomlek-siyah-s255359-beden-m\/","title":{"rendered":"S\u0131f\u0131r Kollu Ba\u011flamal\u0131 Crop G\u00f6mlek Siyah S255359 (Beden: M)"},"content":{"rendered":"<h4>\n<p> S\u0131f\u0131r kollu ba\u011flamal\u0131 crop g\u00f6mlek siyah s255359 (Beden: M) <\/p>\n<div>\n<p>Yeni trendlere uyum sa\u011flayan s\u0131f\u0131r kollu ba\u011flamal\u0131 crop g\u00f6mlek siyah s255359, gard\u0131robunuzun vazge\u00e7ilmezi olmaya aday. \u015e\u0131k tasar\u0131m\u0131 ve rahat kesimi ile \u00f6ne \u00e7\u0131kan bu g\u00f6mlek, kombinlerinizi tamamlamak i\u00e7in ideal bir se\u00e7imdir.<\/p>\n<p>\u00d6zellikleri:<\/p>\n<ul>\n<li>Renk: Siyah<\/li>\n<li>Model: Crop g\u00f6mlek<\/li>\n<li>Kol Tipi: S\u0131f\u0131r kol<\/li>\n<li>Ba\u011flama Detay\u0131: Ba\u011flamal\u0131<\/li>\n<li>\u00dcr\u00fcn Kodu: s255359<\/li>\n<\/ul>\n<p>Y\u00fcksek kaliteli kuma\u015f\u0131 sayesinde g\u00fcn boyu konfor sunan bu g\u00f6mlek, \u015f\u0131kl\u0131k ve rahatl\u0131\u011f\u0131 bir arada arayan kad\u0131nlar\u0131n favorisi olmaya aday. Farkl\u0131 alt giysilerle kolayca kombinlenebilir ve her tarza uyum sa\u011flayabilir.<\/p>\n<p>KADIN G\u0130Y\u0130M &gt; G\u00d6MLEK kategorisinde yer alan bu \u00fcr\u00fcn\u00fc hemen sepetinize ekleyerek \u015f\u0131kl\u0131\u011f\u0131 tarz\u0131n\u0131za ta\u015f\u0131y\u0131n!<\/p>\n<\/div>\n<p><b>\u00dcretici Markas\u0131 : ZENGEZUR MALL<\/b><\/p>\n<p><b>\u00dcretici Kodu : ZNGZRMLL090052850545046<\/b><\/p>\n<p><b>1 ADET F\u0130YATIDIR<\/b><\/p>\n<p><b><\/p>\n<p>            Sa\u011fl\u0131k ve hijyen a\u00e7\u0131s\u0131ndan iadeye uygun olmayan \u00fcr\u00fcnlerdir. <\/b><\/p>\n<\/h4>\n<p><\/p>\n","protected":false},"excerpt":{"rendered":"<p>S\u0131f\u0131r Kollu Ba\u011flamal\u0131 Crop G\u00f6mlek Siyah S255359 (Beden: M)<\/p>\n","protected":false},"featured_media":45356,"comment_status":"open","ping_status":"closed","template":"","meta":[],"product_brand":[],"product_cat":[378,425],"product_tag":[2049,8075,8064,1430,8220,8091,1391],"class_list":{"0":"post-45362","1":"product","2":"type-product","3":"status-publish","4":"has-post-thumbnail","6":"product_cat-giyim","7":"product_cat-gomlek","8":"product_tag-baglamali","9":"product_tag-crop","10":"product_tag-gomlek","11":"product_tag-kollu","12":"product_tag-s255359","13":"product_tag-sifir","14":"product_tag-siyah","16":"first","17":"instock","18":"taxable","19":"shipping-taxable","20":"purchasable","21":"product-type-simple"},"_links":{"self":[{"href":"https:\/\/depodanmusteriye.com\/urunler\/wp-json\/wp\/v2\/product\/45362","targetHints":{"allow":["GET"]}}],"collection":[{"href":"https:\/\/depodanmusteriye.com\/urunler\/wp-json\/wp\/v2\/product"}],"about":[{"href":"https:\/\/depodanmusteriye.com\/urunler\/wp-json\/wp\/v2\/types\/product"}],"replies":[{"embeddable":true,"href":"https:\/\/depodanmusteriye.com\/urunler\/wp-json\/wp\/v2\/comments?post=45362"}],"version-history":[{"count":0,"href":"https:\/\/depodanmusteriye.com\/urunler\/wp-json\/wp\/v2\/product\/45362\/revisions"}],"wp:featuredmedia":[{"embeddable":true,"href":"https:\/\/depodanmusteriye.com\/urunler\/wp-json\/wp\/v2\/media\/45356"}],"wp:attachment":[{"href":"https:\/\/depodanmusteriye.com\/urunler\/wp-json\/wp\/v2\/media?parent=45362"}],"wp:term":[{"taxonomy":"product_brand","embeddable":true,"href":"https:\/\/depodanmusteriye.com\/urunler\/wp-json\/wp\/v2\/product_brand?post=45362"},{"taxonomy":"product_cat","embeddable":true,"href":"https:\/\/depodanmusteriye.com\/urunler\/wp-json\/wp\/v2\/product_cat?post=45362"},{"taxonomy":"product_tag","embeddable":true,"href":"https:\/\/depodanmusteriye.com\/urunler\/wp-json\/wp\/v2\/product_tag?post=45362"}],"curies":[{"name":"wp","href":"https:\/\/api.w.org\/{rel}","templated":true}]}}