{"id":44262,"date":"2025-12-06T03:21:36","date_gmt":"2025-12-06T03:21:36","guid":{"rendered":"https:\/\/b2b.depodanmusteriye.com\/urun\/kadin-tokali-sort-etek-siyah-s25449-beden-s\/"},"modified":"2025-12-06T03:21:36","modified_gmt":"2025-12-06T03:21:36","slug":"kadin-tokali-sort-etek-siyah-s25449-beden-s","status":"publish","type":"product","link":"https:\/\/depodanmusteriye.com\/urunler\/urun\/kadin-tokali-sort-etek-siyah-s25449-beden-s\/","title":{"rendered":"Kad\u0131n Tokal\u0131 \u015eort Etek Siyah S25449 (Beden: S)"},"content":{"rendered":"<h4>\n<p> Kad\u0131n tokal\u0131 \u015fort etek siyah s25449 (Beden: S) <\/p>\n<div>\n<p>Kad\u0131n tokal\u0131 siyah \u015fort etek, \u015f\u0131kl\u0131k ve rahatl\u0131\u011f\u0131 bir arada sunar. Markas\u0131z \u00fcr\u00fcn, kaliteli kuma\u015f\u0131 ve \u015f\u0131k tasar\u0131m\u0131yla \u00f6ne \u00e7\u0131kar.<\/p>\n<ul>\n<li>Tokal\u0131 tasar\u0131m\u0131 ile farkl\u0131 bir g\u00f6r\u00fcn\u00fcm sunar.<\/li>\n<li>K\u0131sa etek formuyla yaz aylar\u0131nda tercih edilebilir.<\/li>\n<li>Esnek yap\u0131s\u0131 sayesinde hareket \u00f6zg\u00fcrl\u00fc\u011f\u00fc sa\u011flar.<\/li>\n<li>Siyah rengiyle kombin yapmas\u0131 kolayd\u0131r.<\/li>\n<li>Kad\u0131n giyim kategorisinde \u015fort se\u00e7enekleri aras\u0131nda yer al\u0131r.<\/li>\n<\/ul>\n<p>\u015e\u0131kl\u0131\u011f\u0131 ve konforu bir arada sunan bu siyah \u015fort ete\u011fi g\u00fcnl\u00fck kullan\u0131mda rahatl\u0131kla tercih edebilirsiniz.<\/p>\n<\/div>\n<p><b>\u00dcretici Markas\u0131 : ZENGEZUR MALL<\/b><\/p>\n<p><b>\u00dcretici Kodu : ZNGZRMLL090057700844851<\/b><\/p>\n<p><b>1 ADET F\u0130YATIDIR<\/b><\/p>\n<p><b><\/p>\n<p>            Sa\u011fl\u0131k ve hijyen a\u00e7\u0131s\u0131ndan iadeye uygun olmayan \u00fcr\u00fcnlerdir. <\/b><\/p>\n<\/h4>\n<p><\/p>\n","protected":false},"excerpt":{"rendered":"<p>Kad\u0131n Tokal\u0131 \u015eort Etek Siyah S25449 (Beden: S)<\/p>\n","protected":false},"featured_media":44256,"comment_status":"open","ping_status":"closed","template":"","meta":[],"product_brand":[],"product_cat":[378,407],"product_tag":[7646,1719,8184,1391,7661,7940],"class_list":{"0":"post-44262","1":"product","2":"type-product","3":"status-publish","4":"has-post-thumbnail","6":"product_cat-giyim","7":"product_cat-ort-and-bermuda","8":"product_tag-etek","9":"product_tag-kadin","10":"product_tag-s25449","11":"product_tag-siyah","12":"product_tag-sort","13":"product_tag-tokali","15":"first","16":"instock","17":"taxable","18":"shipping-taxable","19":"purchasable","20":"product-type-simple"},"_links":{"self":[{"href":"https:\/\/depodanmusteriye.com\/urunler\/wp-json\/wp\/v2\/product\/44262","targetHints":{"allow":["GET"]}}],"collection":[{"href":"https:\/\/depodanmusteriye.com\/urunler\/wp-json\/wp\/v2\/product"}],"about":[{"href":"https:\/\/depodanmusteriye.com\/urunler\/wp-json\/wp\/v2\/types\/product"}],"replies":[{"embeddable":true,"href":"https:\/\/depodanmusteriye.com\/urunler\/wp-json\/wp\/v2\/comments?post=44262"}],"version-history":[{"count":0,"href":"https:\/\/depodanmusteriye.com\/urunler\/wp-json\/wp\/v2\/product\/44262\/revisions"}],"wp:featuredmedia":[{"embeddable":true,"href":"https:\/\/depodanmusteriye.com\/urunler\/wp-json\/wp\/v2\/media\/44256"}],"wp:attachment":[{"href":"https:\/\/depodanmusteriye.com\/urunler\/wp-json\/wp\/v2\/media?parent=44262"}],"wp:term":[{"taxonomy":"product_brand","embeddable":true,"href":"https:\/\/depodanmusteriye.com\/urunler\/wp-json\/wp\/v2\/product_brand?post=44262"},{"taxonomy":"product_cat","embeddable":true,"href":"https:\/\/depodanmusteriye.com\/urunler\/wp-json\/wp\/v2\/product_cat?post=44262"},{"taxonomy":"product_tag","embeddable":true,"href":"https:\/\/depodanmusteriye.com\/urunler\/wp-json\/wp\/v2\/product_tag?post=44262"}],"curies":[{"name":"wp","href":"https:\/\/api.w.org\/{rel}","templated":true}]}}