{"id":44237,"date":"2025-12-06T03:20:49","date_gmt":"2025-12-06T03:20:49","guid":{"rendered":"https:\/\/b2b.depodanmusteriye.com\/urun\/cepli-salas-gomlek-t1010-fusya-beden-m\/"},"modified":"2025-12-06T03:20:49","modified_gmt":"2025-12-06T03:20:49","slug":"cepli-salas-gomlek-t1010-fusya-beden-m","status":"publish","type":"product","link":"https:\/\/depodanmusteriye.com\/urunler\/urun\/cepli-salas-gomlek-t1010-fusya-beden-m\/","title":{"rendered":"Cepli Sala\u015f G\u00f6mlek T1010 Fu\u015fya (Beden: M)"},"content":{"rendered":"<h4>\n<p> Cepli sala\u015f g\u00f6mlek t1010 Fu\u015fya (Beden: M) <\/p>\n<div>\n<p>CEPL\u0130 SALA\u015e G\u00d6MLEK T1010, \u015f\u0131kl\u0131k ve rahatl\u0131\u011f\u0131 bir arada sunan bir kad\u0131n giyim \u00fcr\u00fcn\u00fcd\u00fcr.<\/p>\n<p>\u00dcr\u00fcn \u00d6zellikleri:<\/p>\n<ul>\n<li>Yumu\u015fak ve hafif kuma\u015ftan \u00fcretilmi\u015ftir.<\/li>\n<li>Omuz k\u0131sm\u0131nda sala\u015f kesime sahiptir.<\/li>\n<li>G\u00f6\u011f\u00fcs k\u0131sm\u0131nda \u015f\u0131k cepler bulunmaktad\u0131r.<\/li>\n<li>Uzun kollu ve geni\u015f bir kal\u0131ba sahiptir.<\/li>\n<li>Esnek yap\u0131s\u0131yla hareket \u00f6zg\u00fcrl\u00fc\u011f\u00fc sa\u011flar.<\/li>\n<li>G\u00fcndelik \u015f\u0131kl\u0131k i\u00e7in ideal bir tercihtir.<\/li>\n<li>Farkl\u0131 renk se\u00e7enekleriyle kombinlerinize uyum sa\u011flar.<\/li>\n<\/ul>\n<p>CEPL\u0130 SALA\u015e G\u00d6MLEK T1010, gard\u0131robunuzun vazge\u00e7ilmez par\u00e7alar\u0131ndan biri olacak!<\/p>\n<\/div>\n<p><b>\u00dcretici Markas\u0131 : ZENGEZUR MALL<\/b><\/p>\n<p><b>\u00dcretici Kodu : ZNGZRMLL090027493844844<\/b><\/p>\n<p><b>1 ADET F\u0130YATIDIR<\/b><\/p>\n<p><b><\/p>\n<p>            Sa\u011fl\u0131k ve hijyen a\u00e7\u0131s\u0131ndan iadeye uygun olmayan \u00fcr\u00fcnlerdir. <\/b><\/p>\n<\/h4>\n<p><\/p>\n","protected":false},"excerpt":{"rendered":"<p>Cepli Sala\u015f G\u00f6mlek T1010 Fu\u015fya (Beden: M)<\/p>\n","protected":false},"featured_media":44229,"comment_status":"open","ping_status":"closed","template":"","meta":[],"product_brand":[],"product_cat":[378,425],"product_tag":[6760,4828,8064,8182,8183],"class_list":{"0":"post-44237","1":"product","2":"type-product","3":"status-publish","4":"has-post-thumbnail","6":"product_cat-giyim","7":"product_cat-gomlek","8":"product_tag-cepli","9":"product_tag-fusya","10":"product_tag-gomlek","11":"product_tag-salas","12":"product_tag-t1010","14":"first","15":"instock","16":"taxable","17":"shipping-taxable","18":"purchasable","19":"product-type-simple"},"_links":{"self":[{"href":"https:\/\/depodanmusteriye.com\/urunler\/wp-json\/wp\/v2\/product\/44237","targetHints":{"allow":["GET"]}}],"collection":[{"href":"https:\/\/depodanmusteriye.com\/urunler\/wp-json\/wp\/v2\/product"}],"about":[{"href":"https:\/\/depodanmusteriye.com\/urunler\/wp-json\/wp\/v2\/types\/product"}],"replies":[{"embeddable":true,"href":"https:\/\/depodanmusteriye.com\/urunler\/wp-json\/wp\/v2\/comments?post=44237"}],"version-history":[{"count":0,"href":"https:\/\/depodanmusteriye.com\/urunler\/wp-json\/wp\/v2\/product\/44237\/revisions"}],"wp:featuredmedia":[{"embeddable":true,"href":"https:\/\/depodanmusteriye.com\/urunler\/wp-json\/wp\/v2\/media\/44229"}],"wp:attachment":[{"href":"https:\/\/depodanmusteriye.com\/urunler\/wp-json\/wp\/v2\/media?parent=44237"}],"wp:term":[{"taxonomy":"product_brand","embeddable":true,"href":"https:\/\/depodanmusteriye.com\/urunler\/wp-json\/wp\/v2\/product_brand?post=44237"},{"taxonomy":"product_cat","embeddable":true,"href":"https:\/\/depodanmusteriye.com\/urunler\/wp-json\/wp\/v2\/product_cat?post=44237"},{"taxonomy":"product_tag","embeddable":true,"href":"https:\/\/depodanmusteriye.com\/urunler\/wp-json\/wp\/v2\/product_tag?post=44237"}],"curies":[{"name":"wp","href":"https:\/\/api.w.org\/{rel}","templated":true}]}}