{"id":42788,"date":"2025-12-06T02:08:05","date_gmt":"2025-12-06T02:08:05","guid":{"rendered":"https:\/\/b2b.depodanmusteriye.com\/urun\/bac-nakisli-bluz-siyah-beden-standart\/"},"modified":"2025-12-06T02:08:05","modified_gmt":"2025-12-06T02:08:05","slug":"bac-nakisli-bluz-siyah-beden-standart","status":"publish","type":"product","link":"https:\/\/depodanmusteriye.com\/urunler\/urun\/bac-nakisli-bluz-siyah-beden-standart\/","title":{"rendered":"Bac Nak\u0131\u015fl\u0131 Bluz Siyah (Beden: Standart)"},"content":{"rendered":"<h4>\n<p> Bac nak\u0131\u015fl\u0131 bluz Siyah (Beden: STANDART) <\/p>\n<div>\n<p>Bac nak\u0131\u015fl\u0131 bluz, zarif ve \u015f\u0131k bir g\u00f6r\u00fcn\u00fcm sunan Kad\u0131n Giyim koleksiyonumuzun g\u00f6zdesi.<\/p>\n<p>&#8211; Y\u00fcksek kaliteli ve nefes alabilir kuma\u015ftan \u00fcretilmi\u015ftir.<\/p>\n<p>&#8211; Bac k\u0131sm\u0131nda bulunan i\u015flemeler sayesinde etnik bir hava katmaktad\u0131r.<\/p>\n<p>&#8211; Rahat kesimi ve hafif yap\u0131s\u0131yla g\u00fcn boyu konfor sa\u011flar.<\/p>\n<p>&#8211; Klasik bluz tasar\u0131m\u0131ndan s\u0131k\u0131lanlar i\u00e7in farkl\u0131 ve \u00f6zg\u00fcn bir se\u00e7enektir.<\/p>\n<p>&#8211; Farkl\u0131 beden se\u00e7enekleriyle her v\u00fccut tipine uygun olarak tasarlanm\u0131\u015ft\u0131r.<\/p>\n<p>&#8211; G\u00fcnd\u00fcz \u015f\u0131kl\u0131\u011f\u0131ndan gece davetlerine kadar bir\u00e7ok farkl\u0131 ortamda tercih edilebilir.<\/p>\n<p>\u015e\u0131kl\u0131\u011f\u0131 ve zarafeti bir arada arayan kad\u0131nlar\u0131n vazge\u00e7ilmezi olmaya aday Bac nak\u0131\u015fl\u0131 bluz, gard\u0131robunuzun yeni favorisi olacak!<\/p>\n<\/div>\n<p><b>\u00dcretici Markas\u0131 : ZENGEZUR MALL<\/b><\/p>\n<p><b>\u00dcretici Kodu : ZNGZRMLL599039923344519<\/b><\/p>\n<p><b>1 ADET F\u0130YATIDIR<\/b><\/p>\n<p><b><\/p>\n<p>            Sa\u011fl\u0131k ve hijyen a\u00e7\u0131s\u0131ndan iadeye uygun olmayan \u00fcr\u00fcnlerdir. <\/b><\/p>\n<\/h4>\n<p><\/p>\n","protected":false},"excerpt":{"rendered":"<p>Bac Nak\u0131\u015fl\u0131 Bluz Siyah (Beden: Standart)<\/p>\n","protected":false},"featured_media":42784,"comment_status":"open","ping_status":"closed","template":"","meta":[],"product_brand":[],"product_cat":[423,378],"product_tag":[8111,8068,8092,1391],"class_list":{"0":"post-42788","1":"product","2":"type-product","3":"status-publish","4":"has-post-thumbnail","6":"product_cat-bluz","7":"product_cat-giyim","8":"product_tag-bac","9":"product_tag-bluz","10":"product_tag-nakisli","11":"product_tag-siyah","13":"first","14":"instock","15":"taxable","16":"shipping-taxable","17":"purchasable","18":"product-type-simple"},"_links":{"self":[{"href":"https:\/\/depodanmusteriye.com\/urunler\/wp-json\/wp\/v2\/product\/42788","targetHints":{"allow":["GET"]}}],"collection":[{"href":"https:\/\/depodanmusteriye.com\/urunler\/wp-json\/wp\/v2\/product"}],"about":[{"href":"https:\/\/depodanmusteriye.com\/urunler\/wp-json\/wp\/v2\/types\/product"}],"replies":[{"embeddable":true,"href":"https:\/\/depodanmusteriye.com\/urunler\/wp-json\/wp\/v2\/comments?post=42788"}],"version-history":[{"count":0,"href":"https:\/\/depodanmusteriye.com\/urunler\/wp-json\/wp\/v2\/product\/42788\/revisions"}],"wp:featuredmedia":[{"embeddable":true,"href":"https:\/\/depodanmusteriye.com\/urunler\/wp-json\/wp\/v2\/media\/42784"}],"wp:attachment":[{"href":"https:\/\/depodanmusteriye.com\/urunler\/wp-json\/wp\/v2\/media?parent=42788"}],"wp:term":[{"taxonomy":"product_brand","embeddable":true,"href":"https:\/\/depodanmusteriye.com\/urunler\/wp-json\/wp\/v2\/product_brand?post=42788"},{"taxonomy":"product_cat","embeddable":true,"href":"https:\/\/depodanmusteriye.com\/urunler\/wp-json\/wp\/v2\/product_cat?post=42788"},{"taxonomy":"product_tag","embeddable":true,"href":"https:\/\/depodanmusteriye.com\/urunler\/wp-json\/wp\/v2\/product_tag?post=42788"}],"curies":[{"name":"wp","href":"https:\/\/api.w.org\/{rel}","templated":true}]}}