{"id":42769,"date":"2025-12-06T02:07:20","date_gmt":"2025-12-06T02:07:20","guid":{"rendered":"https:\/\/b2b.depodanmusteriye.com\/urun\/biyeli-bluz-beyaz-beden-l\/"},"modified":"2025-12-06T02:07:20","modified_gmt":"2025-12-06T02:07:20","slug":"biyeli-bluz-beyaz-beden-l","status":"publish","type":"product","link":"https:\/\/depodanmusteriye.com\/urunler\/urun\/biyeli-bluz-beyaz-beden-l\/","title":{"rendered":"Biyeli Bluz Beyaz (Beden: L)"},"content":{"rendered":"<h4>\n<p> Biyeli bluz Beyaz (Beden: L) <\/p>\n<p>ZENGEZUR MALL  markas\u0131n\u0131n \u015f\u0131kl\u0131k ve rahatl\u0131\u011f\u0131 bir arada sunan biyeli bluzu, tarz\u0131n\u0131za \u015f\u0131kl\u0131k katacak.<\/p>\n<p>\u00dcr\u00fcn \u00d6zellikleri:<\/p>\n<ul>\n<li>Yumu\u015fak ve hafif kuma\u015ftan \u00fcretilmi\u015ftir.<\/li>\n<li>V yaka detay\u0131 ile feminen bir g\u00f6r\u00fcn\u00fcm sunar.<\/li>\n<li>\u0130nce biyelerle hareketlendirilmi\u015f \u015f\u0131k tasar\u0131m\u0131yla \u00f6ne \u00e7\u0131kar.<\/li>\n<li>Uzun kollu ve d\u00fcz kesimlidir.<\/li>\n<li>G\u00fcnl\u00fck kullan\u0131ma uygun \u015f\u0131k ve rahat bir se\u00e7enektir.<\/li>\n<\/ul>\n<p>Biyeli bluz, g\u00fcnl\u00fck hayatta ve \u00f6zel davetlerde tarz\u0131n\u0131z\u0131 yans\u0131tman\u0131z\u0131 sa\u011flar. ZENGEZUR MALL  kalitesiyle \u015f\u0131kl\u0131\u011f\u0131 ya\u015fay\u0131n!<\/p>\n<p><b>\u00dcretici Markas\u0131 : ZENGEZUR MALL<\/b><\/p>\n<p><b>\u00dcretici Kodu : ZNGZRMLL599025007744463<\/b><\/p>\n<p><b>1 ADET F\u0130YATIDIR<\/b><\/p>\n<p><b><\/p>\n<p>            Sa\u011fl\u0131k ve hijyen a\u00e7\u0131s\u0131ndan iadeye uygun olmayan \u00fcr\u00fcnlerdir. <\/b><\/p>\n<\/h4>\n<p><\/p>\n","protected":false},"excerpt":{"rendered":"<p>Biyeli Bluz Beyaz (Beden: L)<\/p>\n","protected":false},"featured_media":42765,"comment_status":"open","ping_status":"closed","template":"","meta":[],"product_brand":[],"product_cat":[423,378],"product_tag":[1663,8108,8068],"class_list":{"0":"post-42769","1":"product","2":"type-product","3":"status-publish","4":"has-post-thumbnail","6":"product_cat-bluz","7":"product_cat-giyim","8":"product_tag-beyaz","9":"product_tag-biyeli","10":"product_tag-bluz","12":"first","13":"instock","14":"taxable","15":"shipping-taxable","16":"purchasable","17":"product-type-simple"},"_links":{"self":[{"href":"https:\/\/depodanmusteriye.com\/urunler\/wp-json\/wp\/v2\/product\/42769","targetHints":{"allow":["GET"]}}],"collection":[{"href":"https:\/\/depodanmusteriye.com\/urunler\/wp-json\/wp\/v2\/product"}],"about":[{"href":"https:\/\/depodanmusteriye.com\/urunler\/wp-json\/wp\/v2\/types\/product"}],"replies":[{"embeddable":true,"href":"https:\/\/depodanmusteriye.com\/urunler\/wp-json\/wp\/v2\/comments?post=42769"}],"version-history":[{"count":0,"href":"https:\/\/depodanmusteriye.com\/urunler\/wp-json\/wp\/v2\/product\/42769\/revisions"}],"wp:featuredmedia":[{"embeddable":true,"href":"https:\/\/depodanmusteriye.com\/urunler\/wp-json\/wp\/v2\/media\/42765"}],"wp:attachment":[{"href":"https:\/\/depodanmusteriye.com\/urunler\/wp-json\/wp\/v2\/media?parent=42769"}],"wp:term":[{"taxonomy":"product_brand","embeddable":true,"href":"https:\/\/depodanmusteriye.com\/urunler\/wp-json\/wp\/v2\/product_brand?post=42769"},{"taxonomy":"product_cat","embeddable":true,"href":"https:\/\/depodanmusteriye.com\/urunler\/wp-json\/wp\/v2\/product_cat?post=42769"},{"taxonomy":"product_tag","embeddable":true,"href":"https:\/\/depodanmusteriye.com\/urunler\/wp-json\/wp\/v2\/product_tag?post=42769"}],"curies":[{"name":"wp","href":"https:\/\/api.w.org\/{rel}","templated":true}]}}