{"id":42562,"date":"2025-12-06T01:59:10","date_gmt":"2025-12-06T01:59:10","guid":{"rendered":"https:\/\/b2b.depodanmusteriye.com\/urun\/jogger-lastik-paca-pantolon-bej-beden-l\/"},"modified":"2025-12-06T01:59:10","modified_gmt":"2025-12-06T01:59:10","slug":"jogger-lastik-paca-pantolon-bej-beden-l","status":"publish","type":"product","link":"https:\/\/depodanmusteriye.com\/urunler\/urun\/jogger-lastik-paca-pantolon-bej-beden-l\/","title":{"rendered":"Jogger Lastik Pa\u00e7a Pantolon Bej (Beden: L)"},"content":{"rendered":"<h4>\n<p> Jogger lastik pa\u00e7a pantolon Bej (Beden: L) <\/p>\n<div>\n<p>ZENGEZUR MALL  marka jogger lastik pa\u00e7a pantolon, \u015f\u0131kl\u0131\u011f\u0131 ve rahatl\u0131\u011f\u0131 bir arada sunar. \u0130ster g\u00fcnl\u00fck kullan\u0131m i\u00e7in, ister spor aktivitelerde tercih edebilece\u011finiz pantolon, her tarza uyum sa\u011flar.<\/p>\n<p>\u00dcr\u00fcn \u00d6zellikleri:<\/p>\n<ul>\n<li>Esnek ve rahat kuma\u015ftan \u00fcretilmi\u015ftir.<\/li>\n<li>Lastikli bel detay\u0131 sayesinde ideal bir oturu\u015f sa\u011flar.<\/li>\n<li>Pa\u00e7alar\u0131nda bulunan lastik detay\u0131, pantolonu kenara \u00e7ekmeden rahat\u00e7a hareket etmenizi sa\u011flar.<\/li>\n<li>Y\u00fcksek bel kesimi ile v\u00fccudu sarar ve daha uzun bir g\u00f6r\u00fcn\u00fcm sa\u011flar.<\/li>\n<li>\u00c7e\u015fitli renk se\u00e7enekleri ile kombinlerinize kolayca uyum sa\u011flar.<\/li>\n<\/ul>\n<p>\u015e\u0131k ve modern tasar\u0131m\u0131yla g\u00f6z al\u0131c\u0131 bir g\u00f6r\u00fcn\u00fcm sunan ZENGEZUR MALL  jogger lastik pa\u00e7a pantolon, gard\u0131robunuzun vazge\u00e7ilmez par\u00e7alar\u0131ndan biri olmaya aday!<\/p>\n<\/div>\n<p><b>\u00dcretici Markas\u0131 : ZENGEZUR MALL<\/b><\/p>\n<p><b>\u00dcretici Kodu : ZNGZRMLL599092793144351<\/b><\/p>\n<p><b>1 ADET F\u0130YATIDIR<\/b><\/p>\n<p><b><\/p>\n<p>            Sa\u011fl\u0131k ve hijyen a\u00e7\u0131s\u0131ndan iadeye uygun olmayan \u00fcr\u00fcnlerdir. <\/b><\/p>\n<\/h4>\n<p><\/p>\n","protected":false},"excerpt":{"rendered":"<p>Jogger Lastik Pa\u00e7a Pantolon Bej (Beden: L)<\/p>\n","protected":false},"featured_media":42556,"comment_status":"open","ping_status":"closed","template":"","meta":[],"product_brand":[],"product_cat":[378,406],"product_tag":[2647,8099,4716,8088,8038],"class_list":{"0":"post-42562","1":"product","2":"type-product","3":"status-publish","4":"has-post-thumbnail","6":"product_cat-giyim","7":"product_cat-pantolon","8":"product_tag-bej","9":"product_tag-jogger","10":"product_tag-lastik","11":"product_tag-paca","12":"product_tag-pantolon","14":"first","15":"instock","16":"taxable","17":"shipping-taxable","18":"purchasable","19":"product-type-simple"},"_links":{"self":[{"href":"https:\/\/depodanmusteriye.com\/urunler\/wp-json\/wp\/v2\/product\/42562","targetHints":{"allow":["GET"]}}],"collection":[{"href":"https:\/\/depodanmusteriye.com\/urunler\/wp-json\/wp\/v2\/product"}],"about":[{"href":"https:\/\/depodanmusteriye.com\/urunler\/wp-json\/wp\/v2\/types\/product"}],"replies":[{"embeddable":true,"href":"https:\/\/depodanmusteriye.com\/urunler\/wp-json\/wp\/v2\/comments?post=42562"}],"version-history":[{"count":0,"href":"https:\/\/depodanmusteriye.com\/urunler\/wp-json\/wp\/v2\/product\/42562\/revisions"}],"wp:featuredmedia":[{"embeddable":true,"href":"https:\/\/depodanmusteriye.com\/urunler\/wp-json\/wp\/v2\/media\/42556"}],"wp:attachment":[{"href":"https:\/\/depodanmusteriye.com\/urunler\/wp-json\/wp\/v2\/media?parent=42562"}],"wp:term":[{"taxonomy":"product_brand","embeddable":true,"href":"https:\/\/depodanmusteriye.com\/urunler\/wp-json\/wp\/v2\/product_brand?post=42562"},{"taxonomy":"product_cat","embeddable":true,"href":"https:\/\/depodanmusteriye.com\/urunler\/wp-json\/wp\/v2\/product_cat?post=42562"},{"taxonomy":"product_tag","embeddable":true,"href":"https:\/\/depodanmusteriye.com\/urunler\/wp-json\/wp\/v2\/product_tag?post=42562"}],"curies":[{"name":"wp","href":"https:\/\/api.w.org\/{rel}","templated":true}]}}