{"id":42118,"date":"2025-12-06T01:41:17","date_gmt":"2025-12-06T01:41:17","guid":{"rendered":"https:\/\/b2b.depodanmusteriye.com\/urun\/yazlik-triko-crop-beyaz-beden-standart\/"},"modified":"2025-12-06T01:41:17","modified_gmt":"2025-12-06T01:41:17","slug":"yazlik-triko-crop-beyaz-beden-standart","status":"publish","type":"product","link":"https:\/\/depodanmusteriye.com\/urunler\/urun\/yazlik-triko-crop-beyaz-beden-standart\/","title":{"rendered":"Yazl\u0131k Triko Crop Beyaz (Beden: Standart)"},"content":{"rendered":"<h4>\n<p> Yazl\u0131k triko crop Beyaz (Beden: STANDART) <\/p>\n<p>ZENGEZUR MALL  markas\u0131n\u0131n yaz aylar\u0131nda \u015f\u0131kl\u0131\u011f\u0131 yakalaman\u0131z\u0131 sa\u011flayacak triko crop bluzlar\u0131yla tarz\u0131n\u0131z\u0131 konu\u015fturun!<\/p>\n<ul>\n<li>Y\u00fcksek kaliteli triko kuma\u015ftan \u00fcretilmi\u015ftir.<\/li>\n<li>K\u0131sa kesim tasar\u0131m\u0131yla modern bir g\u00f6r\u00fcn\u00fcm sunar.<\/li>\n<li>V\u00fccuda oturan yap\u0131s\u0131yla \u015f\u0131k ve feminen bir tarz yarat\u0131r.<\/li>\n<li>Farkl\u0131 renk se\u00e7enekleriyle kombinlerinizi tamamlar.<\/li>\n<li>G\u00fcnl\u00fck kullan\u0131ma uygun rahat ve \u015f\u0131k bir se\u00e7enektir.<\/li>\n<li>\u00dcr\u00fcn elde y\u0131kamaya uygundur.<\/li>\n<\/ul>\n<p><b>\u00dcretici Markas\u0131 : ZENGEZUR MALL<\/b><\/p>\n<p><b>\u00dcretici Kodu : ZNGZRMLL169744601043888<\/b><\/p>\n<p><b>1 ADET F\u0130YATIDIR<\/b><\/p>\n<p><b><\/p>\n<p>            Sa\u011fl\u0131k ve hijyen a\u00e7\u0131s\u0131ndan iadeye uygun olmayan \u00fcr\u00fcnlerdir. <\/b><\/p>\n<\/h4>\n<p><\/p>\n","protected":false},"excerpt":{"rendered":"<p>Yazl\u0131k Triko Crop Beyaz (Beden: Standart)<\/p>\n","protected":false},"featured_media":42112,"comment_status":"open","ping_status":"closed","template":"","meta":[],"product_brand":[],"product_cat":[423,378],"product_tag":[1663,8075,7743,5918],"class_list":{"0":"post-42118","1":"product","2":"type-product","3":"status-publish","4":"has-post-thumbnail","6":"product_cat-bluz","7":"product_cat-giyim","8":"product_tag-beyaz","9":"product_tag-crop","10":"product_tag-triko","11":"product_tag-yazlik","13":"first","14":"instock","15":"taxable","16":"shipping-taxable","17":"purchasable","18":"product-type-simple"},"_links":{"self":[{"href":"https:\/\/depodanmusteriye.com\/urunler\/wp-json\/wp\/v2\/product\/42118","targetHints":{"allow":["GET"]}}],"collection":[{"href":"https:\/\/depodanmusteriye.com\/urunler\/wp-json\/wp\/v2\/product"}],"about":[{"href":"https:\/\/depodanmusteriye.com\/urunler\/wp-json\/wp\/v2\/types\/product"}],"replies":[{"embeddable":true,"href":"https:\/\/depodanmusteriye.com\/urunler\/wp-json\/wp\/v2\/comments?post=42118"}],"version-history":[{"count":0,"href":"https:\/\/depodanmusteriye.com\/urunler\/wp-json\/wp\/v2\/product\/42118\/revisions"}],"wp:featuredmedia":[{"embeddable":true,"href":"https:\/\/depodanmusteriye.com\/urunler\/wp-json\/wp\/v2\/media\/42112"}],"wp:attachment":[{"href":"https:\/\/depodanmusteriye.com\/urunler\/wp-json\/wp\/v2\/media?parent=42118"}],"wp:term":[{"taxonomy":"product_brand","embeddable":true,"href":"https:\/\/depodanmusteriye.com\/urunler\/wp-json\/wp\/v2\/product_brand?post=42118"},{"taxonomy":"product_cat","embeddable":true,"href":"https:\/\/depodanmusteriye.com\/urunler\/wp-json\/wp\/v2\/product_cat?post=42118"},{"taxonomy":"product_tag","embeddable":true,"href":"https:\/\/depodanmusteriye.com\/urunler\/wp-json\/wp\/v2\/product_tag?post=42118"}],"curies":[{"name":"wp","href":"https:\/\/api.w.org\/{rel}","templated":true}]}}