{"id":41815,"date":"2025-12-06T01:24:35","date_gmt":"2025-12-06T01:24:35","guid":{"rendered":"https:\/\/b2b.depodanmusteriye.com\/urun\/wayi-siyah-hasir-cilt-sandalet-numara-40\/"},"modified":"2025-12-06T01:24:35","modified_gmt":"2025-12-06T01:24:35","slug":"wayi-siyah-hasir-cilt-sandalet-numara-40","status":"publish","type":"product","link":"https:\/\/depodanmusteriye.com\/urunler\/urun\/wayi-siyah-hasir-cilt-sandalet-numara-40\/","title":{"rendered":"Wayi Siyah Has\u0131r Cilt Sandalet (Numara: 40)"},"content":{"rendered":"<h4>\n<p> Wayi Siyah Has\u0131r Cilt Sandalet (Numara: 40) <\/p>\n<p>Renk : Siyah<\/p>\n<p>Detay : Arkadan Lastikli Ortepedik Sandalet<\/p>\n<p>Malzeme : Cilt<\/p>\n<p>Topuk Boyu 2 Cm<\/p>\n<p>Taban Meteryali : Poli Taban<\/p>\n<p>Kal\u0131p : Standart Ayak \u00d6l\u00e7\u00fclerine G\u00f6re TAM Kal\u0131p<\/p>\n<p><b>\u00dcretici Markas\u0131 : ZENGEZUR MALL<\/b><\/p>\n<p><b>\u00dcretici Kodu : ZNGZRMLL903526583940045963<\/b><\/p>\n<p><b>1 ADET F\u0130YATIDIR<\/b><\/p>\n<p><b><\/p>\n<p>            Sa\u011fl\u0131k ve hijyen a\u00e7\u0131s\u0131ndan iadeye uygun olmayan \u00fcr\u00fcnlerdir. <\/b><\/p>\n<\/h4>\n<p><\/p>\n","protected":false},"excerpt":{"rendered":"<p>Wayi Siyah Has\u0131r Cilt Sandalet (Numara: 40)<\/p>\n","protected":false},"featured_media":41811,"comment_status":"open","ping_status":"closed","template":"","meta":[],"product_brand":[],"product_cat":[378,395],"product_tag":[4155,4393,7736,7811,1391,8030],"class_list":{"0":"post-41815","1":"product","2":"type-product","3":"status-publish","4":"has-post-thumbnail","6":"product_cat-giyim","7":"product_cat-sandalet","8":"product_tag-cilt","9":"product_tag-hasir","10":"product_tag-numara","11":"product_tag-sandalet","12":"product_tag-siyah","13":"product_tag-wayi","15":"first","16":"instock","17":"taxable","18":"shipping-taxable","19":"purchasable","20":"product-type-simple"},"_links":{"self":[{"href":"https:\/\/depodanmusteriye.com\/urunler\/wp-json\/wp\/v2\/product\/41815","targetHints":{"allow":["GET"]}}],"collection":[{"href":"https:\/\/depodanmusteriye.com\/urunler\/wp-json\/wp\/v2\/product"}],"about":[{"href":"https:\/\/depodanmusteriye.com\/urunler\/wp-json\/wp\/v2\/types\/product"}],"replies":[{"embeddable":true,"href":"https:\/\/depodanmusteriye.com\/urunler\/wp-json\/wp\/v2\/comments?post=41815"}],"version-history":[{"count":0,"href":"https:\/\/depodanmusteriye.com\/urunler\/wp-json\/wp\/v2\/product\/41815\/revisions"}],"wp:featuredmedia":[{"embeddable":true,"href":"https:\/\/depodanmusteriye.com\/urunler\/wp-json\/wp\/v2\/media\/41811"}],"wp:attachment":[{"href":"https:\/\/depodanmusteriye.com\/urunler\/wp-json\/wp\/v2\/media?parent=41815"}],"wp:term":[{"taxonomy":"product_brand","embeddable":true,"href":"https:\/\/depodanmusteriye.com\/urunler\/wp-json\/wp\/v2\/product_brand?post=41815"},{"taxonomy":"product_cat","embeddable":true,"href":"https:\/\/depodanmusteriye.com\/urunler\/wp-json\/wp\/v2\/product_cat?post=41815"},{"taxonomy":"product_tag","embeddable":true,"href":"https:\/\/depodanmusteriye.com\/urunler\/wp-json\/wp\/v2\/product_tag?post=41815"}],"curies":[{"name":"wp","href":"https:\/\/api.w.org\/{rel}","templated":true}]}}