{"id":40334,"date":"2025-12-06T00:13:57","date_gmt":"2025-12-06T00:13:57","guid":{"rendered":"https:\/\/b2b.depodanmusteriye.com\/urun\/taver-siyah-cilt-topuklu-terlik-numara-38\/"},"modified":"2025-12-06T00:13:57","modified_gmt":"2025-12-06T00:13:57","slug":"taver-siyah-cilt-topuklu-terlik-numara-38","status":"publish","type":"product","link":"https:\/\/depodanmusteriye.com\/urunler\/urun\/taver-siyah-cilt-topuklu-terlik-numara-38\/","title":{"rendered":"Taver Siyah Cilt Topuklu Terlik (Numara: 38)"},"content":{"rendered":"<h4>\n<p> Taver Siyah Cilt Topuklu Terlik (Numara: 38) <\/p>\n<p>Renk: Siyah<\/p>\n<p>Detay: Topuklu Terlik<\/p>\n<p>Malzeme: Cilt<\/p>\n<p>Topuk Boyu: 7 cm<\/p>\n<p>Taban Materyali: Jurdan Taban<\/p>\n<p>Kal\u0131p : Standart Ayak \u00d6l\u00e7\u00fclerine G\u00f6re Tam Kal\u0131p<\/p>\n<p><b>\u00dcretici Markas\u0131 : ZENGEZUR MALL<\/b><\/p>\n<p><b>\u00dcretici Kodu : ZNGZRMLL903526534338945564<\/b><\/p>\n<p><b>1 ADET F\u0130YATIDIR<\/b><\/p>\n<p><b><\/p>\n<p>            Sa\u011fl\u0131k ve hijyen a\u00e7\u0131s\u0131ndan iadeye uygun olmayan \u00fcr\u00fcnlerdir. <\/b><\/p>\n<\/h4>\n<p><\/p>\n","protected":false},"excerpt":{"rendered":"<p>Taver Siyah Cilt Topuklu Terlik (Numara: 38)<\/p>\n","protected":false},"featured_media":40330,"comment_status":"open","ping_status":"closed","template":"","meta":[],"product_brand":[],"product_cat":[378,396],"product_tag":[4155,7736,1391,7974,7744,7738],"class_list":{"0":"post-40334","1":"product","2":"type-product","3":"status-publish","4":"has-post-thumbnail","6":"product_cat-giyim","7":"product_cat-terlik","8":"product_tag-cilt","9":"product_tag-numara","10":"product_tag-siyah","11":"product_tag-taver","12":"product_tag-terlik","13":"product_tag-topuklu","15":"first","16":"instock","17":"taxable","18":"shipping-taxable","19":"purchasable","20":"product-type-simple"},"_links":{"self":[{"href":"https:\/\/depodanmusteriye.com\/urunler\/wp-json\/wp\/v2\/product\/40334","targetHints":{"allow":["GET"]}}],"collection":[{"href":"https:\/\/depodanmusteriye.com\/urunler\/wp-json\/wp\/v2\/product"}],"about":[{"href":"https:\/\/depodanmusteriye.com\/urunler\/wp-json\/wp\/v2\/types\/product"}],"replies":[{"embeddable":true,"href":"https:\/\/depodanmusteriye.com\/urunler\/wp-json\/wp\/v2\/comments?post=40334"}],"version-history":[{"count":0,"href":"https:\/\/depodanmusteriye.com\/urunler\/wp-json\/wp\/v2\/product\/40334\/revisions"}],"wp:featuredmedia":[{"embeddable":true,"href":"https:\/\/depodanmusteriye.com\/urunler\/wp-json\/wp\/v2\/media\/40330"}],"wp:attachment":[{"href":"https:\/\/depodanmusteriye.com\/urunler\/wp-json\/wp\/v2\/media?parent=40334"}],"wp:term":[{"taxonomy":"product_brand","embeddable":true,"href":"https:\/\/depodanmusteriye.com\/urunler\/wp-json\/wp\/v2\/product_brand?post=40334"},{"taxonomy":"product_cat","embeddable":true,"href":"https:\/\/depodanmusteriye.com\/urunler\/wp-json\/wp\/v2\/product_cat?post=40334"},{"taxonomy":"product_tag","embeddable":true,"href":"https:\/\/depodanmusteriye.com\/urunler\/wp-json\/wp\/v2\/product_tag?post=40334"}],"curies":[{"name":"wp","href":"https:\/\/api.w.org\/{rel}","templated":true}]}}