{"id":40049,"date":"2025-12-06T00:02:15","date_gmt":"2025-12-06T00:02:15","guid":{"rendered":"https:\/\/b2b.depodanmusteriye.com\/urun\/sief-beyaz-rugan-topuklu-terlik-numara-37\/"},"modified":"2025-12-06T00:02:15","modified_gmt":"2025-12-06T00:02:15","slug":"sief-beyaz-rugan-topuklu-terlik-numara-37","status":"publish","type":"product","link":"https:\/\/depodanmusteriye.com\/urunler\/urun\/sief-beyaz-rugan-topuklu-terlik-numara-37\/","title":{"rendered":"Sief Beyaz Rugan Topuklu Terlik (Numara: 37)"},"content":{"rendered":"<h4>\n<p> Sief Beyaz Rugan Topuklu Terlik (Numara: 37) <\/p>\n<p>Renk: Beyaz<\/p>\n<p>Detay: Topuklu Terlik<\/p>\n<p>Malzeme: Rugan<\/p>\n<p>Topuk Boyu:\u00a07 cm<\/p>\n<p>Taban Materyali: Jurdan Taban<\/p>\n<p>Kal\u0131p : Standart Ayak \u00d6l\u00e7\u00fclerine G\u00f6re Tam Kal\u0131p<\/p>\n<p><b>\u00dcretici Markas\u0131 : ZENGEZUR MALL<\/b><\/p>\n<p><b>\u00dcretici Kodu : ZNGZRMLL903526530537045508<\/b><\/p>\n<p><b>1 ADET F\u0130YATIDIR<\/b><\/p>\n<p><b><\/p>\n<p>            Sa\u011fl\u0131k ve hijyen a\u00e7\u0131s\u0131ndan iadeye uygun olmayan \u00fcr\u00fcnlerdir. <\/b><\/p>\n<\/h4>\n<p><\/p>\n","protected":false},"excerpt":{"rendered":"<p>Sief Beyaz Rugan Topuklu Terlik (Numara: 37)<\/p>\n","protected":false},"featured_media":40047,"comment_status":"open","ping_status":"closed","template":"","meta":[],"product_brand":[],"product_cat":[378,396],"product_tag":[1663,7736,7748,7953,7744,7738],"class_list":{"0":"post-40049","1":"product","2":"type-product","3":"status-publish","4":"has-post-thumbnail","6":"product_cat-giyim","7":"product_cat-terlik","8":"product_tag-beyaz","9":"product_tag-numara","10":"product_tag-rugan","11":"product_tag-sief","12":"product_tag-terlik","13":"product_tag-topuklu","15":"first","16":"instock","17":"taxable","18":"shipping-taxable","19":"purchasable","20":"product-type-simple"},"_links":{"self":[{"href":"https:\/\/depodanmusteriye.com\/urunler\/wp-json\/wp\/v2\/product\/40049","targetHints":{"allow":["GET"]}}],"collection":[{"href":"https:\/\/depodanmusteriye.com\/urunler\/wp-json\/wp\/v2\/product"}],"about":[{"href":"https:\/\/depodanmusteriye.com\/urunler\/wp-json\/wp\/v2\/types\/product"}],"replies":[{"embeddable":true,"href":"https:\/\/depodanmusteriye.com\/urunler\/wp-json\/wp\/v2\/comments?post=40049"}],"version-history":[{"count":0,"href":"https:\/\/depodanmusteriye.com\/urunler\/wp-json\/wp\/v2\/product\/40049\/revisions"}],"wp:featuredmedia":[{"embeddable":true,"href":"https:\/\/depodanmusteriye.com\/urunler\/wp-json\/wp\/v2\/media\/40047"}],"wp:attachment":[{"href":"https:\/\/depodanmusteriye.com\/urunler\/wp-json\/wp\/v2\/media?parent=40049"}],"wp:term":[{"taxonomy":"product_brand","embeddable":true,"href":"https:\/\/depodanmusteriye.com\/urunler\/wp-json\/wp\/v2\/product_brand?post=40049"},{"taxonomy":"product_cat","embeddable":true,"href":"https:\/\/depodanmusteriye.com\/urunler\/wp-json\/wp\/v2\/product_cat?post=40049"},{"taxonomy":"product_tag","embeddable":true,"href":"https:\/\/depodanmusteriye.com\/urunler\/wp-json\/wp\/v2\/product_tag?post=40049"}],"curies":[{"name":"wp","href":"https:\/\/api.w.org\/{rel}","templated":true}]}}