{"id":31719,"date":"2025-12-05T18:24:30","date_gmt":"2025-12-05T18:24:30","guid":{"rendered":"https:\/\/b2b.depodanmusteriye.com\/urun\/kadin-siyah-kelebek-detayli-fantezi-jartiyer-2122-2\/"},"modified":"2025-12-05T18:24:30","modified_gmt":"2025-12-05T18:24:30","slug":"kadin-siyah-kelebek-detayli-fantezi-jartiyer-2122-2","status":"publish","type":"product","link":"https:\/\/depodanmusteriye.com\/urunler\/urun\/kadin-siyah-kelebek-detayli-fantezi-jartiyer-2122-2\/","title":{"rendered":"Kad\u0131n Siyah Kelebek Detayl\u0131 Fantezi Jartiyer  2122"},"content":{"rendered":"<h4>\n<p>Kad\u0131n Siyah Kelebek Detayl\u0131 Fantezi Jartiyer  2122<\/p>\n<p> Siyah dantel detayl\u0131 gecelik tak\u0131m\u0131, klasik ve feminen bir g\u00f6r\u00fcn\u00fcm sunar. Hafif ve yumu\u015fak yap\u0131s\u0131yla konforlu kullan\u0131m sa\u011flar. <\/p>\n<p><b>1 adet fiyat\u0131d\u0131r<\/b> <\/p>\n<p><p><b>\u00dcretici Markas\u0131 :  R RUSEL\u0130N<\/b><\/p>\n<p><b>\u00dcretici Kodu : 8690000001620<\/b><\/p>\n<p><b>1 ADET F\u0130YATIDIR<\/b><\/p>\n<p><b><\/p>\n<p>            Sa\u011fl\u0131k ve hijyen a\u00e7\u0131s\u0131ndan iadeye uygun olmayan \u00fcr\u00fcnlerdir. <\/b><\/p>\n<\/h4>\n<p><\/p>\n","protected":false},"excerpt":{"rendered":"<p>Kad\u0131n Siyah Kelebek Detayl\u0131 Fantezi Jartiyer  2122<\/p>\n","protected":false},"featured_media":31717,"comment_status":"open","ping_status":"closed","template":"","meta":[],"product_brand":[],"product_cat":[773,378],"product_tag":[7664,7629,3053,3051,1719,1612,1391],"class_list":{"0":"post-31719","1":"product","2":"type-product","3":"status-publish","4":"has-post-thumbnail","6":"product_cat-fantezi-jartiyer","7":"product_cat-giyim","8":"product_tag-7664","9":"product_tag-detayli","10":"product_tag-fantezi","11":"product_tag-jartiyer","12":"product_tag-kadin","13":"product_tag-kelebek","14":"product_tag-siyah","16":"first","17":"instock","18":"taxable","19":"shipping-taxable","20":"purchasable","21":"product-type-simple"},"_links":{"self":[{"href":"https:\/\/depodanmusteriye.com\/urunler\/wp-json\/wp\/v2\/product\/31719","targetHints":{"allow":["GET"]}}],"collection":[{"href":"https:\/\/depodanmusteriye.com\/urunler\/wp-json\/wp\/v2\/product"}],"about":[{"href":"https:\/\/depodanmusteriye.com\/urunler\/wp-json\/wp\/v2\/types\/product"}],"replies":[{"embeddable":true,"href":"https:\/\/depodanmusteriye.com\/urunler\/wp-json\/wp\/v2\/comments?post=31719"}],"version-history":[{"count":0,"href":"https:\/\/depodanmusteriye.com\/urunler\/wp-json\/wp\/v2\/product\/31719\/revisions"}],"wp:featuredmedia":[{"embeddable":true,"href":"https:\/\/depodanmusteriye.com\/urunler\/wp-json\/wp\/v2\/media\/31717"}],"wp:attachment":[{"href":"https:\/\/depodanmusteriye.com\/urunler\/wp-json\/wp\/v2\/media?parent=31719"}],"wp:term":[{"taxonomy":"product_brand","embeddable":true,"href":"https:\/\/depodanmusteriye.com\/urunler\/wp-json\/wp\/v2\/product_brand?post=31719"},{"taxonomy":"product_cat","embeddable":true,"href":"https:\/\/depodanmusteriye.com\/urunler\/wp-json\/wp\/v2\/product_cat?post=31719"},{"taxonomy":"product_tag","embeddable":true,"href":"https:\/\/depodanmusteriye.com\/urunler\/wp-json\/wp\/v2\/product_tag?post=31719"}],"curies":[{"name":"wp","href":"https:\/\/api.w.org\/{rel}","templated":true}]}}