{"id":30425,"date":"2025-12-05T17:36:59","date_gmt":"2025-12-05T17:36:59","guid":{"rendered":"https:\/\/b2b.depodanmusteriye.com\/urun\/petrol-yesili-penye-pijama-takimi-1633-beden-xl\/"},"modified":"2025-12-05T17:36:59","modified_gmt":"2025-12-05T17:36:59","slug":"petrol-yesili-penye-pijama-takimi-1633-beden-xl","status":"publish","type":"product","link":"https:\/\/depodanmusteriye.com\/urunler\/urun\/petrol-yesili-penye-pijama-takimi-1633-beden-xl\/","title":{"rendered":"Petrol Ye\u015fili Penye Pijama Tak\u0131m\u0131 &#8211; 1633 &#8211; Beden XL"},"content":{"rendered":"<h4><\/p>\n<h4> <b>1 ADET F\u0130YATIDIR<\/b> <\/h4>\n<p>Sistina 1633 Penye \u00c7eyizlik Pijama Tak\u0131m<\/p>\n<p>\u00fcst\u00fcn kalitede \u00fcretilmi\u015ftir. Azo testinden ge\u00e7ip kanserojen madde i\u00e7ermemektedir. Esnek kuma\u015f\u0131 sayesinde v\u00fccut hatlar\u0131n\u0131z\u0131 daha belirgin g\u00f6sterecektir.<br \/>\nKuma\u015f t\u00fcr\u00fc : %90 Penye % 10 Likra<br \/>\n\u00dcr\u00fcn i\u00e7eri\u011fi : Pijama Tak\u0131m<br \/>\nRenk : Pudra<br \/>\nS-M<br \/>\nL<br \/>\nXL bedenlere olmaktad\u0131r<\/p>\n<p style='font-size: 24px'>\u0130\u00c7 G\u0130Y\u0130M \u00dcR\u00dcNLER\u0130NDE , H\u0130JYEN DOLAYISIYLA \u0130ADE VE DE\u011e\u0130\u015e\u0130M YOKTUR<\/p>\n<p><p><b>\u00dcretici Markas\u0131 : S\u0130ST\u0130NA<\/b><\/p>\n<p><b>\u00dcretici Kodu : 1633CEYIZPPIJAMAXL<\/b><\/p>\n<p><b>1 ADET F\u0130YATIDIR<\/b><\/p>\n<p><b><\/p>\n<p>            Sa\u011fl\u0131k ve hijyen a\u00e7\u0131s\u0131ndan iadeye uygun olmayan \u00fcr\u00fcnlerdir. <\/b><\/p>\n<\/h4>\n<p><\/p>\n","protected":false},"excerpt":{"rendered":"<p>Petrol Ye\u015fili Penye Pijama Tak\u0131m\u0131 &#8211; 1633 &#8211; Beden XL<\/p>\n","protected":false},"featured_media":30424,"comment_status":"open","ping_status":"closed","template":"","meta":[],"product_brand":[],"product_cat":[378,418],"product_tag":[7516,1718,3057,7494,1731,1732,4724,1743],"class_list":{"0":"post-30425","1":"product","2":"type-product","3":"status-publish","4":"has-post-thumbnail","6":"product_cat-giyim","7":"product_cat-pijama-takimi","8":"product_tag-7516","9":"product_tag-beden","10":"product_tag-penye","11":"product_tag-petrol","12":"product_tag-pijama","13":"product_tag-takimi","14":"product_tag-xl","15":"product_tag-yesili","17":"first","18":"instock","19":"taxable","20":"shipping-taxable","21":"purchasable","22":"product-type-simple"},"_links":{"self":[{"href":"https:\/\/depodanmusteriye.com\/urunler\/wp-json\/wp\/v2\/product\/30425","targetHints":{"allow":["GET"]}}],"collection":[{"href":"https:\/\/depodanmusteriye.com\/urunler\/wp-json\/wp\/v2\/product"}],"about":[{"href":"https:\/\/depodanmusteriye.com\/urunler\/wp-json\/wp\/v2\/types\/product"}],"replies":[{"embeddable":true,"href":"https:\/\/depodanmusteriye.com\/urunler\/wp-json\/wp\/v2\/comments?post=30425"}],"version-history":[{"count":0,"href":"https:\/\/depodanmusteriye.com\/urunler\/wp-json\/wp\/v2\/product\/30425\/revisions"}],"wp:featuredmedia":[{"embeddable":true,"href":"https:\/\/depodanmusteriye.com\/urunler\/wp-json\/wp\/v2\/media\/30424"}],"wp:attachment":[{"href":"https:\/\/depodanmusteriye.com\/urunler\/wp-json\/wp\/v2\/media?parent=30425"}],"wp:term":[{"taxonomy":"product_brand","embeddable":true,"href":"https:\/\/depodanmusteriye.com\/urunler\/wp-json\/wp\/v2\/product_brand?post=30425"},{"taxonomy":"product_cat","embeddable":true,"href":"https:\/\/depodanmusteriye.com\/urunler\/wp-json\/wp\/v2\/product_cat?post=30425"},{"taxonomy":"product_tag","embeddable":true,"href":"https:\/\/depodanmusteriye.com\/urunler\/wp-json\/wp\/v2\/product_tag?post=30425"}],"curies":[{"name":"wp","href":"https:\/\/api.w.org\/{rel}","templated":true}]}}