{"id":29973,"date":"2025-12-05T17:26:38","date_gmt":"2025-12-05T17:26:38","guid":{"rendered":"https:\/\/b2b.depodanmusteriye.com\/urun\/bordo-saten-dantelli-babydoll-sortlu-takim-288-beden-s-m\/"},"modified":"2025-12-05T17:26:38","modified_gmt":"2025-12-05T17:26:38","slug":"bordo-saten-dantelli-babydoll-sortlu-takim-288-beden-s-m","status":"publish","type":"product","link":"https:\/\/depodanmusteriye.com\/urunler\/urun\/bordo-saten-dantelli-babydoll-sortlu-takim-288-beden-s-m\/","title":{"rendered":"Bordo Saten Dantelli Babydoll \u015eortlu Tak\u0131m &#8211; 288 &#8211; Beden S\/M"},"content":{"rendered":"<h4><\/p>\n<h4> <b>1 ADET F\u0130YATIDIR<\/b> <\/h4>\n<p>Sistina 288 Saten Bordo Baybydoll Tak\u0131m<br \/>\n\u00dcst\u00fcn Kalitede Kuma\u015flardan \u00fcretilmi\u015ftir.<br \/>\n\u00d6zel Paketinde G\u00f6nderilmektedir.<\/p>\n<p>Kuma\u015f t\u00fcr\u00fc : %30 Saten %70 \u015eifon<br \/>\n\u00dcr\u00fcn i\u00e7eri\u011fi : Atlet + \u015eort<\/p>\n<p>S\/M &#8211; (36-38)<br \/>\nL-XL &#8211; (40-42)<br \/>\nBedenlere olmaktad\u0131r.<\/p>\n<p style='font-size: 24px'>\u0130\u00c7 G\u0130Y\u0130M \u00dcR\u00dcNLER\u0130NDE , H\u0130JYEN DOLAYISIYLA \u0130ADE VE DE\u011e\u0130\u015e\u0130M YOKTUR<\/p>\n<p><p><b>\u00dcretici Markas\u0131 : S\u0130ST\u0130NA<\/b><\/p>\n<p><b>\u00dcretici Kodu : 288BABYDOLLTAKIMSM<\/b><\/p>\n<p><b>1 ADET F\u0130YATIDIR<\/b><\/p>\n<p><b><\/p>\n<p>            Sa\u011fl\u0131k ve hijyen a\u00e7\u0131s\u0131ndan iadeye uygun olmayan \u00fcr\u00fcnlerdir. <\/b><\/p>\n<\/h4>\n<p><\/p>\n","protected":false},"excerpt":{"rendered":"<p>Bordo Saten Dantelli Babydoll \u015eortlu Tak\u0131m &#8211; 288 &#8211; Beden S\/M<\/p>\n","protected":false},"featured_media":29971,"comment_status":"open","ping_status":"closed","template":"","meta":[],"product_brand":[],"product_cat":[770,378],"product_tag":[7472,1739,1718,2507,3035,1735,1738,1740,1155],"class_list":{"0":"post-29973","1":"product","2":"type-product","3":"status-publish","4":"has-post-thumbnail","6":"product_cat-fantezi-babydoll","7":"product_cat-giyim","8":"product_tag-7472","9":"product_tag-babydoll","10":"product_tag-beden","11":"product_tag-bordo","12":"product_tag-dantelli","13":"product_tag-s-m","14":"product_tag-saten","15":"product_tag-sortlu","16":"product_tag-takim","18":"first","19":"instock","20":"taxable","21":"shipping-taxable","22":"purchasable","23":"product-type-simple"},"_links":{"self":[{"href":"https:\/\/depodanmusteriye.com\/urunler\/wp-json\/wp\/v2\/product\/29973","targetHints":{"allow":["GET"]}}],"collection":[{"href":"https:\/\/depodanmusteriye.com\/urunler\/wp-json\/wp\/v2\/product"}],"about":[{"href":"https:\/\/depodanmusteriye.com\/urunler\/wp-json\/wp\/v2\/types\/product"}],"replies":[{"embeddable":true,"href":"https:\/\/depodanmusteriye.com\/urunler\/wp-json\/wp\/v2\/comments?post=29973"}],"version-history":[{"count":0,"href":"https:\/\/depodanmusteriye.com\/urunler\/wp-json\/wp\/v2\/product\/29973\/revisions"}],"wp:featuredmedia":[{"embeddable":true,"href":"https:\/\/depodanmusteriye.com\/urunler\/wp-json\/wp\/v2\/media\/29971"}],"wp:attachment":[{"href":"https:\/\/depodanmusteriye.com\/urunler\/wp-json\/wp\/v2\/media?parent=29973"}],"wp:term":[{"taxonomy":"product_brand","embeddable":true,"href":"https:\/\/depodanmusteriye.com\/urunler\/wp-json\/wp\/v2\/product_brand?post=29973"},{"taxonomy":"product_cat","embeddable":true,"href":"https:\/\/depodanmusteriye.com\/urunler\/wp-json\/wp\/v2\/product_cat?post=29973"},{"taxonomy":"product_tag","embeddable":true,"href":"https:\/\/depodanmusteriye.com\/urunler\/wp-json\/wp\/v2\/product_tag?post=29973"}],"curies":[{"name":"wp","href":"https:\/\/api.w.org\/{rel}","templated":true}]}}