{"id":27865,"date":"2025-12-05T12:43:28","date_gmt":"2025-12-05T12:43:28","guid":{"rendered":"https:\/\/b2b.depodanmusteriye.com\/urun\/beeztees-dbl-kopek-gogus-tasmasi-velur-gri-xs-20mm-x-46cm\/"},"modified":"2025-12-05T12:43:28","modified_gmt":"2025-12-05T12:43:28","slug":"beeztees-dbl-kopek-gogus-tasmasi-velur-gri-xs-20mm-x-46cm","status":"publish","type":"product","link":"https:\/\/depodanmusteriye.com\/urunler\/urun\/beeztees-dbl-kopek-gogus-tasmasi-velur-gri-xs-20mm-x-46cm\/","title":{"rendered":"Beeztees DBL K\u00f6pek G\u00f6\u011f\u00fcs Tasmas\u0131, Velur, Gri, XS, 20mm x 46cm"},"content":{"rendered":"<h4>Beeztees DBL K\u00f6pek G\u00f6\u011f\u00fcs Tasmas\u0131, Velur, Gri, XS, 20mm x 46cm <\/p>\n<p>K\u00f6pe\u011finiz tasma ile y\u00fcr\u00fcmeyi sever mi? O zaman bu yeni Tasarlanm\u0131\u015f Lotte K\u00f6pek Tasmas\u0131 ger\u00e7ekten m\u00fckemmel. Tasman\u0131n \u00e7ok rahat olmas\u0131n\u0131n yan\u0131 s\u0131ra, k\u00f6pe\u011finiz de en son trendleri takip edecek. Tasma, k\u00f6pek tasmas\u0131n\u0131 \u00e7ekti\u011finde tasman\u0131n s\u0131k\u0131la\u015fmas\u0131n\u0131 sa\u011flayan bir sistem i\u00e7erir. Bu tasma, k\u00f6pek tasmay\u0131 \u00e7ekmedi\u011finde bas\u0131nc\u0131n ne kadar d\u00fc\u015ft\u00fc\u011f\u00fcn\u00fc \u00f6nceden ayarlama olana\u011f\u0131 sunar. Bu, k\u00f6pek gev\u015fek tasma ile y\u00fcr\u00fcrken daha fazla konfor sa\u011flar. Bu kadife tasmalar harikulade yumu\u015fakt\u0131r ve k\u00f6pek tasmas\u0131n\u0131 kolayca takabilirsiniz. Tasmalar farkl\u0131 boyutlarda mevcut oldu\u011fu i\u00e7in, k\u00f6pe\u011finiz i\u00e7in her zaman uygun bir boyut vard\u0131r. &#8211; Lotte taraf\u0131ndan kullan\u0131lan kadife renkleriyle m\u00fckemmel uyum sa\u011flar &#8211; Takmas\u0131 kolay &#8211; 3 renk ve 5 boyutta (XXS, XS, S, M, L) mevcuttur \u00d6l\u00e7\u00fcler: &#8211; XXS: boyut 36 cm &#8211; XS: boyut 46 cm &#8211; S: boyut 52 cm &#8211; M: boyut 58 cm &#8211; L: boyut 62 cm <\/p>\n<p><b>1 adet fiyat\u0131d\u0131r<\/b> <\/p>\n<p><p><b>\u00dcretici Markas\u0131 : BEEZTEES<\/b><\/p>\n<p><b>\u00dcretici Kodu : 8712695185048<\/b><\/p>\n<p><b>1 ADET F\u0130YATIDIR<\/b><\/p>\n<\/h4>\n<p><\/p>\n","protected":false},"excerpt":{"rendered":"<p>Beeztees DBL K\u00f6pek G\u00f6\u011f\u00fcs Tasmas\u0131, Velur, Gri, XS, 20mm x 46cm<\/p>\n","protected":false},"featured_media":27864,"comment_status":"open","ping_status":"closed","template":"","meta":[],"product_brand":[],"product_cat":[543,370],"product_tag":[3158,1905,1681,1682,2915,1684,1491,1803,6720,1595,2495],"class_list":{"0":"post-27865","1":"product","2":"type-product","3":"status-publish","4":"has-post-thumbnail","6":"product_cat-kopek-tasmasi","7":"product_cat-pet-shop","8":"product_tag-20mm","9":"product_tag-46cm","10":"product_tag-beeztees","11":"product_tag-dbl","12":"product_tag-gogus","13":"product_tag-gri","14":"product_tag-kopek","15":"product_tag-tasmasi","16":"product_tag-velur","17":"product_tag-x","18":"product_tag-xs","20":"first","21":"instock","22":"taxable","23":"shipping-taxable","24":"purchasable","25":"product-type-simple"},"_links":{"self":[{"href":"https:\/\/depodanmusteriye.com\/urunler\/wp-json\/wp\/v2\/product\/27865","targetHints":{"allow":["GET"]}}],"collection":[{"href":"https:\/\/depodanmusteriye.com\/urunler\/wp-json\/wp\/v2\/product"}],"about":[{"href":"https:\/\/depodanmusteriye.com\/urunler\/wp-json\/wp\/v2\/types\/product"}],"replies":[{"embeddable":true,"href":"https:\/\/depodanmusteriye.com\/urunler\/wp-json\/wp\/v2\/comments?post=27865"}],"version-history":[{"count":0,"href":"https:\/\/depodanmusteriye.com\/urunler\/wp-json\/wp\/v2\/product\/27865\/revisions"}],"wp:featuredmedia":[{"embeddable":true,"href":"https:\/\/depodanmusteriye.com\/urunler\/wp-json\/wp\/v2\/media\/27864"}],"wp:attachment":[{"href":"https:\/\/depodanmusteriye.com\/urunler\/wp-json\/wp\/v2\/media?parent=27865"}],"wp:term":[{"taxonomy":"product_brand","embeddable":true,"href":"https:\/\/depodanmusteriye.com\/urunler\/wp-json\/wp\/v2\/product_brand?post=27865"},{"taxonomy":"product_cat","embeddable":true,"href":"https:\/\/depodanmusteriye.com\/urunler\/wp-json\/wp\/v2\/product_cat?post=27865"},{"taxonomy":"product_tag","embeddable":true,"href":"https:\/\/depodanmusteriye.com\/urunler\/wp-json\/wp\/v2\/product_tag?post=27865"}],"curies":[{"name":"wp","href":"https:\/\/api.w.org\/{rel}","templated":true}]}}