{"id":23141,"date":"2025-12-05T10:24:22","date_gmt":"2025-12-05T10:24:22","guid":{"rendered":"https:\/\/b2b.depodanmusteriye.com\/urun\/advance-cat-sterilized-turkey-wet-pouch-12x85gr\/"},"modified":"2025-12-05T10:24:22","modified_gmt":"2025-12-05T10:24:22","slug":"advance-cat-sterilized-turkey-wet-pouch-12x85gr","status":"publish","type":"product","link":"https:\/\/depodanmusteriye.com\/urunler\/urun\/advance-cat-sterilized-turkey-wet-pouch-12x85gr\/","title":{"rendered":"Advance Cat Ster\u0131l\u0131zed Turkey Wet Pouch 12x85gr"},"content":{"rendered":"<h4>\n<p><strong>223-964529<\/strong><\/p>\n<p>Kedinizi k\u0131s\u0131rla\u015ft\u0131rd\u0131\u011f\u0131n\u0131zda, ihtiya\u00e7lar\u0131na g\u00f6re uyarlanm\u0131\u015f \u00f6zel bir \u00fcr\u00fcnle beslenmesine \u00f6zen g\u00f6stermek, kedinizin ideal v\u00fccut kondisyonunu korumas\u0131na yard\u0131mc\u0131 olmak i\u00e7in \u00e7ok \u00f6nemlidir.<\/p>\n<p>ADVANCE Wet Sterilized, yeti\u015fkin k\u0131s\u0131rla\u015ft\u0131r\u0131lm\u0131\u015f kedilerin ihtiya\u00e7lar\u0131n\u0131 kar\u015f\u0131lamak \u00fczere \u00f6zel olarak form\u00fcle edilmi\u015f tam ve dengeli bir ya\u015f mamad\u0131r. Form\u00fcl\u00fc, kedinizin kilosunun kontrol alt\u0131nda tutulmas\u0131na ve kas k\u00fctlesinin korunmas\u0131na katk\u0131da bulunmak amac\u0131yla beslenme uzmanlar\u0131 taraf\u0131ndan geli\u015ftirilmi\u015ftir.<\/p>\n<p>ADVANCE ya\u015f mamalar, buharda pi\u015firilmi\u015f y\u00fcksek kaliteli malzemelerle yap\u0131l\u0131r ve kedinizin s\u0131v\u0131 al\u0131m\u0131na katk\u0131da bulunan sos i\u00e7erisinde lezzetli par\u00e7alar halinde sunulur. Daha fazla lezzet ve \u00e7e\u015fitlilik i\u00e7in bunu kedinizin g\u00fcnl\u00fck kuru mamalar\u0131yla birle\u015ftirebilirsiniz veya %100 tam ve dengeli \u00f6zel bir ya\u015f mamayla besleyebilirsiniz.<\/p>\n<p>ADVANCE Wet Sterilized, 1 ya\u015f\u0131ndan itibaren k\u0131s\u0131rla\u015ft\u0131r\u0131lm\u0131\u015f kediler i\u00e7in \u00f6zel olarak tavsiye edilir.<\/p>\n<p>K\u0131s\u0131rla\u015ft\u0131r\u0131lm\u0131\u015f yeti\u015fkin kediler i\u00e7in geli\u015ftirilmi\u015f tam kedi mamas\u0131d\u0131r. <strong>\u0130\u00c7\u0130NDEK\u0130LER: <\/strong>Et ve hayvansal t\u00fcrevler (%4 hindi dahil), bal\u0131k ve bal\u0131k t\u00fcrevleri, bitkisel k\u00f6kenli t\u00fcrevler, mineraller, \u00e7e\u015fitli \u015fekerler, meyveler <strong>ANAL\u0130T\u0130K B\u0130LE\u015eENLER: <\/strong>Ham Protein %9,5; Ham Ya\u011f %3; Ham lif&nbsp; %0,8; Ham k\u00fcl %2; Nem&nbsp; %82,5. <strong>KATKI MADDELER\u0130 \/ kg; Besin katk\u0131 maddeleri; <\/strong>E Vitamini&nbsp; 31 mg; \u0130yot&nbsp; 0,16 mg; Bak\u0131r&nbsp; 0,3 mg; Manganez&nbsp; 1,85 mg; \u00c7inko&nbsp; 15,6 mg; Taurin&nbsp; 226 mg. <strong>Kullan\u0131m \u015fekli ve G\u00fcnl\u00fck beslenme miktarlar\u0131: <\/strong>L\u00fctfen paket \u00fczerindeki tabloyu inceleyiniz. Serin ve kuru bir yerde saklay\u0131n\u0131z. Oda s\u0131cakl\u0131\u011f\u0131nda servis ediniz. A\u00e7t\u0131ktan sonra 2 g\u00fcn boyunca buzdolab\u0131nda saklanabilir. Belirtilen s\u00fcre ve g\u00fcnl\u00fck beslenme miktarlar\u0131 hayvan\u0131n ya\u015f, etkinlik d\u00fczeyi, cins, fiziksel durum ve \u00e7evresel ko\u015fullar\u0131 g\u00f6z \u00f6n\u00fcnde bulundurularak belirlenmelidir. Maman\u0131n yan\u0131nda her zaman temiz ve taze su bulundurulmal\u0131d\u0131r.<\/p>\n<p><b>8 adet fiyat\u0131d\u0131r<\/b> <\/p>\n<p><p><b>\u00dcretici Markas\u0131 : ADVANCE<\/b><\/p>\n<p><b>\u00dcretici Kodu : 226964529<\/b><\/p>\n<p><b>12 ADET F\u0130YATIDIR<\/b><\/p>\n<\/h4>\n<p><\/p>\n","protected":false},"excerpt":{"rendered":"<p>Advance Cat Ster\u0131l\u0131zed Turkey Wet Pouch 12x85gr<\/p>\n","protected":false},"featured_media":23140,"comment_status":"open","ping_status":"closed","template":"","meta":[],"product_brand":[],"product_cat":[508,370],"product_tag":[6233,1702,1703,5044,3020,4611,5491],"class_list":{"0":"post-23141","1":"product","2":"type-product","3":"status-publish","4":"has-post-thumbnail","6":"product_cat-kedi-konserve-mamasi","7":"product_cat-pet-shop","8":"product_tag-12x85gr","9":"product_tag-advance","10":"product_tag-cat","11":"product_tag-pouch","12":"product_tag-sterilized","13":"product_tag-turkey","14":"product_tag-wet","16":"first","17":"instock","18":"taxable","19":"shipping-taxable","20":"purchasable","21":"product-type-simple"},"_links":{"self":[{"href":"https:\/\/depodanmusteriye.com\/urunler\/wp-json\/wp\/v2\/product\/23141","targetHints":{"allow":["GET"]}}],"collection":[{"href":"https:\/\/depodanmusteriye.com\/urunler\/wp-json\/wp\/v2\/product"}],"about":[{"href":"https:\/\/depodanmusteriye.com\/urunler\/wp-json\/wp\/v2\/types\/product"}],"replies":[{"embeddable":true,"href":"https:\/\/depodanmusteriye.com\/urunler\/wp-json\/wp\/v2\/comments?post=23141"}],"version-history":[{"count":0,"href":"https:\/\/depodanmusteriye.com\/urunler\/wp-json\/wp\/v2\/product\/23141\/revisions"}],"wp:featuredmedia":[{"embeddable":true,"href":"https:\/\/depodanmusteriye.com\/urunler\/wp-json\/wp\/v2\/media\/23140"}],"wp:attachment":[{"href":"https:\/\/depodanmusteriye.com\/urunler\/wp-json\/wp\/v2\/media?parent=23141"}],"wp:term":[{"taxonomy":"product_brand","embeddable":true,"href":"https:\/\/depodanmusteriye.com\/urunler\/wp-json\/wp\/v2\/product_brand?post=23141"},{"taxonomy":"product_cat","embeddable":true,"href":"https:\/\/depodanmusteriye.com\/urunler\/wp-json\/wp\/v2\/product_cat?post=23141"},{"taxonomy":"product_tag","embeddable":true,"href":"https:\/\/depodanmusteriye.com\/urunler\/wp-json\/wp\/v2\/product_tag?post=23141"}],"curies":[{"name":"wp","href":"https:\/\/api.w.org\/{rel}","templated":true}]}}