{"id":23078,"date":"2025-12-05T10:22:22","date_gmt":"2025-12-05T10:22:22","guid":{"rendered":"https:\/\/b2b.depodanmusteriye.com\/urun\/wahl-0-4-mm-trimmer-bicagi\/"},"modified":"2025-12-05T10:22:22","modified_gmt":"2025-12-05T10:22:22","slug":"wahl-0-4-mm-trimmer-bicagi","status":"publish","type":"product","link":"https:\/\/depodanmusteriye.com\/urunler\/urun\/wahl-0-4-mm-trimmer-bicagi\/","title":{"rendered":"Wahl 0.4 Mm Trimmer B\u0131\u00e7a\u011f\u0131"},"content":{"rendered":"<h4>\n<p><b>1 adet fiyat\u0131d\u0131r<\/b> <\/p>\n<p><p><b>\u00dcretici Markas\u0131 : WAHL<\/b><\/p>\n<p><b>\u00dcretici Kodu : 14115847240ASD<\/b><\/p>\n<p><b>1 ADET F\u0130YATIDIR<\/b><\/p>\n<\/h4>\n<p><\/p>\n","protected":false},"excerpt":{"rendered":"<p>Wahl 0.4 Mm Trimmer B\u0131\u00e7a\u011f\u0131<\/p>\n","protected":false},"featured_media":23077,"comment_status":"open","ping_status":"closed","template":"","meta":[],"product_brand":[],"product_cat":[370,403],"product_tag":[6215,2440,2098,6216,1796],"class_list":{"0":"post-23078","1":"product","2":"type-product","3":"status-publish","4":"has-post-thumbnail","6":"product_cat-pet-shop","7":"product_cat-tiras-makinesi","8":"product_tag-0-4","9":"product_tag-bicagi","10":"product_tag-mm","11":"product_tag-trimmer","12":"product_tag-wahl","14":"first","15":"instock","16":"taxable","17":"shipping-taxable","18":"purchasable","19":"product-type-simple"},"_links":{"self":[{"href":"https:\/\/depodanmusteriye.com\/urunler\/wp-json\/wp\/v2\/product\/23078","targetHints":{"allow":["GET"]}}],"collection":[{"href":"https:\/\/depodanmusteriye.com\/urunler\/wp-json\/wp\/v2\/product"}],"about":[{"href":"https:\/\/depodanmusteriye.com\/urunler\/wp-json\/wp\/v2\/types\/product"}],"replies":[{"embeddable":true,"href":"https:\/\/depodanmusteriye.com\/urunler\/wp-json\/wp\/v2\/comments?post=23078"}],"version-history":[{"count":0,"href":"https:\/\/depodanmusteriye.com\/urunler\/wp-json\/wp\/v2\/product\/23078\/revisions"}],"wp:featuredmedia":[{"embeddable":true,"href":"https:\/\/depodanmusteriye.com\/urunler\/wp-json\/wp\/v2\/media\/23077"}],"wp:attachment":[{"href":"https:\/\/depodanmusteriye.com\/urunler\/wp-json\/wp\/v2\/media?parent=23078"}],"wp:term":[{"taxonomy":"product_brand","embeddable":true,"href":"https:\/\/depodanmusteriye.com\/urunler\/wp-json\/wp\/v2\/product_brand?post=23078"},{"taxonomy":"product_cat","embeddable":true,"href":"https:\/\/depodanmusteriye.com\/urunler\/wp-json\/wp\/v2\/product_cat?post=23078"},{"taxonomy":"product_tag","embeddable":true,"href":"https:\/\/depodanmusteriye.com\/urunler\/wp-json\/wp\/v2\/product_tag?post=23078"}],"curies":[{"name":"wp","href":"https:\/\/api.w.org\/{rel}","templated":true}]}}