{"id":22988,"date":"2025-12-05T10:19:23","date_gmt":"2025-12-05T10:19:23","guid":{"rendered":"https:\/\/b2b.depodanmusteriye.com\/urun\/wahl-motiva-makine\/"},"modified":"2025-12-05T10:19:23","modified_gmt":"2025-12-05T10:19:23","slug":"wahl-motiva-makine","status":"publish","type":"product","link":"https:\/\/depodanmusteriye.com\/urunler\/urun\/wahl-motiva-makine\/","title":{"rendered":"Wahl Motiva Makine"},"content":{"rendered":"<h4>\n<ul>\n<li><span style=\"font-size:18px\">Ele rahat\u00e7a oturan bu makine ile patilerin alt k\u0131s\u0131mlar\u0131n\u0131 kesmek veya genital b\u00f6lgeleri temizlemek \u00e7ok daha kolay.<\/span><\/li>\n<li><span style=\"font-size:18px\">Otomatik h\u0131z kontroll\u00fc, g\u00fc\u00e7l\u00fc, d\u00fc\u015f\u00fck titre\u015fili DC motor sayesinde kesme performans\u0131 her katta tutarl\u0131.<\/span><\/li>\n<li><span style=\"font-size:18px\">\u0130nce ve ergonomik \u015fekli sayesinde makine yorulmadan \u00e7al\u0131\u015fman\u0131za olanak sa\u011flar.<\/span><\/li>\n<li><span style=\"font-size:18px\">Cocker Spaniels ve Westies gibi k\u0131smi k\u0131rpma i\u015fleri i\u00e7in idealdir.<\/span><\/li>\n<li><span style=\"font-size:18px\">120 dakikaya kadar \u00e7al\u0131\u015fan lityum-iyon pilin \u015farj durumu, ak\u0131ll\u0131 LED pil durumu sayesinde her an sorgulanablir.<\/span><\/li>\n<li><span style=\"font-size:18px\">Wahl Motiva 80 dakika i\u00e7inde ta olarak \u015farj olur ve bu arada \u015fim\u015fek h\u0131z\u0131nda da a\u00e7\u0131labilir.<\/span><\/li>\n<li><span style=\"font-size:18px\">0,7 &#8211; 3 mm aras\u0131nda y\u00fckseklik ayar\u0131 yap\u0131labilir ve kaba di\u015flidir. \u0130stenilen kesim uzunlu\u011funa g\u00f6re kayar taraklardan biriyl de \u00e7al\u0131\u015fabilirsiniz. \u00c7abuk de\u011fi\u015ftirilen b\u0131\u00e7ak sistemi ve Easy Clean i\u015flevi de rahat temizlik sa\u011flar.<\/span><\/li>\n<\/ul>\n<p><b>1 adet fiyat\u0131d\u0131r<\/b> <\/p>\n<p><p><b>\u00dcretici Markas\u0131 : WAHL<\/b><\/p>\n<p><b>\u00dcretici Kodu : 14118770471<\/b><\/p>\n<p><b>1 ADET F\u0130YATIDIR<\/b><\/p>\n<\/h4>\n<p><\/p>\n","protected":false},"excerpt":{"rendered":"<p>Wahl Motiva Makine<\/p>\n","protected":false},"featured_media":22986,"comment_status":"open","ping_status":"closed","template":"","meta":[],"product_brand":[],"product_cat":[370,403],"product_tag":[3494,6184,1796],"class_list":{"0":"post-22988","1":"product","2":"type-product","3":"status-publish","4":"has-post-thumbnail","6":"product_cat-pet-shop","7":"product_cat-tiras-makinesi","8":"product_tag-makine","9":"product_tag-motiva","10":"product_tag-wahl","12":"first","13":"instock","14":"taxable","15":"shipping-taxable","16":"purchasable","17":"product-type-simple"},"_links":{"self":[{"href":"https:\/\/depodanmusteriye.com\/urunler\/wp-json\/wp\/v2\/product\/22988","targetHints":{"allow":["GET"]}}],"collection":[{"href":"https:\/\/depodanmusteriye.com\/urunler\/wp-json\/wp\/v2\/product"}],"about":[{"href":"https:\/\/depodanmusteriye.com\/urunler\/wp-json\/wp\/v2\/types\/product"}],"replies":[{"embeddable":true,"href":"https:\/\/depodanmusteriye.com\/urunler\/wp-json\/wp\/v2\/comments?post=22988"}],"version-history":[{"count":0,"href":"https:\/\/depodanmusteriye.com\/urunler\/wp-json\/wp\/v2\/product\/22988\/revisions"}],"wp:featuredmedia":[{"embeddable":true,"href":"https:\/\/depodanmusteriye.com\/urunler\/wp-json\/wp\/v2\/media\/22986"}],"wp:attachment":[{"href":"https:\/\/depodanmusteriye.com\/urunler\/wp-json\/wp\/v2\/media?parent=22988"}],"wp:term":[{"taxonomy":"product_brand","embeddable":true,"href":"https:\/\/depodanmusteriye.com\/urunler\/wp-json\/wp\/v2\/product_brand?post=22988"},{"taxonomy":"product_cat","embeddable":true,"href":"https:\/\/depodanmusteriye.com\/urunler\/wp-json\/wp\/v2\/product_cat?post=22988"},{"taxonomy":"product_tag","embeddable":true,"href":"https:\/\/depodanmusteriye.com\/urunler\/wp-json\/wp\/v2\/product_tag?post=22988"}],"curies":[{"name":"wp","href":"https:\/\/api.w.org\/{rel}","templated":true}]}}