{"id":221681,"date":"2025-12-27T12:15:07","date_gmt":"2025-12-27T12:15:07","guid":{"rendered":"https:\/\/b2b.depodanmusteriye.com\/urun\/and-you-hamamelis-toner-hamamelis-tonik-200-ml\/"},"modified":"2025-12-27T12:15:07","modified_gmt":"2025-12-27T12:15:07","slug":"and-you-hamamelis-toner-hamamelis-tonik-200-ml","status":"publish","type":"product","link":"https:\/\/depodanmusteriye.com\/urunler\/urun\/and-you-hamamelis-toner-hamamelis-tonik-200-ml\/","title":{"rendered":"And You HAMAMELIS TONER &#8211; Hamamelis Tonik 200 ml"},"content":{"rendered":"<h4>\n<p>And You HAMAMELIS TONER &#8211; Hamamelis Tonik 200 ml<\/p>\n<p><strong>\u00dcR\u00dcN A\u00c7IKLAMASI<\/strong><\/p>\n<p><\/p>\n<p><strong>Cilt temizleyici:\u00a0<\/strong>Kuru ve hassas ciltler i\u00e7in geli\u015ftirilen ekstra nazik ar\u0131nd\u0131r\u0131c\u0131 tonik. Ya\u011f ve kiri cildinizden nazik\u00e7e ar\u0131nd\u0131r\u0131r. \u0130\u00e7eri\u011findeki panthenol, bitkisel ekstraktlar susuz kalm\u0131\u015f ciltleri nemlendirmeye yard\u0131mc\u0131 olur. Hamamelis (Cad\u0131 F\u0131nd\u0131\u011f\u0131) Ekstrakt\u0131 canland\u0131r\u0131c\u0131 etkisi ile cildi ve g\u00f6zenekleri s\u0131k\u0131la\u015ft\u0131r\u0131r.<\/p>\n<p><\/p>\n<p><strong>Kullan\u0131m Bilgisi:<\/strong> Sabah ve ak\u015fam, y\u00fcz temizli\u011finden sonra tonik ile pamu\u011fu \u0131slat\u0131n. Y\u00fcz\u00fcn\u00fcze ve boynunuza nazik\u00e7e uygulay\u0131n.<\/p>\n<p><\/p>\n<p><strong>Uyar\u0131lar:<\/strong> Haricen kullan\u0131l\u0131r. \u00c7ocuklar\u0131n ula\u015famayaca\u011f\u0131 yerde ve oda s\u0131cakl\u0131\u011f\u0131nda muhafaza ediniz. G\u00f6zler ve hassas b\u00f6lgelerden uzak tutunuz. G\u00f6zle temas\u0131 halinde bol su ile y\u0131kay\u0131n\u0131z. G\u00fcne\u015f \u0131\u015f\u0131\u011f\u0131 ve \u0131s\u0131dan uzakta tutunuz.\u00a0 Kullanmadan \u00f6nce bile\u011finizin i\u00e7 k\u0131sm\u0131nda test ediniz, 10-15 dk. bekledikten sonra herhangi bir alerjik reaksiyon olmamas\u0131 halinde y\u00fcz\u00fcn\u00fcze uygulay\u0131n\u0131z.<\/p>\n<p><\/p>\n<p><strong>Ingredients \/ \u0130\u00e7indekiler:<\/strong><br \/><span> Aqua, Lavandula Angustifolia Flower Water, Glycerin, Niacinamide, Faex, Aesculus Hippocastanum (Horse Chestnut) Seed Extract, Hamamelis Virginiana Leaf Extract, Passiflora Edulis Fruit Extract, Anthemis Nobilis Flower Extract,Ammonium Glycyrrhizate, Propylene Glycol, Zinc Pca, Caffeine, Biotin, Glycolic Acid, Allantoin, Panthenol, Lavandula Angustifolia (Lavender) Oil, Sodium Benzoate, Potassium Sorbate, Phenoxyethanol, Ethylhexylglycerin<\/span><\/p>\n<p><b>\u00dcretici Markas\u0131 : AND YOU<\/b><\/p>\n<p><b>\u00dcretici Kodu : AndYou22<\/b><\/p>\n<p><b>1 ADET F\u0130YATIDIR<\/b><\/p>\n<\/h4>\n","protected":false},"excerpt":{"rendered":"<p>And You HAMAMELIS TONER &#8211; Hamamelis Tonik 200 ml<\/p>\n","protected":false},"featured_media":221680,"comment_status":"open","ping_status":"closed","template":"","meta":[],"product_brand":[],"product_cat":[17459,17501],"product_tag":[1580,6570,17703,1581,17574,17576,2392],"class_list":{"0":"post-221681","1":"product","2":"type-product","3":"status-publish","4":"has-post-thumbnail","6":"product_cat-kozmetik","7":"product_cat-tonik","8":"product_tag-1580","9":"product_tag-and","10":"product_tag-hamamelis","11":"product_tag-ml","12":"product_tag-toner","13":"product_tag-tonik","14":"product_tag-you","16":"first","17":"instock","18":"taxable","19":"shipping-taxable","20":"purchasable","21":"product-type-simple"},"_links":{"self":[{"href":"https:\/\/depodanmusteriye.com\/urunler\/wp-json\/wp\/v2\/product\/221681","targetHints":{"allow":["GET"]}}],"collection":[{"href":"https:\/\/depodanmusteriye.com\/urunler\/wp-json\/wp\/v2\/product"}],"about":[{"href":"https:\/\/depodanmusteriye.com\/urunler\/wp-json\/wp\/v2\/types\/product"}],"replies":[{"embeddable":true,"href":"https:\/\/depodanmusteriye.com\/urunler\/wp-json\/wp\/v2\/comments?post=221681"}],"version-history":[{"count":0,"href":"https:\/\/depodanmusteriye.com\/urunler\/wp-json\/wp\/v2\/product\/221681\/revisions"}],"wp:featuredmedia":[{"embeddable":true,"href":"https:\/\/depodanmusteriye.com\/urunler\/wp-json\/wp\/v2\/media\/221680"}],"wp:attachment":[{"href":"https:\/\/depodanmusteriye.com\/urunler\/wp-json\/wp\/v2\/media?parent=221681"}],"wp:term":[{"taxonomy":"product_brand","embeddable":true,"href":"https:\/\/depodanmusteriye.com\/urunler\/wp-json\/wp\/v2\/product_brand?post=221681"},{"taxonomy":"product_cat","embeddable":true,"href":"https:\/\/depodanmusteriye.com\/urunler\/wp-json\/wp\/v2\/product_cat?post=221681"},{"taxonomy":"product_tag","embeddable":true,"href":"https:\/\/depodanmusteriye.com\/urunler\/wp-json\/wp\/v2\/product_tag?post=221681"}],"curies":[{"name":"wp","href":"https:\/\/api.w.org\/{rel}","templated":true}]}}