{"id":221489,"date":"2025-12-27T11:58:50","date_gmt":"2025-12-27T11:58:50","guid":{"rendered":"https:\/\/b2b.depodanmusteriye.com\/urun\/and-you-facial-cleansing-foam-yuz-temizleyici-kopuk-150-ml\/"},"modified":"2025-12-27T11:58:50","modified_gmt":"2025-12-27T11:58:50","slug":"and-you-facial-cleansing-foam-yuz-temizleyici-kopuk-150-ml","status":"publish","type":"product","link":"https:\/\/depodanmusteriye.com\/urunler\/urun\/and-you-facial-cleansing-foam-yuz-temizleyici-kopuk-150-ml\/","title":{"rendered":"And You Facial Cleansing Foam &#8211; Y\u00fcz Temizleyici K\u00f6p\u00fck  150 ml"},"content":{"rendered":"<h4>\n<p>And You Facial Cleansing Foam &#8211; Y\u00fcz Temizleyici K\u00f6p\u00fck \u00a0150 ml<\/p>\n<p><strong>\u00dcR\u00dcN A\u00c7IKLAMASI<\/strong><\/p>\n<p><\/p>\n<p>Yumu\u015fak k\u00f6p\u00fck form\u00fcl\u00fc ile cildi ve makyaj\u0131 etkili bir \u015fekilde temizlemeyi desteklerken g\u00f6zeneklerin s\u0131k\u0131la\u015fmas\u0131na yard\u0131mc\u0131 olur.\u00a0<br \/>\u0130\u00e7eri\u011findeki Panthenol, Niacinamide (Vitamin B5, B3 ) \u00a0ve g\u00fc\u00e7l\u00fc bir antioksidan olan Aloe Vera ile cildinizi nemlendirir, cilt bariyerini destekler. Daha mat ve canl\u0131 bir g\u00f6r\u00fcn\u00fcme kavu\u015fmas\u0131na yard\u0131mc\u0131 olur.<\/p>\n<p><\/p>\n<p><strong>Kullan\u0131m Bilgisi:\u00a0<\/strong>Her sabah ve ak\u015fam d\u00fczenlik olarak, \u0131slak cilde 2-3 pompa k\u00f6p\u00fc\u011f\u00fc f\u0131r\u00e7a ba\u015fl\u0131\u011f\u0131 arac\u0131l\u0131\u011f\u0131 ile cildinize uygulay\u0131n\u0131z. Bol su ile durulay\u0131n\u0131z.<\/p>\n<p><\/p>\n<p><strong>Uyar\u0131lar:\u00a0<\/strong>Haricen kullan\u0131l\u0131r. \u00c7ocuklar\u0131n ula\u015famayaca\u011f\u0131 yerde ve oda s\u0131cakl\u0131\u011f\u0131nda muhafaza ediniz. G\u00f6zler ve hassas b\u00f6lgelerden uzak tutunuz.\u00a0<br \/>G\u00f6zle temas\u0131 halinde bol su ile y\u0131kay\u0131n\u0131z. Kullanmadan \u00f6nce bile\u011finizin i\u00e7 k\u0131sm\u0131nda test ediniz, 10-15 dk. bekledikten sonra herhangi bir alerjik reaksiyon olmamas\u0131 halinde y\u00fcz\u00fcn\u00fcze uygulay\u0131n\u0131z.<\/p>\n<p><\/p>\n<p><strong>Ingredients \/ \u0130\u00e7indekiler:\u00a0<\/strong>Aqua, Cocamidopropyl Betaine, Disodium 2-Sulfolaurate, Coco-Glucoside, Aloe Barbadensis Leaf Extract,\u00a0<br \/>Phenoxyethanol, Glycerin,Trehalose, Urea, Serine, Pentylene Glycol, Glyceryl Polyacrylate, Algin,Caprylyl Glycol, Sodium Hyaluronate, Niacinamide, Faex, Aesculus Hippocastanum (Horse Chestnut) Seed Extract, Ammonium Glycyrrhizate, Panthenol, Propylene Glycol, Parfum, Zinc Gluconate, Caffeine, Biotin, Pullulan, Disodium Phosphate, Potassium Phosphate, Potassium Sorbate, Ethylhexylglycerin.<\/p>\n<p><b>\u00dcretici Markas\u0131 : AND YOU<\/b><\/p>\n<p><b>\u00dcretici Kodu : AndYouFacialCleansngFoam<\/b><\/p>\n<p><b>1 ADET F\u0130YATIDIR<\/b><\/p>\n<\/h4>\n","protected":false},"excerpt":{"rendered":"<p>And You Facial Cleansing Foam &#8211; Y\u00fcz Temizleyici K\u00f6p\u00fck  150 ml<\/p>\n","protected":false},"featured_media":221488,"comment_status":"open","ping_status":"closed","template":"","meta":[],"product_brand":[],"product_cat":[17553,17459],"product_tag":[4546,6570,17627,17626,5447,5306,1581,2887,2392,2081],"class_list":{"0":"post-221489","1":"product","2":"type-product","3":"status-publish","4":"has-post-thumbnail","6":"product_cat-kati-sabun-kozmetik","7":"product_cat-kozmetik","8":"product_tag-4546","9":"product_tag-and","10":"product_tag-cleansing","11":"product_tag-facial","12":"product_tag-foam","13":"product_tag-kopuk","14":"product_tag-ml","15":"product_tag-temizleyici","16":"product_tag-you","17":"product_tag-yuz","19":"first","20":"instock","21":"taxable","22":"shipping-taxable","23":"purchasable","24":"product-type-simple"},"_links":{"self":[{"href":"https:\/\/depodanmusteriye.com\/urunler\/wp-json\/wp\/v2\/product\/221489","targetHints":{"allow":["GET"]}}],"collection":[{"href":"https:\/\/depodanmusteriye.com\/urunler\/wp-json\/wp\/v2\/product"}],"about":[{"href":"https:\/\/depodanmusteriye.com\/urunler\/wp-json\/wp\/v2\/types\/product"}],"replies":[{"embeddable":true,"href":"https:\/\/depodanmusteriye.com\/urunler\/wp-json\/wp\/v2\/comments?post=221489"}],"version-history":[{"count":0,"href":"https:\/\/depodanmusteriye.com\/urunler\/wp-json\/wp\/v2\/product\/221489\/revisions"}],"wp:featuredmedia":[{"embeddable":true,"href":"https:\/\/depodanmusteriye.com\/urunler\/wp-json\/wp\/v2\/media\/221488"}],"wp:attachment":[{"href":"https:\/\/depodanmusteriye.com\/urunler\/wp-json\/wp\/v2\/media?parent=221489"}],"wp:term":[{"taxonomy":"product_brand","embeddable":true,"href":"https:\/\/depodanmusteriye.com\/urunler\/wp-json\/wp\/v2\/product_brand?post=221489"},{"taxonomy":"product_cat","embeddable":true,"href":"https:\/\/depodanmusteriye.com\/urunler\/wp-json\/wp\/v2\/product_cat?post=221489"},{"taxonomy":"product_tag","embeddable":true,"href":"https:\/\/depodanmusteriye.com\/urunler\/wp-json\/wp\/v2\/product_tag?post=221489"}],"curies":[{"name":"wp","href":"https:\/\/api.w.org\/{rel}","templated":true}]}}