{"id":219918,"date":"2025-12-23T07:04:20","date_gmt":"2025-12-23T07:04:20","guid":{"rendered":"https:\/\/b2b.depodanmusteriye.com\/urun\/ayna-kapagi-sag-transit-custom\/"},"modified":"2025-12-23T07:04:20","modified_gmt":"2025-12-23T07:04:20","slug":"ayna-kapagi-sag-transit-custom","status":"publish","type":"product","link":"https:\/\/depodanmusteriye.com\/urunler\/urun\/ayna-kapagi-sag-transit-custom\/","title":{"rendered":"AYNA KAPA\u011eI SA\u011e TRANSIT CUSTOM"},"content":{"rendered":"<h4>AYNA KAPA\u011eI SA\u011e TRANSIT CUSTOM<\/p>\n<p><b>\u00dcretici Markas\u0131 : YTT<\/b><\/p>\n<p><b>\u00dcretici Kodu : 42431<\/b><\/p>\n<p><b>1 ADET F\u0130YATIDIR<\/b><\/p>\n<\/h4>\n<p><\/p>\n","protected":false},"excerpt":{"rendered":"<p>AYNA KAPA\u011eI SA\u011e TRANSIT CUSTOM<\/p>\n","protected":false},"featured_media":219917,"comment_status":"open","ping_status":"closed","template":"","meta":[],"product_brand":[],"product_cat":[882,372],"product_tag":[1311,9708,1383,360,2712],"class_list":{"0":"post-219918","1":"product","2":"type-product","3":"status-publish","4":"has-post-thumbnail","6":"product_cat-oto-yan-ayna","7":"product_cat-otomotiv","8":"product_tag-ayna","9":"product_tag-custom","10":"product_tag-kapagi","11":"product_tag-sag","12":"product_tag-transit","14":"first","15":"instock","16":"taxable","17":"shipping-taxable","18":"purchasable","19":"product-type-simple"},"_links":{"self":[{"href":"https:\/\/depodanmusteriye.com\/urunler\/wp-json\/wp\/v2\/product\/219918","targetHints":{"allow":["GET"]}}],"collection":[{"href":"https:\/\/depodanmusteriye.com\/urunler\/wp-json\/wp\/v2\/product"}],"about":[{"href":"https:\/\/depodanmusteriye.com\/urunler\/wp-json\/wp\/v2\/types\/product"}],"replies":[{"embeddable":true,"href":"https:\/\/depodanmusteriye.com\/urunler\/wp-json\/wp\/v2\/comments?post=219918"}],"version-history":[{"count":0,"href":"https:\/\/depodanmusteriye.com\/urunler\/wp-json\/wp\/v2\/product\/219918\/revisions"}],"wp:featuredmedia":[{"embeddable":true,"href":"https:\/\/depodanmusteriye.com\/urunler\/wp-json\/wp\/v2\/media\/219917"}],"wp:attachment":[{"href":"https:\/\/depodanmusteriye.com\/urunler\/wp-json\/wp\/v2\/media?parent=219918"}],"wp:term":[{"taxonomy":"product_brand","embeddable":true,"href":"https:\/\/depodanmusteriye.com\/urunler\/wp-json\/wp\/v2\/product_brand?post=219918"},{"taxonomy":"product_cat","embeddable":true,"href":"https:\/\/depodanmusteriye.com\/urunler\/wp-json\/wp\/v2\/product_cat?post=219918"},{"taxonomy":"product_tag","embeddable":true,"href":"https:\/\/depodanmusteriye.com\/urunler\/wp-json\/wp\/v2\/product_tag?post=219918"}],"curies":[{"name":"wp","href":"https:\/\/api.w.org\/{rel}","templated":true}]}}