{"id":217493,"date":"2025-12-22T22:38:12","date_gmt":"2025-12-22T22:38:12","guid":{"rendered":"https:\/\/b2b.depodanmusteriye.com\/urun\/hava-filtresi-206-307-hdi-c3-hdi-fiesta-1-4-t-01-04\/"},"modified":"2025-12-22T22:38:12","modified_gmt":"2025-12-22T22:38:12","slug":"hava-filtresi-206-307-hdi-c3-hdi-fiesta-1-4-t-01-04","status":"publish","type":"product","link":"https:\/\/depodanmusteriye.com\/urunler\/urun\/hava-filtresi-206-307-hdi-c3-hdi-fiesta-1-4-t-01-04\/","title":{"rendered":"HAVA F\u0130LTRES\u0130 (206-307 HDI &#8211; C3 HDI &#8211; F\u0130ESTA 1.4 T) 01&#8211;04"},"content":{"rendered":"<h4><\/p>\n<h4> <b>1 ADET F\u0130YATIDIR<\/b> <\/h4>\n<p>HAVA F\u0130LTRES\u0130 (206-307 HDI &#8211; C3 HDI &#8211; F\u0130ESTA 1.4 T) 01&#8211;04<\/p>\n<p><b>\u00dcretici Markas\u0131 : SARDES<\/b><\/p>\n<p><b>\u00dcretici Kodu : SA374<\/b><\/p>\n<p><b>1 ADET F\u0130YATIDIR<\/b><\/p>\n<\/h4>\n<p><\/p>\n<table id='carPropertiesTable' width='100%' border='1' cellspacing='0' cellpadding='0'>\n<tr>\n<th><strong>OEM<\/strong><\/th>\n<td>SU00100653<\/td>\n<td>MA5635<\/td>\n<td>J1323051<\/td>\n<\/tr>\n<tr>\n<td colspan='4'>&nbsp;<\/td>\n<\/tr>\n<tr>\n<th><strong>MODEL<\/strong><\/th>\n<th><strong>YIL<\/strong><\/th>\n<th><strong>YAKIT<\/strong><\/th>\n<th><strong>MOTOR HACM\u0130<\/strong><\/th>\n<\/tr>\n<tr>\n<td><strong>&nbsp;FIAT &#8211; MAREA Weekend&nbsp;<\/strong><\/td>\n<td>&nbsp;2000 &#8211; 2002&nbsp;<\/td>\n<td>&nbsp;Benzin&nbsp;<\/td>\n<td>&nbsp;1.6&nbsp;<\/td>\n<\/tr>\n<tr>\n<td><strong>&nbsp;FORD &#8211; FIESTA V&nbsp;<\/strong><\/td>\n<td>&nbsp;2001 &#8211; 2008&nbsp;<\/td>\n<td>&nbsp;Dizel&nbsp;<\/td>\n<td>&nbsp;1.4 TDCi&nbsp;<\/td>\n<\/tr>\n<tr>\n<td><strong>&nbsp;FORD &#8211; FIESTA V Van&nbsp;<\/strong><\/td>\n<td>&nbsp;2003 &#8211; 2010&nbsp;<\/td>\n<td>&nbsp;Dizel&nbsp;<\/td>\n<td>&nbsp;1.4 TDCi&nbsp;<\/td>\n<\/tr>\n<tr>\n<td><strong>&nbsp;FORD &#8211; FIESTA VI&nbsp;<\/strong><\/td>\n<td>&nbsp;2009 &#8211; &nbsp;<\/td>\n<td>&nbsp;Dizel&nbsp;<\/td>\n<td>&nbsp;1.4 TDCi&nbsp;<\/td>\n<\/tr>\n<tr>\n<td><strong>&nbsp;FORD &#8211; FIESTA VI&nbsp;<\/strong><\/td>\n<td>&nbsp;2010 &#8211; &nbsp;<\/td>\n<td>&nbsp;Dizel&nbsp;<\/td>\n<td>&nbsp;1.4 TDCi&nbsp;<\/td>\n<\/tr>\n<tr>\n<td><strong>&nbsp;FORD &#8211; FIESTA VI Van&nbsp;<\/strong><\/td>\n<td>&nbsp;2009 &#8211; &nbsp;<\/td>\n<td>&nbsp;Dizel&nbsp;<\/td>\n<td>&nbsp;1.4 TDCi&nbsp;<\/td>\n<\/tr>\n<tr>\n<td><strong>&nbsp;FORD &#8211; FIESTA VI Van&nbsp;<\/strong><\/td>\n<td>&nbsp;2010 &#8211; &nbsp;<\/td>\n<td>&nbsp;Dizel&nbsp;<\/td>\n<td>&nbsp;1.4 TDCi&nbsp;<\/td>\n<\/tr>\n<tr>\n<td><strong>&nbsp;FORD &#8211; FUSION&nbsp;<\/strong><\/td>\n<td>&nbsp;2002 &#8211; 2012&nbsp;<\/td>\n<td>&nbsp;Dizel&nbsp;<\/td>\n<td>&nbsp;1.4 TDCi&nbsp;<\/td>\n<\/tr>\n<tr>\n<td><strong>&nbsp;FORD &#8211; GALAXY&nbsp;<\/strong><\/td>\n<td>&nbsp;2001 &#8211; 2006&nbsp;<\/td>\n<td>&nbsp;Benzin&nbsp;<\/td>\n<td>&nbsp;2.3&nbsp;<\/td>\n<\/tr>\n<tr>\n<td><strong>&nbsp;HYUNDAI &#8211; ACCENT II Sedan&nbsp;<\/strong><\/td>\n<td>&nbsp;2000 &#8211; 2005&nbsp;<\/td>\n<td>&nbsp;Benzin&nbsp;<\/td>\n<td>&nbsp;1.3&nbsp;<\/td>\n<\/tr>\n<tr>\n<td><strong>&nbsp;HYUNDAI &#8211; SONATA IV&nbsp;<\/strong><\/td>\n<td>&nbsp;2001 &#8211; 2004&nbsp;<\/td>\n<td>&nbsp;Benzin&nbsp;<\/td>\n<td>&nbsp;2.7&nbsp;<\/td>\n<\/tr>\n<tr>\n<td><strong>&nbsp;PEUGEOT &#8211; 1007&nbsp;<\/strong><\/td>\n<td>&nbsp;2005 &#8211; &nbsp;<\/td>\n<td>&nbsp;Dizel&nbsp;<\/td>\n<td>&nbsp;1.4&nbsp;<\/td>\n<\/tr>\n<tr>\n<td><strong>&nbsp;PEUGEOT &#8211; 206 Hatchback&nbsp;<\/strong><\/td>\n<td>&nbsp;2001 &#8211; 2009&nbsp;<\/td>\n<td>&nbsp;Dizel&nbsp;<\/td>\n<td>&nbsp;1.4&nbsp;<\/td>\n<\/tr>\n<tr>\n<td><strong>&nbsp;PEUGEOT &#8211; 206 Sedan&nbsp;<\/strong><\/td>\n<td>&nbsp;2008 &#8211; &nbsp;<\/td>\n<td>&nbsp;Dizel&nbsp;<\/td>\n<td>&nbsp;1.4&nbsp;<\/td>\n<\/tr>\n<tr>\n<td><strong>&nbsp;PEUGEOT &#8211; 206 SW&nbsp;<\/strong><\/td>\n<td>&nbsp;2002 &#8211; &nbsp;<\/td>\n<td>&nbsp;Dizel&nbsp;<\/td>\n<td>&nbsp;1.4&nbsp;<\/td>\n<\/tr>\n<tr>\n<td><strong>&nbsp;PEUGEOT &#8211; 206 Van&nbsp;<\/strong><\/td>\n<td>&nbsp;2001 &#8211; 2009&nbsp;<\/td>\n<td>&nbsp;Dizel&nbsp;<\/td>\n<td>&nbsp;1.4&nbsp;<\/td>\n<\/tr>\n<tr>\n<td><strong>&nbsp;PEUGEOT &#8211; 206+&nbsp;<\/strong><\/td>\n<td>&nbsp;2009 &#8211; 2013&nbsp;<\/td>\n<td>&nbsp;Dizel&nbsp;<\/td>\n<td>&nbsp;1.4&nbsp;<\/td>\n<\/tr>\n<tr>\n<td><strong>&nbsp;PEUGEOT &#8211; 307&nbsp;<\/strong><\/td>\n<td>&nbsp;2001 &#8211; 2005&nbsp;<\/td>\n<td>&nbsp;Dizel&nbsp;<\/td>\n<td>&nbsp;1.4&nbsp;<\/td>\n<\/tr>\n<tr>\n<td><strong>&nbsp;PEUGEOT &#8211; 307 Break&nbsp;<\/strong><\/td>\n<td>&nbsp;2002 &#8211; 2005&nbsp;<\/td>\n<td>&nbsp;Dizel&nbsp;<\/td>\n<td>&nbsp;1.4&nbsp;<\/td>\n<\/tr>\n<tr>\n<td><strong>&nbsp;PEUGEOT &#8211; BIPPER&nbsp;<\/strong><\/td>\n<td>&nbsp;2008 &#8211; &nbsp;<\/td>\n<td>&nbsp;Benzin&nbsp;<\/td>\n<td>&nbsp;1.4&nbsp;<\/td>\n<\/tr>\n<tr>\n<td><strong>&nbsp;PEUGEOT &#8211; BIPPER Tepee&nbsp;<\/strong><\/td>\n<td>&nbsp;2008 &#8211; &nbsp;<\/td>\n<td>&nbsp;Dizel&nbsp;<\/td>\n<td>&nbsp;1.4&nbsp;<\/td>\n<\/tr>\n<tr>\n<td><strong>&nbsp;PORSCHE &#8211; 911 Cabrio&nbsp;<\/strong><\/td>\n<td>&nbsp;2002 &#8211; 2005&nbsp;<\/td>\n<td>&nbsp;Benzin&nbsp;<\/td>\n<td>&nbsp;3.6&nbsp;<\/td>\n<\/tr>\n<tr>\n<td><strong>&nbsp;CITRO\u00cbN &#8211; C1&nbsp;<\/strong><\/td>\n<td>&nbsp;2005 &#8211; 2014&nbsp;<\/td>\n<td>&nbsp;Dizel&nbsp;<\/td>\n<td>&nbsp;1.4&nbsp;<\/td>\n<\/tr>\n<tr>\n<td><strong>&nbsp;CITRO\u00cbN &#8211; C2&nbsp;<\/strong><\/td>\n<td>&nbsp;2003 &#8211; 2009&nbsp;<\/td>\n<td>&nbsp;Dizel&nbsp;<\/td>\n<td>&nbsp;1.4&nbsp;<\/td>\n<\/tr>\n<tr>\n<td><strong>&nbsp;CITRO\u00cbN &#8211; C2&nbsp;<\/strong><\/td>\n<td>&nbsp;2003 &#8211; 2005&nbsp;<\/td>\n<td>&nbsp;Dizel&nbsp;<\/td>\n<td>&nbsp;1.4&nbsp;<\/td>\n<\/tr>\n<tr>\n<td><strong>&nbsp;CITRO\u00cbN &#8211; C3 I&nbsp;<\/strong><\/td>\n<td>&nbsp;2002 &#8211; &nbsp;<\/td>\n<td>&nbsp;Dizel&nbsp;<\/td>\n<td>&nbsp;1.4&nbsp;<\/td>\n<\/tr>\n<tr>\n<td><strong>&nbsp;CITRO\u00cbN &#8211; C3 I&nbsp;<\/strong><\/td>\n<td>&nbsp;2003 &#8211; 2005&nbsp;<\/td>\n<td>&nbsp;Benzin&nbsp;<\/td>\n<td>&nbsp;1.6&nbsp;<\/td>\n<\/tr>\n<tr>\n<td><strong>&nbsp;CITRO\u00cbN &#8211; C3 I&nbsp;<\/strong><\/td>\n<td>&nbsp;2005 &#8211; &nbsp;<\/td>\n<td>&nbsp;Dizel&nbsp;<\/td>\n<td>&nbsp;1.4&nbsp;<\/td>\n<\/tr>\n<tr>\n<td><strong>&nbsp;CITRO\u00cbN &#8211; C3 II&nbsp;<\/strong><\/td>\n<td>&nbsp;2009 &#8211; &nbsp;<\/td>\n<td>&nbsp;Dizel&nbsp;<\/td>\n<td>&nbsp;1.4&nbsp;<\/td>\n<\/tr>\n<tr>\n<td><strong>&nbsp;CITRO\u00cbN &#8211; C3 Pluriel&nbsp;<\/strong><\/td>\n<td>&nbsp;2004 &#8211; &nbsp;<\/td>\n<td>&nbsp;Dizel&nbsp;<\/td>\n<td>&nbsp;1.4&nbsp;<\/td>\n<\/tr>\n<tr>\n<td><strong>&nbsp;CITRO\u00cbN &#8211; NEMO Panelvan\/Van&nbsp;<\/strong><\/td>\n<td>&nbsp;2008 &#8211; &nbsp;<\/td>\n<td>&nbsp;Dizel&nbsp;<\/td>\n<td>&nbsp;1.4&nbsp;<\/td>\n<\/tr>\n<tr>\n<td><strong>&nbsp;CITRO\u00cbN &#8211; NEMO Station Wagon&nbsp;<\/strong><\/td>\n<td>&nbsp;2009 &#8211; &nbsp;<\/td>\n<td>&nbsp;Dizel&nbsp;<\/td>\n<td>&nbsp;1.4&nbsp;<\/td>\n<\/tr>\n<tr>\n<td><strong>&nbsp;CITRO\u00cbN &#8211; XSARA&nbsp;<\/strong><\/td>\n<td>&nbsp;2003 &#8211; 2005&nbsp;<\/td>\n<td>&nbsp;Dizel&nbsp;<\/td>\n<td>&nbsp;1.4&nbsp;<\/td>\n<\/tr>\n<tr>\n<td><strong>&nbsp;CITRO\u00cbN &#8211; XSARA Break&nbsp;<\/strong><\/td>\n<td>&nbsp;2003 &#8211; 2005&nbsp;<\/td>\n<td>&nbsp;Dizel&nbsp;<\/td>\n<td>&nbsp;1.4&nbsp;<\/td>\n<\/tr>\n<tr>\n<td><strong>&nbsp;CITRO\u00cbN &#8211; XSARA Coupe&nbsp;<\/strong><\/td>\n<td>&nbsp;2003 &#8211; 2005&nbsp;<\/td>\n<td>&nbsp;Dizel&nbsp;<\/td>\n<td>&nbsp;1.4&nbsp;<\/td>\n<\/tr>\n<tr>\n<td><strong>&nbsp;TOYOTA &#8211; AVENSIS&nbsp;<\/strong><\/td>\n<td>&nbsp;2003 &#8211; 2008&nbsp;<\/td>\n<td>&nbsp;Benzin&nbsp;<\/td>\n<td>&nbsp;2.4&nbsp;<\/td>\n<\/tr>\n<tr>\n<td><strong>&nbsp;TOYOTA &#8211; AYGO&nbsp;<\/strong><\/td>\n<td>&nbsp;2005 &#8211; 2010&nbsp;<\/td>\n<td>&nbsp;Dizel&nbsp;<\/td>\n<td>&nbsp;1.4&nbsp;<\/td>\n<\/tr>\n<tr>\n<td><strong>&nbsp;MAZDA &#8211; 2&nbsp;<\/strong><\/td>\n<td>&nbsp;2003 &#8211; 2007&nbsp;<\/td>\n<td>&nbsp;Dizel&nbsp;<\/td>\n<td>&nbsp;1.4&nbsp;<\/td>\n<\/tr>\n<tr>\n<td><strong>&nbsp;MAZDA &#8211; 2&nbsp;<\/strong><\/td>\n<td>&nbsp;2008 &#8211; 2015&nbsp;<\/td>\n<td>&nbsp;Dizel&nbsp;<\/td>\n<td>&nbsp;1.4&nbsp;<\/td>\n<\/tr>\n<tr>\n<td><strong>&nbsp;SUZUKI &#8211; LIANA&nbsp;<\/strong><\/td>\n<td>&nbsp;2004 &#8211; &nbsp;<\/td>\n<td>&nbsp;Dizel&nbsp;<\/td>\n<td>&nbsp;1.4&nbsp;<\/td>\n<\/tr>\n<tr>\n<td><strong>&nbsp;SUZUKI &#8211; LIANA Hatchback&nbsp;<\/strong><\/td>\n<td>&nbsp;2004 &#8211; 2007&nbsp;<\/td>\n<td>&nbsp;Dizel&nbsp;<\/td>\n<td>&nbsp;1.4&nbsp;<\/td>\n<\/tr>\n<tr>\n<td><strong>&nbsp;SUBARU &#8211; XV&nbsp;<\/strong><\/td>\n<td>&nbsp;2012 &#8211; &nbsp;<\/td>\n<td>&nbsp;Benzin&nbsp;<\/td>\n<td>&nbsp;2.0&nbsp;<\/td>\n<\/tr>\n<\/table>\n<style>#carPropertiesTable td{padding:2px;}<\/style>\n","protected":false},"excerpt":{"rendered":"<p>HAVA F\u0130LTRES\u0130 (206-307 HDI &#8211; C3 HDI &#8211; F\u0130ESTA 1.4 T) 01&#8211;04<\/p>\n","protected":false},"featured_media":217492,"comment_status":"open","ping_status":"closed","template":"","meta":[],"product_brand":[],"product_cat":[906,372],"product_tag":[16535,1254,2619,5438,1269,1096,1085,10209,1457],"class_list":{"0":"post-217493","1":"product","2":"type-product","3":"status-publish","4":"has-post-thumbnail","6":"product_cat-oto-hava-filtresi","7":"product_cat-otomotiv","8":"product_tag-01-04","9":"product_tag-1-4","10":"product_tag-206-307","11":"product_tag-c3","12":"product_tag-fiesta","13":"product_tag-filtresi","14":"product_tag-hava","15":"product_tag-hdi","16":"product_tag-t","18":"first","19":"instock","20":"taxable","21":"shipping-taxable","22":"purchasable","23":"product-type-simple"},"_links":{"self":[{"href":"https:\/\/depodanmusteriye.com\/urunler\/wp-json\/wp\/v2\/product\/217493","targetHints":{"allow":["GET"]}}],"collection":[{"href":"https:\/\/depodanmusteriye.com\/urunler\/wp-json\/wp\/v2\/product"}],"about":[{"href":"https:\/\/depodanmusteriye.com\/urunler\/wp-json\/wp\/v2\/types\/product"}],"replies":[{"embeddable":true,"href":"https:\/\/depodanmusteriye.com\/urunler\/wp-json\/wp\/v2\/comments?post=217493"}],"version-history":[{"count":0,"href":"https:\/\/depodanmusteriye.com\/urunler\/wp-json\/wp\/v2\/product\/217493\/revisions"}],"wp:featuredmedia":[{"embeddable":true,"href":"https:\/\/depodanmusteriye.com\/urunler\/wp-json\/wp\/v2\/media\/217492"}],"wp:attachment":[{"href":"https:\/\/depodanmusteriye.com\/urunler\/wp-json\/wp\/v2\/media?parent=217493"}],"wp:term":[{"taxonomy":"product_brand","embeddable":true,"href":"https:\/\/depodanmusteriye.com\/urunler\/wp-json\/wp\/v2\/product_brand?post=217493"},{"taxonomy":"product_cat","embeddable":true,"href":"https:\/\/depodanmusteriye.com\/urunler\/wp-json\/wp\/v2\/product_cat?post=217493"},{"taxonomy":"product_tag","embeddable":true,"href":"https:\/\/depodanmusteriye.com\/urunler\/wp-json\/wp\/v2\/product_tag?post=217493"}],"curies":[{"name":"wp","href":"https:\/\/api.w.org\/{rel}","templated":true}]}}