{"id":217479,"date":"2025-12-22T22:37:26","date_gmt":"2025-12-22T22:37:26","guid":{"rendered":"https:\/\/b2b.depodanmusteriye.com\/urun\/hava-filtresi-peugeot-206-citroen-xsarasungerli-2\/"},"modified":"2025-12-22T22:37:26","modified_gmt":"2025-12-22T22:37:26","slug":"hava-filtresi-peugeot-206-citroen-xsarasungerli-2","status":"publish","type":"product","link":"https:\/\/depodanmusteriye.com\/urunler\/urun\/hava-filtresi-peugeot-206-citroen-xsarasungerli-2\/","title":{"rendered":"HAVA F\u0130LTRES\u0130 (PEUGEOT 206 &#8211; C\u0130TROEN XSARA)S\u00dcNGERL\u0130"},"content":{"rendered":"<h4><\/p>\n<h4> <b>1 ADET F\u0130YATIDIR<\/b> <\/h4>\n<p>HAVA F\u0130LTRES\u0130 (PEUGEOT 206 &#8211; C\u0130TROEN XSARA)S\u00dcNGERL\u0130<\/p>\n<p><b>\u00dcretici Markas\u0131 : SARDES<\/b><\/p>\n<p><b>\u00dcretici Kodu : SA370<\/b><\/p>\n<p><b>1 ADET F\u0130YATIDIR<\/b><\/p>\n<\/h4>\n<p><\/p>\n<table id='carPropertiesTable' width='100%' border='1' cellspacing='0' cellpadding='0'>\n<tr>\n<th><strong>OEM<\/strong><\/th>\n<td>1444R3<\/td>\n<td>1444H3<\/td>\n<td>1444QE<\/td>\n<\/tr>\n<tr>\n<td colspan='4'>&nbsp;<\/td>\n<\/tr>\n<tr>\n<th><strong>MODEL<\/strong><\/th>\n<th><strong>YIL<\/strong><\/th>\n<th><strong>YAKIT<\/strong><\/th>\n<th><strong>MOTOR HACM\u0130<\/strong><\/th>\n<\/tr>\n<tr>\n<td><strong>&nbsp;FORD &#8211; FOCUS II Turnier&nbsp;<\/strong><\/td>\n<td>&nbsp;2004 &#8211; 2012&nbsp;<\/td>\n<td>&nbsp;Dizel&nbsp;<\/td>\n<td>&nbsp;2.0 TDCi&nbsp;<\/td>\n<\/tr>\n<tr>\n<td><strong>&nbsp;FORD &#8211; TAUNUS 20M&nbsp;<\/strong><\/td>\n<td>&nbsp;1967 &#8211; 1974&nbsp;<\/td>\n<td>&nbsp;Benzin&nbsp;<\/td>\n<td>&nbsp;2.3&nbsp;<\/td>\n<\/tr>\n<tr>\n<td><strong>&nbsp;FORD &#8211; TRANSIT Minib\u00fcs\/Otob\u00fcs&nbsp;<\/strong><\/td>\n<td>&nbsp;2000 &#8211; 2006&nbsp;<\/td>\n<td>&nbsp;Dizel&nbsp;<\/td>\n<td>&nbsp;2.4&nbsp;<\/td>\n<\/tr>\n<tr>\n<td><strong>&nbsp;FORD &#8211; TRANSIT Panelvan\/Van&nbsp;<\/strong><\/td>\n<td>&nbsp;2000 &#8211; 2006&nbsp;<\/td>\n<td>&nbsp;Dizel&nbsp;<\/td>\n<td>&nbsp;2.4&nbsp;<\/td>\n<\/tr>\n<tr>\n<td><strong>&nbsp;PEUGEOT &#8211; 206 CC&nbsp;<\/strong><\/td>\n<td>&nbsp;2001 &#8211; 2008&nbsp;<\/td>\n<td>&nbsp;Benzin&nbsp;<\/td>\n<td>&nbsp;1.6&nbsp;<\/td>\n<\/tr>\n<tr>\n<td><strong>&nbsp;PEUGEOT &#8211; 206 CC&nbsp;<\/strong><\/td>\n<td>&nbsp;2000 &#8211; 2007&nbsp;<\/td>\n<td>&nbsp;Benzin&nbsp;<\/td>\n<td>&nbsp;1.6&nbsp;<\/td>\n<\/tr>\n<tr>\n<td><strong>&nbsp;PEUGEOT &#8211; 206 CC&nbsp;<\/strong><\/td>\n<td>&nbsp;2000 &#8211; 2007&nbsp;<\/td>\n<td>&nbsp;Benzin&nbsp;<\/td>\n<td>&nbsp;2.0&nbsp;<\/td>\n<\/tr>\n<tr>\n<td><strong>&nbsp;PEUGEOT &#8211; 206 Hatchback&nbsp;<\/strong><\/td>\n<td>&nbsp;1999 &#8211; 2000&nbsp;<\/td>\n<td>&nbsp;Benzin&nbsp;<\/td>\n<td>&nbsp;2.0&nbsp;<\/td>\n<\/tr>\n<tr>\n<td><strong>&nbsp;PEUGEOT &#8211; 206 Hatchback&nbsp;<\/strong><\/td>\n<td>&nbsp;2000 &#8211; 2009&nbsp;<\/td>\n<td>&nbsp;Benzin&nbsp;<\/td>\n<td>&nbsp;1.6&nbsp;<\/td>\n<\/tr>\n<tr>\n<td><strong>&nbsp;PEUGEOT &#8211; 206 Hatchback&nbsp;<\/strong><\/td>\n<td>&nbsp;2001 &#8211; 2009&nbsp;<\/td>\n<td>&nbsp;Benzin&nbsp;<\/td>\n<td>&nbsp;1.6&nbsp;<\/td>\n<\/tr>\n<tr>\n<td><strong>&nbsp;PEUGEOT &#8211; 206 Hatchback&nbsp;<\/strong><\/td>\n<td>&nbsp;1998 &#8211; 2001&nbsp;<\/td>\n<td>&nbsp;Dizel&nbsp;<\/td>\n<td>&nbsp;1.9&nbsp;<\/td>\n<\/tr>\n<tr>\n<td><strong>&nbsp;PEUGEOT &#8211; 206 Hatchback&nbsp;<\/strong><\/td>\n<td>&nbsp;1999 &#8211; 2007&nbsp;<\/td>\n<td>&nbsp;Benzin&nbsp;<\/td>\n<td>&nbsp;2.0&nbsp;<\/td>\n<\/tr>\n<tr>\n<td><strong>&nbsp;PEUGEOT &#8211; 206 Hatchback&nbsp;<\/strong><\/td>\n<td>&nbsp;1998 &#8211; 2000&nbsp;<\/td>\n<td>&nbsp;Benzin&nbsp;<\/td>\n<td>&nbsp;1.1&nbsp;<\/td>\n<\/tr>\n<tr>\n<td><strong>&nbsp;PEUGEOT &#8211; 206 Hatchback&nbsp;<\/strong><\/td>\n<td>&nbsp;1998 &#8211; 2012&nbsp;<\/td>\n<td>&nbsp;Benzin&nbsp;<\/td>\n<td>&nbsp;1.4&nbsp;<\/td>\n<\/tr>\n<tr>\n<td><strong>&nbsp;PEUGEOT &#8211; 206 Hatchback&nbsp;<\/strong><\/td>\n<td>&nbsp;1998 &#8211; 2007&nbsp;<\/td>\n<td>&nbsp;Benzin&nbsp;<\/td>\n<td>&nbsp;1.1&nbsp;<\/td>\n<\/tr>\n<tr>\n<td><strong>&nbsp;PEUGEOT &#8211; 206 Hatchback&nbsp;<\/strong><\/td>\n<td>&nbsp;2003 &#8211; 2007&nbsp;<\/td>\n<td>&nbsp;Benzin&nbsp;<\/td>\n<td>&nbsp;2.0&nbsp;<\/td>\n<\/tr>\n<tr>\n<td><strong>&nbsp;PEUGEOT &#8211; 206 Hatchback&nbsp;<\/strong><\/td>\n<td>&nbsp;1999 &#8211; 2009&nbsp;<\/td>\n<td>&nbsp;Dizel&nbsp;<\/td>\n<td>&nbsp;2.0&nbsp;<\/td>\n<\/tr>\n<tr>\n<td><strong>&nbsp;PEUGEOT &#8211; 206 Sedan&nbsp;<\/strong><\/td>\n<td>&nbsp;2007 &#8211; &nbsp;<\/td>\n<td>&nbsp;Benzin&nbsp;<\/td>\n<td>&nbsp;1.6&nbsp;<\/td>\n<\/tr>\n<tr>\n<td><strong>&nbsp;PEUGEOT &#8211; 206 Sedan&nbsp;<\/strong><\/td>\n<td>&nbsp;2007 &#8211; &nbsp;<\/td>\n<td>&nbsp;Benzin&nbsp;<\/td>\n<td>&nbsp;1.4&nbsp;<\/td>\n<\/tr>\n<tr>\n<td><strong>&nbsp;PEUGEOT &#8211; 206 SW&nbsp;<\/strong><\/td>\n<td>&nbsp;2002 &#8211; &nbsp;<\/td>\n<td>&nbsp;Dizel&nbsp;<\/td>\n<td>&nbsp;2.0&nbsp;<\/td>\n<\/tr>\n<tr>\n<td><strong>&nbsp;PEUGEOT &#8211; 206 SW&nbsp;<\/strong><\/td>\n<td>&nbsp;2002 &#8211; 2007&nbsp;<\/td>\n<td>&nbsp;Benzin&nbsp;<\/td>\n<td>&nbsp;2.0&nbsp;<\/td>\n<\/tr>\n<tr>\n<td><strong>&nbsp;PEUGEOT &#8211; 206 SW&nbsp;<\/strong><\/td>\n<td>&nbsp;2002 &#8211; &nbsp;<\/td>\n<td>&nbsp;Benzin&nbsp;<\/td>\n<td>&nbsp;1.6&nbsp;<\/td>\n<\/tr>\n<tr>\n<td><strong>&nbsp;PEUGEOT &#8211; 206 SW&nbsp;<\/strong><\/td>\n<td>&nbsp;2002 &#8211; 2007&nbsp;<\/td>\n<td>&nbsp;Benzin&nbsp;<\/td>\n<td>&nbsp;1.4&nbsp;<\/td>\n<\/tr>\n<tr>\n<td><strong>&nbsp;PEUGEOT &#8211; 206 SW&nbsp;<\/strong><\/td>\n<td>&nbsp;2002 &#8211; &nbsp;<\/td>\n<td>&nbsp;Benzin&nbsp;<\/td>\n<td>&nbsp;1.1&nbsp;<\/td>\n<\/tr>\n<tr>\n<td><strong>&nbsp;PEUGEOT &#8211; 206 Van&nbsp;<\/strong><\/td>\n<td>&nbsp;2002 &#8211; 2007&nbsp;<\/td>\n<td>&nbsp;Benzin&nbsp;<\/td>\n<td>&nbsp;1.1&nbsp;<\/td>\n<\/tr>\n<tr>\n<td><strong>&nbsp;PEUGEOT &#8211; 206 Van&nbsp;<\/strong><\/td>\n<td>&nbsp;1999 &#8211; 2007&nbsp;<\/td>\n<td>&nbsp;Dizel&nbsp;<\/td>\n<td>&nbsp;1.9&nbsp;<\/td>\n<\/tr>\n<tr>\n<td><strong>&nbsp;PEUGEOT &#8211; 306&nbsp;<\/strong><\/td>\n<td>&nbsp;1999 &#8211; 2001&nbsp;<\/td>\n<td>&nbsp;Dizel&nbsp;<\/td>\n<td>&nbsp;2.0&nbsp;<\/td>\n<\/tr>\n<tr>\n<td><strong>&nbsp;PEUGEOT &#8211; 306 Break&nbsp;<\/strong><\/td>\n<td>&nbsp;1999 &#8211; 2002&nbsp;<\/td>\n<td>&nbsp;Dizel&nbsp;<\/td>\n<td>&nbsp;2.0&nbsp;<\/td>\n<\/tr>\n<tr>\n<td><strong>&nbsp;PEUGEOT &#8211; 306 Hatchback&nbsp;<\/strong><\/td>\n<td>&nbsp;1999 &#8211; 2002&nbsp;<\/td>\n<td>&nbsp;Dizel&nbsp;<\/td>\n<td>&nbsp;2.0&nbsp;<\/td>\n<\/tr>\n<tr>\n<td><strong>&nbsp;PEUGEOT &#8211; PARTNER Combispace&nbsp;<\/strong><\/td>\n<td>&nbsp;2004 &#8211; 2005&nbsp;<\/td>\n<td>&nbsp;Dizel&nbsp;<\/td>\n<td>&nbsp;2.0&nbsp;<\/td>\n<\/tr>\n<tr>\n<td><strong>&nbsp;PEUGEOT &#8211; PARTNER Combispace&nbsp;<\/strong><\/td>\n<td>&nbsp;2004 &#8211; 2005&nbsp;<\/td>\n<td>&nbsp;Dizel&nbsp;<\/td>\n<td>&nbsp;1.9&nbsp;<\/td>\n<\/tr>\n<tr>\n<td><strong>&nbsp;PEUGEOT &#8211; PARTNER Combispace&nbsp;<\/strong><\/td>\n<td>&nbsp;2000 &#8211; 2008&nbsp;<\/td>\n<td>&nbsp;Dizel&nbsp;<\/td>\n<td>&nbsp;2.0&nbsp;<\/td>\n<\/tr>\n<tr>\n<td><strong>&nbsp;PEUGEOT &#8211; PARTNER Combispace&nbsp;<\/strong><\/td>\n<td>&nbsp;1999 &#8211; 2008&nbsp;<\/td>\n<td>&nbsp;Dizel&nbsp;<\/td>\n<td>&nbsp;1.9&nbsp;<\/td>\n<\/tr>\n<tr>\n<td><strong>&nbsp;PEUGEOT &#8211; PARTNER ORIGIN Combispace&nbsp;<\/strong><\/td>\n<td>&nbsp;2008 &#8211; 2013&nbsp;<\/td>\n<td>&nbsp;Dizel&nbsp;<\/td>\n<td>&nbsp;1.9&nbsp;<\/td>\n<\/tr>\n<tr>\n<td><strong>&nbsp;PEUGEOT &#8211; PARTNER ORIGIN Panelvan\/Van&nbsp;<\/strong><\/td>\n<td>&nbsp;2008 &#8211; 2015&nbsp;<\/td>\n<td>&nbsp;Dizel&nbsp;<\/td>\n<td>&nbsp;1.9&nbsp;<\/td>\n<\/tr>\n<tr>\n<td><strong>&nbsp;PEUGEOT &#8211; PARTNER Panelvan\/Van&nbsp;<\/strong><\/td>\n<td>&nbsp;1996 &#8211; 2015&nbsp;<\/td>\n<td>&nbsp;Dizel&nbsp;<\/td>\n<td>&nbsp;1.9&nbsp;<\/td>\n<\/tr>\n<tr>\n<td><strong>&nbsp;PEUGEOT &#8211; PARTNER Panelvan\/Van&nbsp;<\/strong><\/td>\n<td>&nbsp;2004 &#8211; 2011&nbsp;<\/td>\n<td>&nbsp;Dizel&nbsp;<\/td>\n<td>&nbsp;1.9&nbsp;<\/td>\n<\/tr>\n<tr>\n<td><strong>&nbsp;PEUGEOT &#8211; PARTNER Panelvan\/Van&nbsp;<\/strong><\/td>\n<td>&nbsp;2000 &#8211; 2008&nbsp;<\/td>\n<td>&nbsp;Dizel&nbsp;<\/td>\n<td>&nbsp;2.0&nbsp;<\/td>\n<\/tr>\n<tr>\n<td><strong>&nbsp;PEUGEOT &#8211; PARTNER Platform \u015fasi&nbsp;<\/strong><\/td>\n<td>&nbsp;2002 &#8211; 2008&nbsp;<\/td>\n<td>&nbsp;Dizel&nbsp;<\/td>\n<td>&nbsp;2.0&nbsp;<\/td>\n<\/tr>\n<tr>\n<td><strong>&nbsp;PEUGEOT &#8211; PARTNER Platform \u015fasi&nbsp;<\/strong><\/td>\n<td>&nbsp;1999 &#8211; 2008&nbsp;<\/td>\n<td>&nbsp;Dizel&nbsp;<\/td>\n<td>&nbsp;1.9&nbsp;<\/td>\n<\/tr>\n<tr>\n<td><strong>&nbsp;MERCEDES-BENZ &#8211; E-SERISI T-Model&nbsp;<\/strong><\/td>\n<td>&nbsp;1993 &#8211; 1996&nbsp;<\/td>\n<td>&nbsp;Benzin&nbsp;<\/td>\n<td>&nbsp;E&nbsp;<\/td>\n<\/tr>\n<tr>\n<td><strong>&nbsp;VOLVO &#8211; C70 I Coupe&nbsp;<\/strong><\/td>\n<td>&nbsp;1999 &#8211; 2002&nbsp;<\/td>\n<td>&nbsp;Benzin&nbsp;<\/td>\n<td>&nbsp;2.4&nbsp;<\/td>\n<\/tr>\n<tr>\n<td><strong>&nbsp;VOLVO &#8211; V40 Station Wagon&nbsp;<\/strong><\/td>\n<td>&nbsp;1995 &#8211; 2004&nbsp;<\/td>\n<td>&nbsp;Benzin&nbsp;<\/td>\n<td>&nbsp;2.0&nbsp;<\/td>\n<\/tr>\n<tr>\n<td><strong>&nbsp;CITRO\u00cbN &#8211; BERLINGO \/ BERLINGO FIRST MPV&nbsp;<\/strong><\/td>\n<td>&nbsp;1998 &#8211; 2005&nbsp;<\/td>\n<td>&nbsp;Dizel&nbsp;<\/td>\n<td>&nbsp;1.9&nbsp;<\/td>\n<\/tr>\n<tr>\n<td><strong>&nbsp;CITRO\u00cbN &#8211; BERLINGO \/ BERLINGO FIRST MPV&nbsp;<\/strong><\/td>\n<td>&nbsp;1999 &#8211; 2005&nbsp;<\/td>\n<td>&nbsp;Dizel&nbsp;<\/td>\n<td>&nbsp;2.0&nbsp;<\/td>\n<\/tr>\n<tr>\n<td><strong>&nbsp;CITRO\u00cbN &#8211; BERLINGO \/ BERLINGO FIRST Panelvan\/Van&nbsp;<\/strong><\/td>\n<td>&nbsp;1999 &#8211; 2011&nbsp;<\/td>\n<td>&nbsp;Dizel&nbsp;<\/td>\n<td>&nbsp;2.0&nbsp;<\/td>\n<\/tr>\n<tr>\n<td><strong>&nbsp;CITRO\u00cbN &#8211; BERLINGO \/ BERLINGO FIRST Panelvan\/Van&nbsp;<\/strong><\/td>\n<td>&nbsp;1998 &#8211; 2006&nbsp;<\/td>\n<td>&nbsp;Dizel&nbsp;<\/td>\n<td>&nbsp;1.9&nbsp;<\/td>\n<\/tr>\n<tr>\n<td><strong>&nbsp;CITRO\u00cbN &#8211; BERLINGO \/ BERLINGO FIRST Panelvan\/Van&nbsp;<\/strong><\/td>\n<td>&nbsp;2000 &#8211; 2005&nbsp;<\/td>\n<td>&nbsp;Dizel&nbsp;<\/td>\n<td>&nbsp;2.0&nbsp;<\/td>\n<\/tr>\n<tr>\n<td><strong>&nbsp;CITRO\u00cbN &#8211; BERLINGO \/ BERLINGO FIRST Panelvan\/Van&nbsp;<\/strong><\/td>\n<td>&nbsp;1999 &#8211; 2011&nbsp;<\/td>\n<td>&nbsp;Dizel&nbsp;<\/td>\n<td>&nbsp;1.9&nbsp;<\/td>\n<\/tr>\n<tr>\n<td><strong>&nbsp;CITRO\u00cbN &#8211; XSARA&nbsp;<\/strong><\/td>\n<td>&nbsp;1998 &#8211; 2000&nbsp;<\/td>\n<td>&nbsp;Benzin\/oto gaz (LPG)&nbsp;<\/td>\n<td>&nbsp;1.4&nbsp;<\/td>\n<\/tr>\n<tr>\n<td><strong>&nbsp;CITRO\u00cbN &#8211; XSARA&nbsp;<\/strong><\/td>\n<td>&nbsp;1998 &#8211; 2005&nbsp;<\/td>\n<td>&nbsp;Dizel&nbsp;<\/td>\n<td>&nbsp;1.9&nbsp;<\/td>\n<\/tr>\n<tr>\n<td><strong>&nbsp;CITRO\u00cbN &#8211; XSARA&nbsp;<\/strong><\/td>\n<td>&nbsp;2000 &#8211; 2005&nbsp;<\/td>\n<td>&nbsp;Benzin&nbsp;<\/td>\n<td>&nbsp;2.0&nbsp;<\/td>\n<\/tr>\n<tr>\n<td><strong>&nbsp;CITRO\u00cbN &#8211; XSARA&nbsp;<\/strong><\/td>\n<td>&nbsp;2000 &#8211; 2005&nbsp;<\/td>\n<td>&nbsp;Benzin&nbsp;<\/td>\n<td>&nbsp;1.6&nbsp;<\/td>\n<\/tr>\n<tr>\n<td><strong>&nbsp;CITRO\u00cbN &#8211; XSARA&nbsp;<\/strong><\/td>\n<td>&nbsp;1997 &#8211; 2005&nbsp;<\/td>\n<td>&nbsp;Benzin&nbsp;<\/td>\n<td>&nbsp;1.4&nbsp;<\/td>\n<\/tr>\n<tr>\n<td><strong>&nbsp;CITRO\u00cbN &#8211; XSARA&nbsp;<\/strong><\/td>\n<td>&nbsp;1999 &#8211; 2005&nbsp;<\/td>\n<td>&nbsp;Dizel&nbsp;<\/td>\n<td>&nbsp;2.0&nbsp;<\/td>\n<\/tr>\n<tr>\n<td><strong>&nbsp;CITRO\u00cbN &#8211; XSARA&nbsp;<\/strong><\/td>\n<td>&nbsp;2001 &#8211; 2005&nbsp;<\/td>\n<td>&nbsp;Dizel&nbsp;<\/td>\n<td>&nbsp;2.0&nbsp;<\/td>\n<\/tr>\n<tr>\n<td><strong>&nbsp;CITRO\u00cbN &#8211; XSARA Break&nbsp;<\/strong><\/td>\n<td>&nbsp;1998 &#8211; 2005&nbsp;<\/td>\n<td>&nbsp;Dizel&nbsp;<\/td>\n<td>&nbsp;1.9&nbsp;<\/td>\n<\/tr>\n<tr>\n<td><strong>&nbsp;CITRO\u00cbN &#8211; XSARA Break&nbsp;<\/strong><\/td>\n<td>&nbsp;2000 &#8211; 2005&nbsp;<\/td>\n<td>&nbsp;Benzin&nbsp;<\/td>\n<td>&nbsp;2.0&nbsp;<\/td>\n<\/tr>\n<tr>\n<td><strong>&nbsp;CITRO\u00cbN &#8211; XSARA Break&nbsp;<\/strong><\/td>\n<td>&nbsp;2000 &#8211; 2005&nbsp;<\/td>\n<td>&nbsp;Benzin&nbsp;<\/td>\n<td>&nbsp;1.6&nbsp;<\/td>\n<\/tr>\n<tr>\n<td><strong>&nbsp;CITRO\u00cbN &#8211; XSARA Break&nbsp;<\/strong><\/td>\n<td>&nbsp;1997 &#8211; 2005&nbsp;<\/td>\n<td>&nbsp;Benzin&nbsp;<\/td>\n<td>&nbsp;1.4&nbsp;<\/td>\n<\/tr>\n<tr>\n<td><strong>&nbsp;CITRO\u00cbN &#8211; XSARA Break&nbsp;<\/strong><\/td>\n<td>&nbsp;1999 &#8211; 2005&nbsp;<\/td>\n<td>&nbsp;Dizel&nbsp;<\/td>\n<td>&nbsp;2.0&nbsp;<\/td>\n<\/tr>\n<tr>\n<td><strong>&nbsp;CITRO\u00cbN &#8211; XSARA Break&nbsp;<\/strong><\/td>\n<td>&nbsp;2001 &#8211; 2005&nbsp;<\/td>\n<td>&nbsp;Dizel&nbsp;<\/td>\n<td>&nbsp;2.0&nbsp;<\/td>\n<\/tr>\n<tr>\n<td><strong>&nbsp;CITRO\u00cbN &#8211; XSARA Coupe&nbsp;<\/strong><\/td>\n<td>&nbsp;2000 &#8211; 2005&nbsp;<\/td>\n<td>&nbsp;Benzin&nbsp;<\/td>\n<td>&nbsp;2.0&nbsp;<\/td>\n<\/tr>\n<tr>\n<td><strong>&nbsp;CITRO\u00cbN &#8211; XSARA Coupe&nbsp;<\/strong><\/td>\n<td>&nbsp;2000 &#8211; 2005&nbsp;<\/td>\n<td>&nbsp;Benzin&nbsp;<\/td>\n<td>&nbsp;1.6&nbsp;<\/td>\n<\/tr>\n<tr>\n<td><strong>&nbsp;CITRO\u00cbN &#8211; XSARA Coupe&nbsp;<\/strong><\/td>\n<td>&nbsp;1999 &#8211; 2005&nbsp;<\/td>\n<td>&nbsp;Dizel&nbsp;<\/td>\n<td>&nbsp;1.9&nbsp;<\/td>\n<\/tr>\n<tr>\n<td><strong>&nbsp;CITRO\u00cbN &#8211; XSARA Coupe&nbsp;<\/strong><\/td>\n<td>&nbsp;1998 &#8211; 2005&nbsp;<\/td>\n<td>&nbsp;Benzin&nbsp;<\/td>\n<td>&nbsp;1.4&nbsp;<\/td>\n<\/tr>\n<tr>\n<td><strong>&nbsp;CITRO\u00cbN &#8211; XSARA Coupe&nbsp;<\/strong><\/td>\n<td>&nbsp;1999 &#8211; 2005&nbsp;<\/td>\n<td>&nbsp;Dizel&nbsp;<\/td>\n<td>&nbsp;2.0&nbsp;<\/td>\n<\/tr>\n<tr>\n<td><strong>&nbsp;CITRO\u00cbN &#8211; XSARA Coupe&nbsp;<\/strong><\/td>\n<td>&nbsp;2001 &#8211; 2005&nbsp;<\/td>\n<td>&nbsp;Dizel&nbsp;<\/td>\n<td>&nbsp;2.0&nbsp;<\/td>\n<\/tr>\n<tr>\n<td><strong>&nbsp;CITRO\u00cbN &#8211; XSARA Kasa\/egik arka&nbsp;<\/strong><\/td>\n<td>&nbsp;2000 &#8211; 2005&nbsp;<\/td>\n<td>&nbsp;Dizel&nbsp;<\/td>\n<td>&nbsp;2.0&nbsp;<\/td>\n<\/tr>\n<tr>\n<td><strong>&nbsp;CITRO\u00cbN &#8211; XSARA Kasa\/egik arka&nbsp;<\/strong><\/td>\n<td>&nbsp;1999 &#8211; 2005&nbsp;<\/td>\n<td>&nbsp;Dizel&nbsp;<\/td>\n<td>&nbsp;1.9&nbsp;<\/td>\n<\/tr>\n<tr>\n<td><strong>&nbsp;CITRO\u00cbN &#8211; XSARA Kasa\/egik arka&nbsp;<\/strong><\/td>\n<td>&nbsp;1999 &#8211; 2000&nbsp;<\/td>\n<td>&nbsp;Benzin\/oto gaz (LPG)&nbsp;<\/td>\n<td>&nbsp;1.4&nbsp;<\/td>\n<\/tr>\n<tr>\n<td><strong>&nbsp;CITRO\u00cbN &#8211; XSARA Kasa\/egik arka&nbsp;<\/strong><\/td>\n<td>&nbsp;1998 &#8211; 2004&nbsp;<\/td>\n<td>&nbsp;Benzin&nbsp;<\/td>\n<td>&nbsp;1.4&nbsp;<\/td>\n<\/tr>\n<tr>\n<td><strong>&nbsp;CITRO\u00cbN &#8211; XSARA Kombi Van&nbsp;<\/strong><\/td>\n<td>&nbsp;2000 &#8211; 2005&nbsp;<\/td>\n<td>&nbsp;Dizel&nbsp;<\/td>\n<td>&nbsp;2.0&nbsp;<\/td>\n<\/tr>\n<tr>\n<td><strong>&nbsp;CITRO\u00cbN &#8211; XSARA PICASSO&nbsp;<\/strong><\/td>\n<td>&nbsp;1999 &#8211; 2011&nbsp;<\/td>\n<td>&nbsp;Dizel&nbsp;<\/td>\n<td>&nbsp;2.0&nbsp;<\/td>\n<\/tr>\n<tr>\n<td><strong>&nbsp;CITRO\u00cbN &#8211; XSARA PICASSO&nbsp;<\/strong><\/td>\n<td>&nbsp;2000 &#8211; 2005&nbsp;<\/td>\n<td>&nbsp;Benzin&nbsp;<\/td>\n<td>&nbsp;1.8&nbsp;<\/td>\n<\/tr>\n<tr>\n<td><strong>&nbsp;CITRO\u00cbN &#8211; XSARA PICASSO&nbsp;<\/strong><\/td>\n<td>&nbsp;1999 &#8211; 2001&nbsp;<\/td>\n<td>&nbsp;Benzin&nbsp;<\/td>\n<td>&nbsp;1.6&nbsp;<\/td>\n<\/tr>\n<tr>\n<td><strong>&nbsp;CITRO\u00cbN &#8211; XSARA PICASSO&nbsp;<\/strong><\/td>\n<td>&nbsp;1999 &#8211; 2010&nbsp;<\/td>\n<td>&nbsp;Benzin&nbsp;<\/td>\n<td>&nbsp;1.6&nbsp;<\/td>\n<\/tr>\n<tr>\n<td><strong>&nbsp;CITRO\u00cbN &#8211; XSARA PICASSO&nbsp;<\/strong><\/td>\n<td>&nbsp;2001 &#8211; 2004&nbsp;<\/td>\n<td>&nbsp;Benzin&nbsp;<\/td>\n<td>&nbsp;1.6&nbsp;<\/td>\n<\/tr>\n<tr>\n<td><strong>&nbsp;CITRO\u00cbN &#8211; XSARA PICASSO&nbsp;<\/strong><\/td>\n<td>&nbsp;2002 &#8211; 2005&nbsp;<\/td>\n<td>&nbsp;Benzin&nbsp;<\/td>\n<td>&nbsp;1.6&nbsp;<\/td>\n<\/tr>\n<tr>\n<td><strong>&nbsp;CITRO\u00cbN &#8211; XSARA PICASSO&nbsp;<\/strong><\/td>\n<td>&nbsp;2003 &#8211; 2012&nbsp;<\/td>\n<td>&nbsp;Benzin&nbsp;<\/td>\n<td>&nbsp;2.0&nbsp;<\/td>\n<\/tr>\n<tr>\n<td><strong>&nbsp;OPEL &#8211; COMBO&nbsp;<\/strong><\/td>\n<td>&nbsp;1994 &#8211; 2001&nbsp;<\/td>\n<td>&nbsp;Benzin&nbsp;<\/td>\n<td>&nbsp;1.4&nbsp;<\/td>\n<\/tr>\n<tr>\n<td><strong>&nbsp;OPEL &#8211; COMBO&nbsp;<\/strong><\/td>\n<td>&nbsp;1994 &#8211; 2001&nbsp;<\/td>\n<td>&nbsp;Benzin&nbsp;<\/td>\n<td>&nbsp;1.2&nbsp;<\/td>\n<\/tr>\n<tr>\n<td><strong>&nbsp;OPEL &#8211; CORSA B&nbsp;<\/strong><\/td>\n<td>&nbsp;1993 &#8211; 2000&nbsp;<\/td>\n<td>&nbsp;Benzin&nbsp;<\/td>\n<td>&nbsp;1.2&nbsp;<\/td>\n<\/tr>\n<tr>\n<td><strong>&nbsp;OPEL &#8211; CORSA B&nbsp;<\/strong><\/td>\n<td>&nbsp;1994 &#8211; 2000&nbsp;<\/td>\n<td>&nbsp;Benzin&nbsp;<\/td>\n<td>&nbsp;1.4&nbsp;<\/td>\n<\/tr>\n<tr>\n<td><strong>&nbsp;OPEL &#8211; CORSA B&nbsp;<\/strong><\/td>\n<td>&nbsp;1993 &#8211; 2000&nbsp;<\/td>\n<td>&nbsp;Benzin&nbsp;<\/td>\n<td>&nbsp;1.4&nbsp;<\/td>\n<\/tr>\n<tr>\n<td><strong>&nbsp;OPEL &#8211; CORSA B Panelvan\/Van&nbsp;<\/strong><\/td>\n<td>&nbsp;1999 &#8211; 2000&nbsp;<\/td>\n<td>&nbsp;Benzin&nbsp;<\/td>\n<td>&nbsp;1.4&nbsp;<\/td>\n<\/tr>\n<tr>\n<td><strong>&nbsp;OPEL &#8211; TIGRA&nbsp;<\/strong><\/td>\n<td>&nbsp;1994 &#8211; 1998&nbsp;<\/td>\n<td>&nbsp;Benzin&nbsp;<\/td>\n<td>&nbsp;1.6&nbsp;<\/td>\n<\/tr>\n<tr>\n<td><strong>&nbsp;OPEL &#8211; TIGRA&nbsp;<\/strong><\/td>\n<td>&nbsp;1994 &#8211; 2000&nbsp;<\/td>\n<td>&nbsp;Benzin&nbsp;<\/td>\n<td>&nbsp;1.4&nbsp;<\/td>\n<\/tr>\n<tr>\n<td><strong>&nbsp;OPEL &#8211; TIGRA&nbsp;<\/strong><\/td>\n<td>&nbsp;1997 &#8211; 1998&nbsp;<\/td>\n<td>&nbsp;Benzin&nbsp;<\/td>\n<td>&nbsp;1.6&nbsp;<\/td>\n<\/tr>\n<tr>\n<td><strong>&nbsp;OPEL &#8211; TIGRA&nbsp;<\/strong><\/td>\n<td>&nbsp;1997 &#8211; 2000&nbsp;<\/td>\n<td>&nbsp;Benzin&nbsp;<\/td>\n<td>&nbsp;1.4&nbsp;<\/td>\n<\/tr>\n<tr>\n<td><strong>&nbsp;OPEL &#8211; VECTRA B&nbsp;<\/strong><\/td>\n<td>&nbsp;2000 &#8211; 2002&nbsp;<\/td>\n<td>&nbsp;Benzin&nbsp;<\/td>\n<td>&nbsp;2.2&nbsp;<\/td>\n<\/tr>\n<tr>\n<td><strong>&nbsp;OPEL &#8211; VECTRA B Station Wagon&nbsp;<\/strong><\/td>\n<td>&nbsp;2000 &#8211; 2003&nbsp;<\/td>\n<td>&nbsp;Benzin&nbsp;<\/td>\n<td>&nbsp;2.2&nbsp;<\/td>\n<\/tr>\n<tr>\n<td><strong>&nbsp;CHEVROLET &#8211; CORSA Pick-up&nbsp;<\/strong><\/td>\n<td>&nbsp;1994 &#8211; 1997&nbsp;<\/td>\n<td>&nbsp;Benzin&nbsp;<\/td>\n<td>&nbsp;1.4 GLS&nbsp;<\/td>\n<\/tr>\n<tr>\n<td><strong>&nbsp;CHEVROLET &#8211; CORSA Sedan&nbsp;<\/strong><\/td>\n<td>&nbsp;1994 &#8211; 1997&nbsp;<\/td>\n<td>&nbsp;Benzin&nbsp;<\/td>\n<td>&nbsp;1.4 GLS&nbsp;<\/td>\n<\/tr>\n<tr>\n<td><strong>&nbsp;JEEP &#8211; GRAND CHEROKEE III&nbsp;<\/strong><\/td>\n<td>&nbsp;2005 &#8211; 2010&nbsp;<\/td>\n<td>&nbsp;Dizel&nbsp;<\/td>\n<td>&nbsp;3.0&nbsp;<\/td>\n<\/tr>\n<\/table>\n<style>#carPropertiesTable td{padding:2px;}<\/style>\n","protected":false},"excerpt":{"rendered":"<p>HAVA F\u0130LTRES\u0130 (PEUGEOT 206 &#8211; C\u0130TROEN XSARA)S\u00dcNGERL\u0130<\/p>\n","protected":false},"featured_media":217478,"comment_status":"open","ping_status":"closed","template":"","meta":[],"product_brand":[],"product_cat":[906,372],"product_tag":[9796,1165,1096,1085,1697,16531],"class_list":{"0":"post-217479","1":"product","2":"type-product","3":"status-publish","4":"has-post-thumbnail","6":"product_cat-oto-hava-filtresi","7":"product_cat-otomotiv","8":"product_tag-9796","9":"product_tag-citroen","10":"product_tag-filtresi","11":"product_tag-hava","12":"product_tag-peugeot","13":"product_tag-xsarasungerli","15":"first","16":"instock","17":"taxable","18":"shipping-taxable","19":"purchasable","20":"product-type-simple"},"_links":{"self":[{"href":"https:\/\/depodanmusteriye.com\/urunler\/wp-json\/wp\/v2\/product\/217479","targetHints":{"allow":["GET"]}}],"collection":[{"href":"https:\/\/depodanmusteriye.com\/urunler\/wp-json\/wp\/v2\/product"}],"about":[{"href":"https:\/\/depodanmusteriye.com\/urunler\/wp-json\/wp\/v2\/types\/product"}],"replies":[{"embeddable":true,"href":"https:\/\/depodanmusteriye.com\/urunler\/wp-json\/wp\/v2\/comments?post=217479"}],"version-history":[{"count":0,"href":"https:\/\/depodanmusteriye.com\/urunler\/wp-json\/wp\/v2\/product\/217479\/revisions"}],"wp:featuredmedia":[{"embeddable":true,"href":"https:\/\/depodanmusteriye.com\/urunler\/wp-json\/wp\/v2\/media\/217478"}],"wp:attachment":[{"href":"https:\/\/depodanmusteriye.com\/urunler\/wp-json\/wp\/v2\/media?parent=217479"}],"wp:term":[{"taxonomy":"product_brand","embeddable":true,"href":"https:\/\/depodanmusteriye.com\/urunler\/wp-json\/wp\/v2\/product_brand?post=217479"},{"taxonomy":"product_cat","embeddable":true,"href":"https:\/\/depodanmusteriye.com\/urunler\/wp-json\/wp\/v2\/product_cat?post=217479"},{"taxonomy":"product_tag","embeddable":true,"href":"https:\/\/depodanmusteriye.com\/urunler\/wp-json\/wp\/v2\/product_tag?post=217479"}],"curies":[{"name":"wp","href":"https:\/\/api.w.org\/{rel}","templated":true}]}}