{"id":217243,"date":"2025-12-22T22:18:51","date_gmt":"2025-12-22T22:18:51","guid":{"rendered":"https:\/\/b2b.depodanmusteriye.com\/urun\/hava-filtresi-mercedes-e-serisi-w210-s210-e200-e240-e280-e320-e430-95-02\/"},"modified":"2025-12-22T22:18:51","modified_gmt":"2025-12-22T22:18:51","slug":"hava-filtresi-mercedes-e-serisi-w210-s210-e200-e240-e280-e320-e430-95-02","status":"publish","type":"product","link":"https:\/\/depodanmusteriye.com\/urunler\/urun\/hava-filtresi-mercedes-e-serisi-w210-s210-e200-e240-e280-e320-e430-95-02\/","title":{"rendered":"HAVA F\u0130LTRES\u0130 [ MERCEDES E SER\u0130S\u0130 (W210-S210) E200, E240, E280, E320, E430 95-02 ]"},"content":{"rendered":"<h4><\/p>\n<h4> <b>1 ADET F\u0130YATIDIR<\/b> <\/h4>\n<p>HAVA F\u0130LTRES\u0130 [ MERCEDES E SER\u0130S\u0130 (W210-S210) E200, E240, E280, E320, E430 95-02 ]<\/p>\n<p><b>\u00dcretici Markas\u0131 : SARDES<\/b><\/p>\n<p><b>\u00dcretici Kodu : SA332<\/b><\/p>\n<p><b>1 ADET F\u0130YATIDIR<\/b><\/p>\n<\/h4>\n<p><\/p>\n<table id='carPropertiesTable' width='100%' border='1' cellspacing='0' cellpadding='0'>\n<tr>\n<th><strong>OEM<\/strong><\/th>\n<td>A1120940204<\/td>\n<td>A1120940104<\/td>\n<td>1120940204<\/td>\n<\/tr>\n<tr>\n<td colspan='4'>&nbsp;<\/td>\n<\/tr>\n<tr>\n<th><strong>MODEL<\/strong><\/th>\n<th><strong>YIL<\/strong><\/th>\n<th><strong>YAKIT<\/strong><\/th>\n<th><strong>MOTOR HACM\u0130<\/strong><\/th>\n<\/tr>\n<tr>\n<td><strong>&nbsp;MERCEDES-BENZ &#8211; E-SERISI&nbsp;<\/strong><\/td>\n<td>&nbsp;2000 &#8211; 2002&nbsp;<\/td>\n<td>&nbsp;Benzin&nbsp;<\/td>\n<td>&nbsp;E&nbsp;<\/td>\n<\/tr>\n<tr>\n<td><strong>&nbsp;MERCEDES-BENZ &#8211; E-SERISI&nbsp;<\/strong><\/td>\n<td>&nbsp;1997 &#8211; 2000&nbsp;<\/td>\n<td>&nbsp;Benzin&nbsp;<\/td>\n<td>&nbsp;E&nbsp;<\/td>\n<\/tr>\n<tr>\n<td><strong>&nbsp;MERCEDES-BENZ &#8211; E-SERISI&nbsp;<\/strong><\/td>\n<td>&nbsp;1997 &#8211; 2002&nbsp;<\/td>\n<td>&nbsp;Benzin&nbsp;<\/td>\n<td>&nbsp;E&nbsp;<\/td>\n<\/tr>\n<tr>\n<td><strong>&nbsp;MERCEDES-BENZ &#8211; E-SERISI&nbsp;<\/strong><\/td>\n<td>&nbsp;1996 &#8211; 2002&nbsp;<\/td>\n<td>&nbsp;Benzin&nbsp;<\/td>\n<td>&nbsp;E&nbsp;<\/td>\n<\/tr>\n<tr>\n<td><strong>&nbsp;MERCEDES-BENZ &#8211; E-SERISI&nbsp;<\/strong><\/td>\n<td>&nbsp;1996 &#8211; 1997&nbsp;<\/td>\n<td>&nbsp;Benzin&nbsp;<\/td>\n<td>&nbsp;E&nbsp;<\/td>\n<\/tr>\n<tr>\n<td><strong>&nbsp;MERCEDES-BENZ &#8211; E-SERISI&nbsp;<\/strong><\/td>\n<td>&nbsp;1995 &#8211; 2000&nbsp;<\/td>\n<td>&nbsp;Benzin&nbsp;<\/td>\n<td>&nbsp;E&nbsp;<\/td>\n<\/tr>\n<tr>\n<td><strong>&nbsp;MERCEDES-BENZ &#8211; E-SERISI Platform \u015fasi&nbsp;<\/strong><\/td>\n<td>&nbsp;1999 &#8211; 2002&nbsp;<\/td>\n<td>&nbsp;Benzin&nbsp;<\/td>\n<td>&nbsp;E&nbsp;<\/td>\n<\/tr>\n<tr>\n<td><strong>&nbsp;MERCEDES-BENZ &#8211; E-SERISI T-Model&nbsp;<\/strong><\/td>\n<td>&nbsp;2000 &#8211; 2003&nbsp;<\/td>\n<td>&nbsp;Benzin&nbsp;<\/td>\n<td>&nbsp;E&nbsp;<\/td>\n<\/tr>\n<tr>\n<td><strong>&nbsp;MERCEDES-BENZ &#8211; E-SERISI T-Model&nbsp;<\/strong><\/td>\n<td>&nbsp;1997 &#8211; 2003&nbsp;<\/td>\n<td>&nbsp;Benzin&nbsp;<\/td>\n<td>&nbsp;E&nbsp;<\/td>\n<\/tr>\n<tr>\n<td><strong>&nbsp;MERCEDES-BENZ &#8211; E-SERISI T-Model&nbsp;<\/strong><\/td>\n<td>&nbsp;1996 &#8211; 2003&nbsp;<\/td>\n<td>&nbsp;Benzin&nbsp;<\/td>\n<td>&nbsp;E&nbsp;<\/td>\n<\/tr>\n<tr>\n<td><strong>&nbsp;MERCEDES-BENZ &#8211; E-SERISI T-Model&nbsp;<\/strong><\/td>\n<td>&nbsp;1996 &#8211; 2000&nbsp;<\/td>\n<td>&nbsp;Benzin&nbsp;<\/td>\n<td>&nbsp;E&nbsp;<\/td>\n<\/tr>\n<tr>\n<td><strong>&nbsp;MERCEDES-BENZ &#8211; E-SERISI T-Model&nbsp;<\/strong><\/td>\n<td>&nbsp;2003 &#8211; 2009&nbsp;<\/td>\n<td>&nbsp;Benzin&nbsp;<\/td>\n<td>&nbsp;E&nbsp;<\/td>\n<\/tr>\n<tr>\n<td><strong>&nbsp;VW &#8211; GOLF IV&nbsp;<\/strong><\/td>\n<td>&nbsp;2000 &#8211; 2005&nbsp;<\/td>\n<td>&nbsp;Dizel&nbsp;<\/td>\n<td>&nbsp;1.9 TDI&nbsp;<\/td>\n<\/tr>\n<tr>\n<td><strong>&nbsp;VW &#8211; MULTIVAN V&nbsp;<\/strong><\/td>\n<td>&nbsp;2006 &#8211; 2009&nbsp;<\/td>\n<td>&nbsp;Dizel&nbsp;<\/td>\n<td>&nbsp;1.9 TDI&nbsp;<\/td>\n<\/tr>\n<tr>\n<td><strong>&nbsp;VW &#8211; MULTIVAN V&nbsp;<\/strong><\/td>\n<td>&nbsp;2004 &#8211; 2009&nbsp;<\/td>\n<td>&nbsp;Dizel&nbsp;<\/td>\n<td>&nbsp;2.5 TDI&nbsp;<\/td>\n<\/tr>\n<tr>\n<td><strong>&nbsp;VW &#8211; MULTIVAN V&nbsp;<\/strong><\/td>\n<td>&nbsp;2004 &#8211; 2009&nbsp;<\/td>\n<td>&nbsp;Benzin&nbsp;<\/td>\n<td>&nbsp;3.2&nbsp;<\/td>\n<\/tr>\n<tr>\n<td><strong>&nbsp;VW &#8211; MULTIVAN V&nbsp;<\/strong><\/td>\n<td>&nbsp;2012 &#8211; 2015&nbsp;<\/td>\n<td>&nbsp;Benzin&nbsp;<\/td>\n<td>&nbsp;2.0 TSI&nbsp;<\/td>\n<\/tr>\n<tr>\n<td><strong>&nbsp;VW &#8211; MULTIVAN V&nbsp;<\/strong><\/td>\n<td>&nbsp;2009 &#8211; 2015&nbsp;<\/td>\n<td>&nbsp;Dizel&nbsp;<\/td>\n<td>&nbsp;2.0&nbsp;<\/td>\n<\/tr>\n<tr>\n<td><strong>&nbsp;VW &#8211; MULTIVAN V&nbsp;<\/strong><\/td>\n<td>&nbsp;2009 &#8211; 2015&nbsp;<\/td>\n<td>&nbsp;Dizel&nbsp;<\/td>\n<td>&nbsp;2.0 TDI&nbsp;<\/td>\n<\/tr>\n<tr>\n<td><strong>&nbsp;VW &#8211; MULTIVAN V&nbsp;<\/strong><\/td>\n<td>&nbsp;2003 &#8211; 2009&nbsp;<\/td>\n<td>&nbsp;Dizel&nbsp;<\/td>\n<td>&nbsp;1.9 TDI&nbsp;<\/td>\n<\/tr>\n<tr>\n<td><strong>&nbsp;VW &#8211; MULTIVAN V&nbsp;<\/strong><\/td>\n<td>&nbsp;2011 &#8211; 2015&nbsp;<\/td>\n<td>&nbsp;Benzin&nbsp;<\/td>\n<td>&nbsp;2.0 TSI&nbsp;<\/td>\n<\/tr>\n<tr>\n<td><strong>&nbsp;VW &#8211; MULTIVAN V&nbsp;<\/strong><\/td>\n<td>&nbsp;2003 &#8211; 2009&nbsp;<\/td>\n<td>&nbsp;Dizel&nbsp;<\/td>\n<td>&nbsp;2.5 TDI&nbsp;<\/td>\n<\/tr>\n<tr>\n<td><strong>&nbsp;VW &#8211; MULTIVAN V&nbsp;<\/strong><\/td>\n<td>&nbsp;2004 &#8211; 2004&nbsp;<\/td>\n<td>&nbsp;Benzin&nbsp;<\/td>\n<td>&nbsp;3.2&nbsp;<\/td>\n<\/tr>\n<tr>\n<td><strong>&nbsp;VW &#8211; MULTIVAN V&nbsp;<\/strong><\/td>\n<td>&nbsp;2003 &#8211; 2015&nbsp;<\/td>\n<td>&nbsp;Benzin&nbsp;<\/td>\n<td>&nbsp;2.0&nbsp;<\/td>\n<\/tr>\n<tr>\n<td><strong>&nbsp;VW &#8211; MULTIVAN V&nbsp;<\/strong><\/td>\n<td>&nbsp;2011 &#8211; 2015&nbsp;<\/td>\n<td>&nbsp;Dizel&nbsp;<\/td>\n<td>&nbsp;2.0 TDI&nbsp;<\/td>\n<\/tr>\n<tr>\n<td><strong>&nbsp;VW &#8211; MULTIVAN VI&nbsp;<\/strong><\/td>\n<td>&nbsp;2016 &#8211; &nbsp;<\/td>\n<td>&nbsp;Dizel&nbsp;<\/td>\n<td>&nbsp;2.0 TDI&nbsp;<\/td>\n<\/tr>\n<tr>\n<td><strong>&nbsp;VW &#8211; MULTIVAN VI&nbsp;<\/strong><\/td>\n<td>&nbsp;2015 &#8211; &nbsp;<\/td>\n<td>&nbsp;Benzin&nbsp;<\/td>\n<td>&nbsp;2.0 TSI&nbsp;<\/td>\n<\/tr>\n<tr>\n<td><strong>&nbsp;VW &#8211; MULTIVAN VI&nbsp;<\/strong><\/td>\n<td>&nbsp;2015 &#8211; &nbsp;<\/td>\n<td>&nbsp;Dizel&nbsp;<\/td>\n<td>&nbsp;2.0 TDI&nbsp;<\/td>\n<\/tr>\n<tr>\n<td><strong>&nbsp;VW &#8211; MULTIVAN VI&nbsp;<\/strong><\/td>\n<td>&nbsp;2018 &#8211; &nbsp;<\/td>\n<td>&nbsp;Dizel&nbsp;<\/td>\n<td>&nbsp;2.0 TDI&nbsp;<\/td>\n<\/tr>\n<tr>\n<td><strong>&nbsp;VW &#8211; TRANSPORTER V Minib\u00fcs\/Otob\u00fcs&nbsp;<\/strong><\/td>\n<td>&nbsp;2003 &#8211; 2009&nbsp;<\/td>\n<td>&nbsp;Benzin&nbsp;<\/td>\n<td>&nbsp;3.2&nbsp;<\/td>\n<\/tr>\n<tr>\n<td><strong>&nbsp;VW &#8211; TRANSPORTER V Minib\u00fcs\/Otob\u00fcs&nbsp;<\/strong><\/td>\n<td>&nbsp;2006 &#8211; 2009&nbsp;<\/td>\n<td>&nbsp;Dizel&nbsp;<\/td>\n<td>&nbsp;1.9 TDI&nbsp;<\/td>\n<\/tr>\n<tr>\n<td><strong>&nbsp;VW &#8211; TRANSPORTER V Minib\u00fcs\/Otob\u00fcs&nbsp;<\/strong><\/td>\n<td>&nbsp;2004 &#8211; 2009&nbsp;<\/td>\n<td>&nbsp;Dizel&nbsp;<\/td>\n<td>&nbsp;2.5 TDI&nbsp;<\/td>\n<\/tr>\n<tr>\n<td><strong>&nbsp;VW &#8211; TRANSPORTER V Minib\u00fcs\/Otob\u00fcs&nbsp;<\/strong><\/td>\n<td>&nbsp;2004 &#8211; 2009&nbsp;<\/td>\n<td>&nbsp;Benzin&nbsp;<\/td>\n<td>&nbsp;3.2&nbsp;<\/td>\n<\/tr>\n<tr>\n<td><strong>&nbsp;VW &#8211; TRANSPORTER V Minib\u00fcs\/Otob\u00fcs&nbsp;<\/strong><\/td>\n<td>&nbsp;2010 &#8211; 2015&nbsp;<\/td>\n<td>&nbsp;Dizel&nbsp;<\/td>\n<td>&nbsp;2.0 TDI&nbsp;<\/td>\n<\/tr>\n<tr>\n<td><strong>&nbsp;VW &#8211; TRANSPORTER V Minib\u00fcs\/Otob\u00fcs&nbsp;<\/strong><\/td>\n<td>&nbsp;2004 &#8211; 2004&nbsp;<\/td>\n<td>&nbsp;Benzin&nbsp;<\/td>\n<td>&nbsp;3.2&nbsp;<\/td>\n<\/tr>\n<tr>\n<td><strong>&nbsp;VW &#8211; TRANSPORTER V Minib\u00fcs\/Otob\u00fcs&nbsp;<\/strong><\/td>\n<td>&nbsp;2003 &#8211; 2015&nbsp;<\/td>\n<td>&nbsp;Benzin&nbsp;<\/td>\n<td>&nbsp;2.0&nbsp;<\/td>\n<\/tr>\n<tr>\n<td><strong>&nbsp;VW &#8211; TRANSPORTER V Minib\u00fcs\/Otob\u00fcs&nbsp;<\/strong><\/td>\n<td>&nbsp;2003 &#8211; 2009&nbsp;<\/td>\n<td>&nbsp;Dizel&nbsp;<\/td>\n<td>&nbsp;2.5 TDI&nbsp;<\/td>\n<\/tr>\n<tr>\n<td><strong>&nbsp;VW &#8211; TRANSPORTER V Minib\u00fcs\/Otob\u00fcs&nbsp;<\/strong><\/td>\n<td>&nbsp;2012 &#8211; 2015&nbsp;<\/td>\n<td>&nbsp;Benzin&nbsp;<\/td>\n<td>&nbsp;2.0 TSI&nbsp;<\/td>\n<\/tr>\n<tr>\n<td><strong>&nbsp;VW &#8211; TRANSPORTER V Minib\u00fcs\/Otob\u00fcs&nbsp;<\/strong><\/td>\n<td>&nbsp;2003 &#8211; 2009&nbsp;<\/td>\n<td>&nbsp;Dizel&nbsp;<\/td>\n<td>&nbsp;1.9 TDI&nbsp;<\/td>\n<\/tr>\n<tr>\n<td><strong>&nbsp;VW &#8211; TRANSPORTER V Minib\u00fcs\/Otob\u00fcs&nbsp;<\/strong><\/td>\n<td>&nbsp;2009 &#8211; 2015&nbsp;<\/td>\n<td>&nbsp;Dizel&nbsp;<\/td>\n<td>&nbsp;2.0&nbsp;<\/td>\n<\/tr>\n<tr>\n<td><strong>&nbsp;VW &#8211; TRANSPORTER V Minib\u00fcs\/Otob\u00fcs&nbsp;<\/strong><\/td>\n<td>&nbsp;2009 &#8211; 2015&nbsp;<\/td>\n<td>&nbsp;Dizel&nbsp;<\/td>\n<td>&nbsp;2.0 TDI&nbsp;<\/td>\n<\/tr>\n<tr>\n<td><strong>&nbsp;VW &#8211; TRANSPORTER V Minib\u00fcs\/Otob\u00fcs&nbsp;<\/strong><\/td>\n<td>&nbsp;2011 &#8211; 2015&nbsp;<\/td>\n<td>&nbsp;Benzin&nbsp;<\/td>\n<td>&nbsp;2.0 TSI&nbsp;<\/td>\n<\/tr>\n<tr>\n<td><strong>&nbsp;VW &#8211; TRANSPORTER V Minib\u00fcs\/Otob\u00fcs&nbsp;<\/strong><\/td>\n<td>&nbsp;2011 &#8211; 2015&nbsp;<\/td>\n<td>&nbsp;Dizel&nbsp;<\/td>\n<td>&nbsp;2.0 TDI&nbsp;<\/td>\n<\/tr>\n<tr>\n<td><strong>&nbsp;VW &#8211; TRANSPORTER V Panelvan\/Van&nbsp;<\/strong><\/td>\n<td>&nbsp;2003 &#8211; 2009&nbsp;<\/td>\n<td>&nbsp;Benzin&nbsp;<\/td>\n<td>&nbsp;3.2&nbsp;<\/td>\n<\/tr>\n<tr>\n<td><strong>&nbsp;VW &#8211; TRANSPORTER V Panelvan\/Van&nbsp;<\/strong><\/td>\n<td>&nbsp;2006 &#8211; 2009&nbsp;<\/td>\n<td>&nbsp;Dizel&nbsp;<\/td>\n<td>&nbsp;1.9 TDI&nbsp;<\/td>\n<\/tr>\n<tr>\n<td><strong>&nbsp;VW &#8211; TRANSPORTER V Panelvan\/Van&nbsp;<\/strong><\/td>\n<td>&nbsp;2004 &#8211; 2009&nbsp;<\/td>\n<td>&nbsp;Dizel&nbsp;<\/td>\n<td>&nbsp;2.5 TDI&nbsp;<\/td>\n<\/tr>\n<tr>\n<td><strong>&nbsp;VW &#8211; TRANSPORTER V Panelvan\/Van&nbsp;<\/strong><\/td>\n<td>&nbsp;2004 &#8211; 2009&nbsp;<\/td>\n<td>&nbsp;Benzin&nbsp;<\/td>\n<td>&nbsp;3.2&nbsp;<\/td>\n<\/tr>\n<tr>\n<td><strong>&nbsp;VW &#8211; TRANSPORTER V Panelvan\/Van&nbsp;<\/strong><\/td>\n<td>&nbsp;2012 &#8211; 2015&nbsp;<\/td>\n<td>&nbsp;Benzin&nbsp;<\/td>\n<td>&nbsp;2.0 TSI&nbsp;<\/td>\n<\/tr>\n<tr>\n<td><strong>&nbsp;VW &#8211; TRANSPORTER V Panelvan\/Van&nbsp;<\/strong><\/td>\n<td>&nbsp;2003 &#8211; 2005&nbsp;<\/td>\n<td>&nbsp;Benzin&nbsp;<\/td>\n<td>&nbsp;3.2&nbsp;<\/td>\n<\/tr>\n<tr>\n<td><strong>&nbsp;VW &#8211; TRANSPORTER V Panelvan\/Van&nbsp;<\/strong><\/td>\n<td>&nbsp;2009 &#8211; 2015&nbsp;<\/td>\n<td>&nbsp;Dizel&nbsp;<\/td>\n<td>&nbsp;2.0&nbsp;<\/td>\n<\/tr>\n<tr>\n<td><strong>&nbsp;VW &#8211; TRANSPORTER V Panelvan\/Van&nbsp;<\/strong><\/td>\n<td>&nbsp;2003 &#8211; 2015&nbsp;<\/td>\n<td>&nbsp;Benzin&nbsp;<\/td>\n<td>&nbsp;2.0&nbsp;<\/td>\n<\/tr>\n<tr>\n<td><strong>&nbsp;VW &#8211; TRANSPORTER V Panelvan\/Van&nbsp;<\/strong><\/td>\n<td>&nbsp;2003 &#8211; 2009&nbsp;<\/td>\n<td>&nbsp;Dizel&nbsp;<\/td>\n<td>&nbsp;2.5 TDI&nbsp;<\/td>\n<\/tr>\n<tr>\n<td><strong>&nbsp;VW &#8211; TRANSPORTER V Panelvan\/Van&nbsp;<\/strong><\/td>\n<td>&nbsp;2003 &#8211; 2009&nbsp;<\/td>\n<td>&nbsp;Dizel&nbsp;<\/td>\n<td>&nbsp;1.9 TDI&nbsp;<\/td>\n<\/tr>\n<tr>\n<td><strong>&nbsp;VW &#8211; TRANSPORTER V Panelvan\/Van&nbsp;<\/strong><\/td>\n<td>&nbsp;2009 &#8211; 2015&nbsp;<\/td>\n<td>&nbsp;Dizel&nbsp;<\/td>\n<td>&nbsp;2.0 TDI&nbsp;<\/td>\n<\/tr>\n<tr>\n<td><strong>&nbsp;VW &#8211; TRANSPORTER V Panelvan\/Van&nbsp;<\/strong><\/td>\n<td>&nbsp;2010 &#8211; 2015&nbsp;<\/td>\n<td>&nbsp;Dizel&nbsp;<\/td>\n<td>&nbsp;2.0 TDI&nbsp;<\/td>\n<\/tr>\n<tr>\n<td><strong>&nbsp;VW &#8211; TRANSPORTER V Panelvan\/Van&nbsp;<\/strong><\/td>\n<td>&nbsp;2011 &#8211; 2015&nbsp;<\/td>\n<td>&nbsp;Benzin&nbsp;<\/td>\n<td>&nbsp;2.0 TSI&nbsp;<\/td>\n<\/tr>\n<tr>\n<td><strong>&nbsp;VW &#8211; TRANSPORTER V Panelvan\/Van&nbsp;<\/strong><\/td>\n<td>&nbsp;2011 &#8211; 2015&nbsp;<\/td>\n<td>&nbsp;Dizel&nbsp;<\/td>\n<td>&nbsp;2.0 TDI&nbsp;<\/td>\n<\/tr>\n<tr>\n<td><strong>&nbsp;VW &#8211; TRANSPORTER V Platform \u015fasi&nbsp;<\/strong><\/td>\n<td>&nbsp;2003 &#8211; 2009&nbsp;<\/td>\n<td>&nbsp;Benzin&nbsp;<\/td>\n<td>&nbsp;3.2&nbsp;<\/td>\n<\/tr>\n<tr>\n<td><strong>&nbsp;VW &#8211; TRANSPORTER V Platform \u015fasi&nbsp;<\/strong><\/td>\n<td>&nbsp;2006 &#8211; 2009&nbsp;<\/td>\n<td>&nbsp;Dizel&nbsp;<\/td>\n<td>&nbsp;1.9 TDI&nbsp;<\/td>\n<\/tr>\n<tr>\n<td><strong>&nbsp;VW &#8211; TRANSPORTER V Platform \u015fasi&nbsp;<\/strong><\/td>\n<td>&nbsp;2004 &#8211; 2009&nbsp;<\/td>\n<td>&nbsp;Dizel&nbsp;<\/td>\n<td>&nbsp;2.5 TDI&nbsp;<\/td>\n<\/tr>\n<tr>\n<td><strong>&nbsp;VW &#8211; TRANSPORTER V Platform \u015fasi&nbsp;<\/strong><\/td>\n<td>&nbsp;2003 &#8211; 2006&nbsp;<\/td>\n<td>&nbsp;Benzin&nbsp;<\/td>\n<td>&nbsp;3.2&nbsp;<\/td>\n<\/tr>\n<tr>\n<td><strong>&nbsp;VW &#8211; TRANSPORTER V Platform \u015fasi&nbsp;<\/strong><\/td>\n<td>&nbsp;2012 &#8211; 2015&nbsp;<\/td>\n<td>&nbsp;Benzin&nbsp;<\/td>\n<td>&nbsp;2.0 TSI&nbsp;<\/td>\n<\/tr>\n<tr>\n<td><strong>&nbsp;VW &#8211; TRANSPORTER V Platform \u015fasi&nbsp;<\/strong><\/td>\n<td>&nbsp;2009 &#8211; 2015&nbsp;<\/td>\n<td>&nbsp;Dizel&nbsp;<\/td>\n<td>&nbsp;2.0&nbsp;<\/td>\n<\/tr>\n<tr>\n<td><strong>&nbsp;VW &#8211; TRANSPORTER V Platform \u015fasi&nbsp;<\/strong><\/td>\n<td>&nbsp;2009 &#8211; 2015&nbsp;<\/td>\n<td>&nbsp;Dizel&nbsp;<\/td>\n<td>&nbsp;2.0 TDI&nbsp;<\/td>\n<\/tr>\n<tr>\n<td><strong>&nbsp;VW &#8211; TRANSPORTER V Platform \u015fasi&nbsp;<\/strong><\/td>\n<td>&nbsp;2004 &#8211; 2009&nbsp;<\/td>\n<td>&nbsp;Benzin&nbsp;<\/td>\n<td>&nbsp;3.2&nbsp;<\/td>\n<\/tr>\n<tr>\n<td><strong>&nbsp;VW &#8211; TRANSPORTER V Platform \u015fasi&nbsp;<\/strong><\/td>\n<td>&nbsp;2003 &#8211; 2013&nbsp;<\/td>\n<td>&nbsp;Benzin&nbsp;<\/td>\n<td>&nbsp;2.0&nbsp;<\/td>\n<\/tr>\n<tr>\n<td><strong>&nbsp;VW &#8211; TRANSPORTER V Platform \u015fasi&nbsp;<\/strong><\/td>\n<td>&nbsp;2003 &#8211; 2009&nbsp;<\/td>\n<td>&nbsp;Dizel&nbsp;<\/td>\n<td>&nbsp;2.5 TDI&nbsp;<\/td>\n<\/tr>\n<tr>\n<td><strong>&nbsp;VW &#8211; TRANSPORTER V Platform \u015fasi&nbsp;<\/strong><\/td>\n<td>&nbsp;2010 &#8211; 2015&nbsp;<\/td>\n<td>&nbsp;Dizel&nbsp;<\/td>\n<td>&nbsp;2.0 TDI&nbsp;<\/td>\n<\/tr>\n<tr>\n<td><strong>&nbsp;VW &#8211; TRANSPORTER V Platform \u015fasi&nbsp;<\/strong><\/td>\n<td>&nbsp;2003 &#8211; 2009&nbsp;<\/td>\n<td>&nbsp;Dizel&nbsp;<\/td>\n<td>&nbsp;1.9 TDI&nbsp;<\/td>\n<\/tr>\n<tr>\n<td><strong>&nbsp;VW &#8211; TRANSPORTER V Platform \u015fasi&nbsp;<\/strong><\/td>\n<td>&nbsp;2011 &#8211; 2015&nbsp;<\/td>\n<td>&nbsp;Dizel&nbsp;<\/td>\n<td>&nbsp;2.0 TDI&nbsp;<\/td>\n<\/tr>\n<tr>\n<td><strong>&nbsp;VW &#8211; TRANSPORTER VI Minib\u00fcs\/Otob\u00fcs&nbsp;<\/strong><\/td>\n<td>&nbsp;2016 &#8211; &nbsp;<\/td>\n<td>&nbsp;Dizel&nbsp;<\/td>\n<td>&nbsp;2.0 TDI&nbsp;<\/td>\n<\/tr>\n<tr>\n<td><strong>&nbsp;VW &#8211; TRANSPORTER VI Minib\u00fcs\/Otob\u00fcs&nbsp;<\/strong><\/td>\n<td>&nbsp;2015 &#8211; &nbsp;<\/td>\n<td>&nbsp;Benzin&nbsp;<\/td>\n<td>&nbsp;2.0 TSI&nbsp;<\/td>\n<\/tr>\n<tr>\n<td><strong>&nbsp;VW &#8211; TRANSPORTER VI Minib\u00fcs\/Otob\u00fcs&nbsp;<\/strong><\/td>\n<td>&nbsp;2015 &#8211; &nbsp;<\/td>\n<td>&nbsp;Dizel&nbsp;<\/td>\n<td>&nbsp;2.0 TDI&nbsp;<\/td>\n<\/tr>\n<tr>\n<td><strong>&nbsp;VW &#8211; TRANSPORTER VI Minib\u00fcs\/Otob\u00fcs&nbsp;<\/strong><\/td>\n<td>&nbsp;2018 &#8211; &nbsp;<\/td>\n<td>&nbsp;Dizel&nbsp;<\/td>\n<td>&nbsp;2.0 TDI&nbsp;<\/td>\n<\/tr>\n<tr>\n<td><strong>&nbsp;VW &#8211; TRANSPORTER VI Panelvan\/Van&nbsp;<\/strong><\/td>\n<td>&nbsp;2015 &#8211; &nbsp;<\/td>\n<td>&nbsp;Benzin&nbsp;<\/td>\n<td>&nbsp;2.0 TSI&nbsp;<\/td>\n<\/tr>\n<tr>\n<td><strong>&nbsp;VW &#8211; TRANSPORTER VI Panelvan\/Van&nbsp;<\/strong><\/td>\n<td>&nbsp;2015 &#8211; &nbsp;<\/td>\n<td>&nbsp;Dizel&nbsp;<\/td>\n<td>&nbsp;2.0 TDI&nbsp;<\/td>\n<\/tr>\n<tr>\n<td><strong>&nbsp;VW &#8211; TRANSPORTER VI Panelvan\/Van&nbsp;<\/strong><\/td>\n<td>&nbsp;2015 &#8211; 2016&nbsp;<\/td>\n<td>&nbsp;Dizel&nbsp;<\/td>\n<td>&nbsp;2.0 TDI&nbsp;<\/td>\n<\/tr>\n<tr>\n<td><strong>&nbsp;VW &#8211; TRANSPORTER VI Panelvan\/Van&nbsp;<\/strong><\/td>\n<td>&nbsp;2018 &#8211; &nbsp;<\/td>\n<td>&nbsp;Dizel&nbsp;<\/td>\n<td>&nbsp;2.0 TDI&nbsp;<\/td>\n<\/tr>\n<tr>\n<td><strong>&nbsp;VW &#8211; TRANSPORTER VI Panelvan\/Van&nbsp;<\/strong><\/td>\n<td>&nbsp;2016 &#8211; &nbsp;<\/td>\n<td>&nbsp;Dizel&nbsp;<\/td>\n<td>&nbsp;2.0 TDI&nbsp;<\/td>\n<\/tr>\n<tr>\n<td><strong>&nbsp;VW &#8211; TRANSPORTER VI Platform \u015fasi&nbsp;<\/strong><\/td>\n<td>&nbsp;2015 &#8211; &nbsp;<\/td>\n<td>&nbsp;Benzin&nbsp;<\/td>\n<td>&nbsp;2.0 TSI&nbsp;<\/td>\n<\/tr>\n<tr>\n<td><strong>&nbsp;VW &#8211; TRANSPORTER VI Platform \u015fasi&nbsp;<\/strong><\/td>\n<td>&nbsp;2015 &#8211; &nbsp;<\/td>\n<td>&nbsp;Dizel&nbsp;<\/td>\n<td>&nbsp;2.0 TDI&nbsp;<\/td>\n<\/tr>\n<tr>\n<td><strong>&nbsp;VW &#8211; TRANSPORTER VI Platform \u015fasi&nbsp;<\/strong><\/td>\n<td>&nbsp;2015 &#8211; 2016&nbsp;<\/td>\n<td>&nbsp;Dizel&nbsp;<\/td>\n<td>&nbsp;2.0 TDI&nbsp;<\/td>\n<\/tr>\n<tr>\n<td><strong>&nbsp;AUDI &#8211; A6 Avant&nbsp;<\/strong><\/td>\n<td>&nbsp;1994 &#8211; 1997&nbsp;<\/td>\n<td>&nbsp;Benzin&nbsp;<\/td>\n<td>&nbsp;2.0&nbsp;<\/td>\n<\/tr>\n<tr>\n<td><strong>&nbsp;ALFA ROMEO &#8211; AR 8 Platform \u015fasi&nbsp;<\/strong><\/td>\n<td>&nbsp;1986 &#8211; 1989&nbsp;<\/td>\n<td>&nbsp;Dizel&nbsp;<\/td>\n<td>&nbsp;2.5&nbsp;<\/td>\n<\/tr>\n<tr>\n<td><strong>&nbsp;ALFA ROMEO &#8211; AR 8 Platform \u015fasi&nbsp;<\/strong><\/td>\n<td>&nbsp;1985 &#8211; 1988&nbsp;<\/td>\n<td>&nbsp;Dizel&nbsp;<\/td>\n<td>&nbsp;2.4 TD&nbsp;<\/td>\n<\/tr>\n<\/table>\n<style>#carPropertiesTable td{padding:2px;}<\/style>\n","protected":false},"excerpt":{"rendered":"<p>HAVA F\u0130LTRES\u0130 [ MERCEDES E SER\u0130S\u0130 (W210-S210) E200, E240, E280, E320, E430 95-02 ]<\/p>\n","protected":false},"featured_media":217242,"comment_status":"open","ping_status":"closed","template":"","meta":[],"product_brand":[],"product_cat":[906,372],"product_tag":[15937,13610,16427,16428,16429,16430,1096,1085,1327,1244,16426],"class_list":{"0":"post-217243","1":"product","2":"type-product","3":"status-publish","4":"has-post-thumbnail","6":"product_cat-oto-hava-filtresi","7":"product_cat-otomotiv","8":"product_tag-95-02","9":"product_tag-e200","10":"product_tag-e240","11":"product_tag-e280","12":"product_tag-e320","13":"product_tag-e430","14":"product_tag-filtresi","15":"product_tag-hava","16":"product_tag-mercedes","17":"product_tag-serisi","18":"product_tag-w210-s210","20":"first","21":"instock","22":"taxable","23":"shipping-taxable","24":"purchasable","25":"product-type-simple"},"_links":{"self":[{"href":"https:\/\/depodanmusteriye.com\/urunler\/wp-json\/wp\/v2\/product\/217243","targetHints":{"allow":["GET"]}}],"collection":[{"href":"https:\/\/depodanmusteriye.com\/urunler\/wp-json\/wp\/v2\/product"}],"about":[{"href":"https:\/\/depodanmusteriye.com\/urunler\/wp-json\/wp\/v2\/types\/product"}],"replies":[{"embeddable":true,"href":"https:\/\/depodanmusteriye.com\/urunler\/wp-json\/wp\/v2\/comments?post=217243"}],"version-history":[{"count":0,"href":"https:\/\/depodanmusteriye.com\/urunler\/wp-json\/wp\/v2\/product\/217243\/revisions"}],"wp:featuredmedia":[{"embeddable":true,"href":"https:\/\/depodanmusteriye.com\/urunler\/wp-json\/wp\/v2\/media\/217242"}],"wp:attachment":[{"href":"https:\/\/depodanmusteriye.com\/urunler\/wp-json\/wp\/v2\/media?parent=217243"}],"wp:term":[{"taxonomy":"product_brand","embeddable":true,"href":"https:\/\/depodanmusteriye.com\/urunler\/wp-json\/wp\/v2\/product_brand?post=217243"},{"taxonomy":"product_cat","embeddable":true,"href":"https:\/\/depodanmusteriye.com\/urunler\/wp-json\/wp\/v2\/product_cat?post=217243"},{"taxonomy":"product_tag","embeddable":true,"href":"https:\/\/depodanmusteriye.com\/urunler\/wp-json\/wp\/v2\/product_tag?post=217243"}],"curies":[{"name":"wp","href":"https:\/\/api.w.org\/{rel}","templated":true}]}}