{"id":216595,"date":"2025-12-22T21:38:48","date_gmt":"2025-12-22T21:38:48","guid":{"rendered":"https:\/\/b2b.depodanmusteriye.com\/urun\/rot-mili-logan-da140\/"},"modified":"2025-12-22T21:38:48","modified_gmt":"2025-12-22T21:38:48","slug":"rot-mili-logan-da140","status":"publish","type":"product","link":"https:\/\/depodanmusteriye.com\/urunler\/urun\/rot-mili-logan-da140\/","title":{"rendered":"ROT M\u0130L\u0130 LOGAN (DA140)"},"content":{"rendered":"<h4><\/p>\n<h4> <b>1 ADET F\u0130YATIDIR<\/b> <\/h4>\n<p>ROT M\u0130L\u0130 LOGAN (DA140)<\/p>\n<p><b>\u00dcretici Markas\u0131 : ORJ\u0130N<\/b><\/p>\n<p><b>\u00dcretici Kodu : 00185<\/b><\/p>\n<p><b>1 ADET F\u0130YATIDIR<\/b><\/p>\n<\/h4>\n<p><\/p>\n<table id='carPropertiesTable' width='100%' border='1' cellspacing='0' cellpadding='0'>\n<tr>\n<th><strong>OEM<\/strong><\/th>\n<td>6001550441<\/td>\n<td>6001547606<\/td>\n<td><\/td>\n<\/tr>\n<tr>\n<td colspan='4'>&nbsp;<\/td>\n<\/tr>\n<tr>\n<th><strong>MODEL<\/strong><\/th>\n<th><strong>YIL<\/strong><\/th>\n<th><strong>YAKIT<\/strong><\/th>\n<th><strong>MOTOR HACM\u0130<\/strong><\/th>\n<\/tr>\n<tr>\n<td><strong>&nbsp;RENAULT &#8211; LOGAN I&nbsp;<\/strong><\/td>\n<td>&nbsp;2011 &#8211; &nbsp;<\/td>\n<td>&nbsp;Dizel&nbsp;<\/td>\n<td>&nbsp;1.5 dCi&nbsp;<\/td>\n<\/tr>\n<tr>\n<td><strong>&nbsp;RENAULT &#8211; LOGAN I&nbsp;<\/strong><\/td>\n<td>&nbsp;2007 &#8211; &nbsp;<\/td>\n<td>&nbsp;Benzin&nbsp;<\/td>\n<td>&nbsp;1.6&nbsp;<\/td>\n<\/tr>\n<tr>\n<td><strong>&nbsp;RENAULT &#8211; LOGAN I&nbsp;<\/strong><\/td>\n<td>&nbsp;2007 &#8211; &nbsp;<\/td>\n<td>&nbsp;Dizel&nbsp;<\/td>\n<td>&nbsp;1.5 dCi&nbsp;<\/td>\n<\/tr>\n<tr>\n<td><strong>&nbsp;RENAULT &#8211; LOGAN I&nbsp;<\/strong><\/td>\n<td>&nbsp;2004 &#8211; &nbsp;<\/td>\n<td>&nbsp;Benzin&nbsp;<\/td>\n<td>&nbsp;1.6&nbsp;<\/td>\n<\/tr>\n<tr>\n<td><strong>&nbsp;RENAULT &#8211; LOGAN I&nbsp;<\/strong><\/td>\n<td>&nbsp;2004 &#8211; &nbsp;<\/td>\n<td>&nbsp;Benzin&nbsp;<\/td>\n<td>&nbsp;1.4&nbsp;<\/td>\n<\/tr>\n<tr>\n<td><strong>&nbsp;RENAULT &#8211; LOGAN I&nbsp;<\/strong><\/td>\n<td>&nbsp;2008 &#8211; 2015&nbsp;<\/td>\n<td>&nbsp;Dizel&nbsp;<\/td>\n<td>&nbsp;1.5 dCi&nbsp;<\/td>\n<\/tr>\n<tr>\n<td><strong>&nbsp;RENAULT &#8211; LOGAN I Station Wagon&nbsp;<\/strong><\/td>\n<td>&nbsp;2011 &#8211; &nbsp;<\/td>\n<td>&nbsp;Dizel&nbsp;<\/td>\n<td>&nbsp;1.5 dCi&nbsp;<\/td>\n<\/tr>\n<tr>\n<td><strong>&nbsp;RENAULT &#8211; LOGAN I Station Wagon&nbsp;<\/strong><\/td>\n<td>&nbsp;2007 &#8211; &nbsp;<\/td>\n<td>&nbsp;Benzin&nbsp;<\/td>\n<td>&nbsp;1.4&nbsp;<\/td>\n<\/tr>\n<tr>\n<td><strong>&nbsp;RENAULT &#8211; LOGAN I Station Wagon&nbsp;<\/strong><\/td>\n<td>&nbsp;2007 &#8211; &nbsp;<\/td>\n<td>&nbsp;Benzin&nbsp;<\/td>\n<td>&nbsp;1.6&nbsp;<\/td>\n<\/tr>\n<tr>\n<td><strong>&nbsp;RENAULT &#8211; LOGAN I Station Wagon&nbsp;<\/strong><\/td>\n<td>&nbsp;2007 &#8211; &nbsp;<\/td>\n<td>&nbsp;Dizel&nbsp;<\/td>\n<td>&nbsp;1.5 dCi&nbsp;<\/td>\n<\/tr>\n<tr>\n<td><strong>&nbsp;RENAULT &#8211; LOGAN I Station Wagon&nbsp;<\/strong><\/td>\n<td>&nbsp;2008 &#8211; 2015&nbsp;<\/td>\n<td>&nbsp;Dizel&nbsp;<\/td>\n<td>&nbsp;1.5 dCi&nbsp;<\/td>\n<\/tr>\n<tr>\n<td><strong>&nbsp;RENAULT &#8211; LOGAN\/STEPWAY II&nbsp;<\/strong><\/td>\n<td>&nbsp;2014 &#8211; &nbsp;<\/td>\n<td>&nbsp;Benzin&nbsp;<\/td>\n<td>&nbsp;1.6&nbsp;<\/td>\n<\/tr>\n<tr>\n<td><strong>&nbsp;RENAULT &#8211; LOGAN\/STEPWAY II&nbsp;<\/strong><\/td>\n<td>&nbsp;2013 &#8211; &nbsp;<\/td>\n<td>&nbsp;Benzin&nbsp;<\/td>\n<td>&nbsp;1.2&nbsp;<\/td>\n<\/tr>\n<tr>\n<td><strong>&nbsp;RENAULT &#8211; LOGAN\/STEPWAY II&nbsp;<\/strong><\/td>\n<td>&nbsp;2016 &#8211; &nbsp;<\/td>\n<td>&nbsp;Benzin&nbsp;<\/td>\n<td>&nbsp;1.6&nbsp;<\/td>\n<\/tr>\n<tr>\n<td><strong>&nbsp;RENAULT &#8211; SANDERO\/STEPWAY I&nbsp;<\/strong><\/td>\n<td>&nbsp;2009 &#8211; &nbsp;<\/td>\n<td>&nbsp;Benzin\/oto gaz (LPG)&nbsp;<\/td>\n<td>&nbsp;1.4&nbsp;<\/td>\n<\/tr>\n<tr>\n<td><strong>&nbsp;RENAULT &#8211; SYMBOL III&nbsp;<\/strong><\/td>\n<td>&nbsp;2013 &#8211; &nbsp;<\/td>\n<td>&nbsp;Dizel&nbsp;<\/td>\n<td>&nbsp;1.5 dCi&nbsp;<\/td>\n<\/tr>\n<tr>\n<td><strong>&nbsp;RENAULT &#8211; SYMBOL III&nbsp;<\/strong><\/td>\n<td>&nbsp;2013 &#8211; &nbsp;<\/td>\n<td>&nbsp;Benzin&nbsp;<\/td>\n<td>&nbsp;1.2&nbsp;<\/td>\n<\/tr>\n<tr>\n<td><strong>&nbsp;RENAULT &#8211; SYMBOL III&nbsp;<\/strong><\/td>\n<td>&nbsp;2014 &#8211; &nbsp;<\/td>\n<td>&nbsp;Benzin\/oto gaz (LPG)&nbsp;<\/td>\n<td>&nbsp;1.2&nbsp;<\/td>\n<\/tr>\n<tr>\n<td><strong>&nbsp;DACIA &#8211; DOKKER Express Panelvan\/Van&nbsp;<\/strong><\/td>\n<td>&nbsp;2013 &#8211; &nbsp;<\/td>\n<td>&nbsp;Benzin\/oto gaz (LPG)&nbsp;<\/td>\n<td>&nbsp;1.6&nbsp;<\/td>\n<\/tr>\n<tr>\n<td><strong>&nbsp;DACIA &#8211; DOKKER Express Panelvan\/Van&nbsp;<\/strong><\/td>\n<td>&nbsp;2012 &#8211; &nbsp;<\/td>\n<td>&nbsp;Benzin&nbsp;<\/td>\n<td>&nbsp;1.2&nbsp;<\/td>\n<\/tr>\n<tr>\n<td><strong>&nbsp;DACIA &#8211; DOKKER Express Panelvan\/Van&nbsp;<\/strong><\/td>\n<td>&nbsp;2018 &#8211; &nbsp;<\/td>\n<td>&nbsp;Benzin\/oto gaz (LPG)&nbsp;<\/td>\n<td>&nbsp;1.6&nbsp;<\/td>\n<\/tr>\n<tr>\n<td><strong>&nbsp;DACIA &#8211; DOKKER Express Panelvan\/Van&nbsp;<\/strong><\/td>\n<td>&nbsp;2012 &#8211; &nbsp;<\/td>\n<td>&nbsp;Dizel&nbsp;<\/td>\n<td>&nbsp;1.5 dCi&nbsp;<\/td>\n<\/tr>\n<tr>\n<td><strong>&nbsp;DACIA &#8211; DOKKER Express Panelvan\/Van&nbsp;<\/strong><\/td>\n<td>&nbsp;2012 &#8211; &nbsp;<\/td>\n<td>&nbsp;Benzin&nbsp;<\/td>\n<td>&nbsp;1.6&nbsp;<\/td>\n<\/tr>\n<tr>\n<td><strong>&nbsp;DACIA &#8211; DOKKER Express Panelvan\/Van&nbsp;<\/strong><\/td>\n<td>&nbsp;2019 &#8211; &nbsp;<\/td>\n<td>&nbsp;Benzin&nbsp;<\/td>\n<td>&nbsp;1.3&nbsp;<\/td>\n<\/tr>\n<tr>\n<td><strong>&nbsp;DACIA &#8211; DOKKER Express Panelvan\/Van&nbsp;<\/strong><\/td>\n<td>&nbsp;2019 &#8211; &nbsp;<\/td>\n<td>&nbsp;Dizel&nbsp;<\/td>\n<td>&nbsp;1.5&nbsp;<\/td>\n<\/tr>\n<tr>\n<td><strong>&nbsp;DACIA &#8211; DOKKER Express Panelvan\/Van&nbsp;<\/strong><\/td>\n<td>&nbsp;2015 &#8211; &nbsp;<\/td>\n<td>&nbsp;Benzin&nbsp;<\/td>\n<td>&nbsp;1.2&nbsp;<\/td>\n<\/tr>\n<tr>\n<td><strong>&nbsp;DACIA &#8211; DOKKER Express Panelvan\/Van&nbsp;<\/strong><\/td>\n<td>&nbsp;2015 &#8211; &nbsp;<\/td>\n<td>&nbsp;Benzin&nbsp;<\/td>\n<td>&nbsp;1.6&nbsp;<\/td>\n<\/tr>\n<tr>\n<td><strong>&nbsp;DACIA &#8211; DOKKER Station Wagon&nbsp;<\/strong><\/td>\n<td>&nbsp;2013 &#8211; &nbsp;<\/td>\n<td>&nbsp;Benzin\/oto gaz (LPG)&nbsp;<\/td>\n<td>&nbsp;1.6&nbsp;<\/td>\n<\/tr>\n<tr>\n<td><strong>&nbsp;DACIA &#8211; DOKKER Station Wagon&nbsp;<\/strong><\/td>\n<td>&nbsp;2019 &#8211; &nbsp;<\/td>\n<td>&nbsp;Benzin&nbsp;<\/td>\n<td>&nbsp;1.3&nbsp;<\/td>\n<\/tr>\n<tr>\n<td><strong>&nbsp;DACIA &#8211; DOKKER Station Wagon&nbsp;<\/strong><\/td>\n<td>&nbsp;2018 &#8211; &nbsp;<\/td>\n<td>&nbsp;Dizel&nbsp;<\/td>\n<td>&nbsp;1.5&nbsp;<\/td>\n<\/tr>\n<tr>\n<td><strong>&nbsp;DACIA &#8211; DOKKER Station Wagon&nbsp;<\/strong><\/td>\n<td>&nbsp;2012 &#8211; &nbsp;<\/td>\n<td>&nbsp;Benzin&nbsp;<\/td>\n<td>&nbsp;1.6&nbsp;<\/td>\n<\/tr>\n<tr>\n<td><strong>&nbsp;DACIA &#8211; DOKKER Station Wagon&nbsp;<\/strong><\/td>\n<td>&nbsp;2012 &#8211; &nbsp;<\/td>\n<td>&nbsp;Benzin&nbsp;<\/td>\n<td>&nbsp;1.2&nbsp;<\/td>\n<\/tr>\n<tr>\n<td><strong>&nbsp;DACIA &#8211; DOKKER Station Wagon&nbsp;<\/strong><\/td>\n<td>&nbsp;2012 &#8211; &nbsp;<\/td>\n<td>&nbsp;Dizel&nbsp;<\/td>\n<td>&nbsp;1.5 dCi&nbsp;<\/td>\n<\/tr>\n<tr>\n<td><strong>&nbsp;DACIA &#8211; DOKKER Station Wagon&nbsp;<\/strong><\/td>\n<td>&nbsp;2018 &#8211; &nbsp;<\/td>\n<td>&nbsp;Benzin\/oto gaz (LPG)&nbsp;<\/td>\n<td>&nbsp;1.6&nbsp;<\/td>\n<\/tr>\n<tr>\n<td><strong>&nbsp;DACIA &#8211; DOKKER Station Wagon&nbsp;<\/strong><\/td>\n<td>&nbsp;2015 &#8211; &nbsp;<\/td>\n<td>&nbsp;Benzin&nbsp;<\/td>\n<td>&nbsp;1.6&nbsp;<\/td>\n<\/tr>\n<tr>\n<td><strong>&nbsp;DACIA &#8211; LODGY&nbsp;<\/strong><\/td>\n<td>&nbsp;2012 &#8211; &nbsp;<\/td>\n<td>&nbsp;Dizel&nbsp;<\/td>\n<td>&nbsp;1.5 dCi&nbsp;<\/td>\n<\/tr>\n<tr>\n<td><strong>&nbsp;DACIA &#8211; LODGY&nbsp;<\/strong><\/td>\n<td>&nbsp;2013 &#8211; &nbsp;<\/td>\n<td>&nbsp;Benzin\/oto gaz (LPG)&nbsp;<\/td>\n<td>&nbsp;1.6&nbsp;<\/td>\n<\/tr>\n<tr>\n<td><strong>&nbsp;DACIA &#8211; LODGY&nbsp;<\/strong><\/td>\n<td>&nbsp;2012 &#8211; &nbsp;<\/td>\n<td>&nbsp;Benzin&nbsp;<\/td>\n<td>&nbsp;1.6&nbsp;<\/td>\n<\/tr>\n<tr>\n<td><strong>&nbsp;DACIA &#8211; LODGY&nbsp;<\/strong><\/td>\n<td>&nbsp;2018 &#8211; &nbsp;<\/td>\n<td>&nbsp;Benzin\/oto gaz (LPG)&nbsp;<\/td>\n<td>&nbsp;1.6&nbsp;<\/td>\n<\/tr>\n<tr>\n<td><strong>&nbsp;DACIA &#8211; LODGY&nbsp;<\/strong><\/td>\n<td>&nbsp;2019 &#8211; &nbsp;<\/td>\n<td>&nbsp;Benzin&nbsp;<\/td>\n<td>&nbsp;1.3&nbsp;<\/td>\n<\/tr>\n<tr>\n<td><strong>&nbsp;DACIA &#8211; LODGY&nbsp;<\/strong><\/td>\n<td>&nbsp;2013 &#8211; &nbsp;<\/td>\n<td>&nbsp;Dizel&nbsp;<\/td>\n<td>&nbsp;1.5 dCi&nbsp;<\/td>\n<\/tr>\n<tr>\n<td><strong>&nbsp;DACIA &#8211; LODGY&nbsp;<\/strong><\/td>\n<td>&nbsp;2012 &#8211; &nbsp;<\/td>\n<td>&nbsp;Benzin&nbsp;<\/td>\n<td>&nbsp;1.2&nbsp;<\/td>\n<\/tr>\n<tr>\n<td><strong>&nbsp;DACIA &#8211; LODGY&nbsp;<\/strong><\/td>\n<td>&nbsp;2018 &#8211; &nbsp;<\/td>\n<td>&nbsp;Dizel&nbsp;<\/td>\n<td>&nbsp;1.5&nbsp;<\/td>\n<\/tr>\n<tr>\n<td><strong>&nbsp;DACIA &#8211; LODGY&nbsp;<\/strong><\/td>\n<td>&nbsp;2015 &#8211; &nbsp;<\/td>\n<td>&nbsp;Dizel&nbsp;<\/td>\n<td>&nbsp;1.5 dCi&nbsp;<\/td>\n<\/tr>\n<tr>\n<td><strong>&nbsp;DACIA &#8211; LODGY&nbsp;<\/strong><\/td>\n<td>&nbsp;2015 &#8211; &nbsp;<\/td>\n<td>&nbsp;Benzin\/oto gaz (LPG)&nbsp;<\/td>\n<td>&nbsp;1.6&nbsp;<\/td>\n<\/tr>\n<tr>\n<td><strong>&nbsp;DACIA &#8211; LOGAN&nbsp;<\/strong><\/td>\n<td>&nbsp;2006 &#8211; &nbsp;<\/td>\n<td>&nbsp;Benzin&nbsp;<\/td>\n<td>&nbsp;1.2&nbsp;<\/td>\n<\/tr>\n<tr>\n<td><strong>&nbsp;DACIA &#8211; LOGAN&nbsp;<\/strong><\/td>\n<td>&nbsp;2010 &#8211; &nbsp;<\/td>\n<td>&nbsp;Dizel&nbsp;<\/td>\n<td>&nbsp;1.5 dCi&nbsp;<\/td>\n<\/tr>\n<tr>\n<td><strong>&nbsp;DACIA &#8211; LOGAN&nbsp;<\/strong><\/td>\n<td>&nbsp;2010 &#8211; &nbsp;<\/td>\n<td>&nbsp;Benzin&nbsp;<\/td>\n<td>&nbsp;1.6&nbsp;<\/td>\n<\/tr>\n<tr>\n<td><strong>&nbsp;DACIA &#8211; LOGAN&nbsp;<\/strong><\/td>\n<td>&nbsp;2006 &#8211; &nbsp;<\/td>\n<td>&nbsp;Benzin\/oto gaz (LPG)&nbsp;<\/td>\n<td>&nbsp;1.4&nbsp;<\/td>\n<\/tr>\n<tr>\n<td><strong>&nbsp;DACIA &#8211; LOGAN&nbsp;<\/strong><\/td>\n<td>&nbsp;2007 &#8211; &nbsp;<\/td>\n<td>&nbsp;Dizel&nbsp;<\/td>\n<td>&nbsp;1.5 dCi&nbsp;<\/td>\n<\/tr>\n<tr>\n<td><strong>&nbsp;DACIA &#8211; LOGAN&nbsp;<\/strong><\/td>\n<td>&nbsp;2006 &#8211; &nbsp;<\/td>\n<td>&nbsp;Dizel&nbsp;<\/td>\n<td>&nbsp;1.5 dCi&nbsp;<\/td>\n<\/tr>\n<tr>\n<td><strong>&nbsp;DACIA &#8211; LOGAN&nbsp;<\/strong><\/td>\n<td>&nbsp;2006 &#8211; &nbsp;<\/td>\n<td>&nbsp;Benzin&nbsp;<\/td>\n<td>&nbsp;1.6&nbsp;<\/td>\n<\/tr>\n<tr>\n<td><strong>&nbsp;DACIA &#8211; LOGAN&nbsp;<\/strong><\/td>\n<td>&nbsp;2005 &#8211; &nbsp;<\/td>\n<td>&nbsp;Dizel&nbsp;<\/td>\n<td>&nbsp;1.5 dCi&nbsp;<\/td>\n<\/tr>\n<tr>\n<td><strong>&nbsp;DACIA &#8211; LOGAN&nbsp;<\/strong><\/td>\n<td>&nbsp;2004 &#8211; &nbsp;<\/td>\n<td>&nbsp;Benzin&nbsp;<\/td>\n<td>&nbsp;1.6&nbsp;<\/td>\n<\/tr>\n<tr>\n<td><strong>&nbsp;DACIA &#8211; LOGAN&nbsp;<\/strong><\/td>\n<td>&nbsp;2004 &#8211; &nbsp;<\/td>\n<td>&nbsp;Benzin&nbsp;<\/td>\n<td>&nbsp;1.4&nbsp;<\/td>\n<\/tr>\n<tr>\n<td><strong>&nbsp;DACIA &#8211; LOGAN EXPRESS&nbsp;<\/strong><\/td>\n<td>&nbsp;2010 &#8211; &nbsp;<\/td>\n<td>&nbsp;Benzin&nbsp;<\/td>\n<td>&nbsp;1.6&nbsp;<\/td>\n<\/tr>\n<tr>\n<td><strong>&nbsp;DACIA &#8211; LOGAN EXPRESS&nbsp;<\/strong><\/td>\n<td>&nbsp;2010 &#8211; &nbsp;<\/td>\n<td>&nbsp;Dizel&nbsp;<\/td>\n<td>&nbsp;1.5 dCi&nbsp;<\/td>\n<\/tr>\n<tr>\n<td><strong>&nbsp;DACIA &#8211; LOGAN EXPRESS&nbsp;<\/strong><\/td>\n<td>&nbsp;2009 &#8211; &nbsp;<\/td>\n<td>&nbsp;Dizel&nbsp;<\/td>\n<td>&nbsp;1.5 dCi&nbsp;<\/td>\n<\/tr>\n<tr>\n<td><strong>&nbsp;DACIA &#8211; LOGAN EXPRESS&nbsp;<\/strong><\/td>\n<td>&nbsp;2009 &#8211; &nbsp;<\/td>\n<td>&nbsp;Benzin&nbsp;<\/td>\n<td>&nbsp;1.6&nbsp;<\/td>\n<\/tr>\n<tr>\n<td><strong>&nbsp;DACIA &#8211; LOGAN EXPRESS&nbsp;<\/strong><\/td>\n<td>&nbsp;2009 &#8211; &nbsp;<\/td>\n<td>&nbsp;Benzin&nbsp;<\/td>\n<td>&nbsp;1.4&nbsp;<\/td>\n<\/tr>\n<tr>\n<td><strong>&nbsp;DACIA &#8211; LOGAN II&nbsp;<\/strong><\/td>\n<td>&nbsp;2013 &#8211; &nbsp;<\/td>\n<td>&nbsp;Dizel&nbsp;<\/td>\n<td>&nbsp;1.5 dCi&nbsp;<\/td>\n<\/tr>\n<tr>\n<td><strong>&nbsp;DACIA &#8211; LOGAN II&nbsp;<\/strong><\/td>\n<td>&nbsp;2013 &#8211; &nbsp;<\/td>\n<td>&nbsp;Benzin&nbsp;<\/td>\n<td>&nbsp;1.6&nbsp;<\/td>\n<\/tr>\n<tr>\n<td><strong>&nbsp;DACIA &#8211; LOGAN II&nbsp;<\/strong><\/td>\n<td>&nbsp;2012 &#8211; &nbsp;<\/td>\n<td>&nbsp;Dizel&nbsp;<\/td>\n<td>&nbsp;1.5 dCi&nbsp;<\/td>\n<\/tr>\n<tr>\n<td><strong>&nbsp;DACIA &#8211; LOGAN II&nbsp;<\/strong><\/td>\n<td>&nbsp;2012 &#8211; &nbsp;<\/td>\n<td>&nbsp;Benzin&nbsp;<\/td>\n<td>&nbsp;TCe&nbsp;<\/td>\n<\/tr>\n<tr>\n<td><strong>&nbsp;DACIA &#8211; LOGAN II&nbsp;<\/strong><\/td>\n<td>&nbsp;2017 &#8211; &nbsp;<\/td>\n<td>&nbsp;Benzin&nbsp;<\/td>\n<td>&nbsp;1.0&nbsp;<\/td>\n<\/tr>\n<tr>\n<td><strong>&nbsp;DACIA &#8211; LOGAN II&nbsp;<\/strong><\/td>\n<td>&nbsp;2013 &#8211; 2016&nbsp;<\/td>\n<td>&nbsp;Benzin&nbsp;<\/td>\n<td>&nbsp;1.6&nbsp;<\/td>\n<\/tr>\n<tr>\n<td><strong>&nbsp;DACIA &#8211; LOGAN II&nbsp;<\/strong><\/td>\n<td>&nbsp;2012 &#8211; &nbsp;<\/td>\n<td>&nbsp;Benzin\/oto gaz (LPG)&nbsp;<\/td>\n<td>&nbsp;1.2&nbsp;<\/td>\n<\/tr>\n<tr>\n<td><strong>&nbsp;DACIA &#8211; LOGAN II&nbsp;<\/strong><\/td>\n<td>&nbsp;2013 &#8211; &nbsp;<\/td>\n<td>&nbsp;Benzin\/oto gaz (LPG)&nbsp;<\/td>\n<td>&nbsp;1.2&nbsp;<\/td>\n<\/tr>\n<tr>\n<td><strong>&nbsp;DACIA &#8211; LOGAN II&nbsp;<\/strong><\/td>\n<td>&nbsp;2015 &#8211; &nbsp;<\/td>\n<td>&nbsp;Benzin&nbsp;<\/td>\n<td>&nbsp;1.2&nbsp;<\/td>\n<\/tr>\n<tr>\n<td><strong>&nbsp;DACIA &#8211; LOGAN MCV&nbsp;<\/strong><\/td>\n<td>&nbsp;2008 &#8211; &nbsp;<\/td>\n<td>&nbsp;Benzin\/oto gaz (LPG)&nbsp;<\/td>\n<td>&nbsp;1.6&nbsp;<\/td>\n<\/tr>\n<tr>\n<td><strong>&nbsp;DACIA &#8211; LOGAN MCV&nbsp;<\/strong><\/td>\n<td>&nbsp;2009 &#8211; &nbsp;<\/td>\n<td>&nbsp;Benzin\/Etanol&nbsp;<\/td>\n<td>&nbsp;1.6&nbsp;<\/td>\n<\/tr>\n<tr>\n<td><strong>&nbsp;DACIA &#8211; LOGAN MCV&nbsp;<\/strong><\/td>\n<td>&nbsp;2010 &#8211; &nbsp;<\/td>\n<td>&nbsp;Dizel&nbsp;<\/td>\n<td>&nbsp;1.5 dCi&nbsp;<\/td>\n<\/tr>\n<tr>\n<td><strong>&nbsp;DACIA &#8211; LOGAN MCV&nbsp;<\/strong><\/td>\n<td>&nbsp;2010 &#8211; &nbsp;<\/td>\n<td>&nbsp;Benzin&nbsp;<\/td>\n<td>&nbsp;1.6&nbsp;<\/td>\n<\/tr>\n<tr>\n<td><strong>&nbsp;DACIA &#8211; LOGAN MCV&nbsp;<\/strong><\/td>\n<td>&nbsp;2007 &#8211; &nbsp;<\/td>\n<td>&nbsp;Dizel&nbsp;<\/td>\n<td>&nbsp;1.5 dCi&nbsp;<\/td>\n<\/tr>\n<tr>\n<td><strong>&nbsp;DACIA &#8211; LOGAN MCV&nbsp;<\/strong><\/td>\n<td>&nbsp;2007 &#8211; &nbsp;<\/td>\n<td>&nbsp;Benzin&nbsp;<\/td>\n<td>&nbsp;1.6&nbsp;<\/td>\n<\/tr>\n<tr>\n<td><strong>&nbsp;DACIA &#8211; LOGAN MCV&nbsp;<\/strong><\/td>\n<td>&nbsp;2007 &#8211; &nbsp;<\/td>\n<td>&nbsp;Benzin&nbsp;<\/td>\n<td>&nbsp;1.4&nbsp;<\/td>\n<\/tr>\n<tr>\n<td><strong>&nbsp;DACIA &#8211; LOGAN MCV II&nbsp;<\/strong><\/td>\n<td>&nbsp;2013 &#8211; &nbsp;<\/td>\n<td>&nbsp;Benzin&nbsp;<\/td>\n<td>&nbsp;TCe&nbsp;<\/td>\n<\/tr>\n<tr>\n<td><strong>&nbsp;DACIA &#8211; LOGAN MCV II&nbsp;<\/strong><\/td>\n<td>&nbsp;2013 &#8211; &nbsp;<\/td>\n<td>&nbsp;Benzin&nbsp;<\/td>\n<td>&nbsp;1.2&nbsp;<\/td>\n<\/tr>\n<tr>\n<td><strong>&nbsp;DACIA &#8211; LOGAN MCV II&nbsp;<\/strong><\/td>\n<td>&nbsp;2016 &#8211; &nbsp;<\/td>\n<td>&nbsp;Benzin&nbsp;<\/td>\n<td>&nbsp;1.0&nbsp;<\/td>\n<\/tr>\n<tr>\n<td><strong>&nbsp;DACIA &#8211; LOGAN MCV II&nbsp;<\/strong><\/td>\n<td>&nbsp;2018 &#8211; &nbsp;<\/td>\n<td>&nbsp;Dizel&nbsp;<\/td>\n<td>&nbsp;1.5&nbsp;<\/td>\n<\/tr>\n<tr>\n<td><strong>&nbsp;DACIA &#8211; LOGAN MCV II&nbsp;<\/strong><\/td>\n<td>&nbsp;2015 &#8211; &nbsp;<\/td>\n<td>&nbsp;Benzin\/oto gaz (LPG)&nbsp;<\/td>\n<td>&nbsp;TCe&nbsp;<\/td>\n<\/tr>\n<tr>\n<td><strong>&nbsp;DACIA &#8211; LOGAN MCV II&nbsp;<\/strong><\/td>\n<td>&nbsp;2013 &#8211; &nbsp;<\/td>\n<td>&nbsp;Dizel&nbsp;<\/td>\n<td>&nbsp;1.5 dCi&nbsp;<\/td>\n<\/tr>\n<tr>\n<td><strong>&nbsp;DACIA &#8211; LOGAN MCV II&nbsp;<\/strong><\/td>\n<td>&nbsp;2015 &#8211; &nbsp;<\/td>\n<td>&nbsp;Benzin&nbsp;<\/td>\n<td>&nbsp;1.2&nbsp;<\/td>\n<\/tr>\n<tr>\n<td><strong>&nbsp;DACIA &#8211; LOGAN Pick-up&nbsp;<\/strong><\/td>\n<td>&nbsp;2010 &#8211; &nbsp;<\/td>\n<td>&nbsp;Dizel&nbsp;<\/td>\n<td>&nbsp;1.5 dCi&nbsp;<\/td>\n<\/tr>\n<tr>\n<td><strong>&nbsp;DACIA &#8211; LOGAN Pick-up&nbsp;<\/strong><\/td>\n<td>&nbsp;2010 &#8211; &nbsp;<\/td>\n<td>&nbsp;Benzin&nbsp;<\/td>\n<td>&nbsp;1.6&nbsp;<\/td>\n<\/tr>\n<tr>\n<td><strong>&nbsp;DACIA &#8211; LOGAN Pick-up&nbsp;<\/strong><\/td>\n<td>&nbsp;2008 &#8211; &nbsp;<\/td>\n<td>&nbsp;Dizel&nbsp;<\/td>\n<td>&nbsp;1.5 dCi&nbsp;<\/td>\n<\/tr>\n<tr>\n<td><strong>&nbsp;DACIA &#8211; LOGAN Pick-up&nbsp;<\/strong><\/td>\n<td>&nbsp;2008 &#8211; &nbsp;<\/td>\n<td>&nbsp;Benzin&nbsp;<\/td>\n<td>&nbsp;1.6&nbsp;<\/td>\n<\/tr>\n<tr>\n<td><strong>&nbsp;DACIA &#8211; LOGAN Pick-up&nbsp;<\/strong><\/td>\n<td>&nbsp;2009 &#8211; &nbsp;<\/td>\n<td>&nbsp;Benzin&nbsp;<\/td>\n<td>&nbsp;1.4&nbsp;<\/td>\n<\/tr>\n<tr>\n<td><strong>&nbsp;DACIA &#8211; SANDERO&nbsp;<\/strong><\/td>\n<td>&nbsp;2008 &#8211; &nbsp;<\/td>\n<td>&nbsp;Dizel&nbsp;<\/td>\n<td>&nbsp;1.5 dCi&nbsp;<\/td>\n<\/tr>\n<tr>\n<td><strong>&nbsp;DACIA &#8211; SANDERO&nbsp;<\/strong><\/td>\n<td>&nbsp;2010 &#8211; &nbsp;<\/td>\n<td>&nbsp;Benzin&nbsp;<\/td>\n<td>&nbsp;1.6&nbsp;<\/td>\n<\/tr>\n<tr>\n<td><strong>&nbsp;DACIA &#8211; SANDERO&nbsp;<\/strong><\/td>\n<td>&nbsp;2008 &#8211; &nbsp;<\/td>\n<td>&nbsp;Benzin&nbsp;<\/td>\n<td>&nbsp;1.6&nbsp;<\/td>\n<\/tr>\n<tr>\n<td><strong>&nbsp;DACIA &#8211; SANDERO&nbsp;<\/strong><\/td>\n<td>&nbsp;2010 &#8211; &nbsp;<\/td>\n<td>&nbsp;Dizel&nbsp;<\/td>\n<td>&nbsp;1.5 dCi&nbsp;<\/td>\n<\/tr>\n<tr>\n<td><strong>&nbsp;DACIA &#8211; SANDERO&nbsp;<\/strong><\/td>\n<td>&nbsp;2008 &#8211; &nbsp;<\/td>\n<td>&nbsp;Benzin&nbsp;<\/td>\n<td>&nbsp;1.4&nbsp;<\/td>\n<\/tr>\n<tr>\n<td><strong>&nbsp;DACIA &#8211; SANDERO&nbsp;<\/strong><\/td>\n<td>&nbsp;2011 &#8211; &nbsp;<\/td>\n<td>&nbsp;Benzin&nbsp;<\/td>\n<td>&nbsp;1.6&nbsp;<\/td>\n<\/tr>\n<tr>\n<td><strong>&nbsp;DACIA &#8211; SANDERO&nbsp;<\/strong><\/td>\n<td>&nbsp;2008 &#8211; &nbsp;<\/td>\n<td>&nbsp;Benzin\/oto gaz (LPG)&nbsp;<\/td>\n<td>&nbsp;1.2&nbsp;<\/td>\n<\/tr>\n<tr>\n<td><strong>&nbsp;DACIA &#8211; SANDERO&nbsp;<\/strong><\/td>\n<td>&nbsp;2009 &#8211; &nbsp;<\/td>\n<td>&nbsp;Benzin\/oto gaz (LPG)&nbsp;<\/td>\n<td>&nbsp;1.4&nbsp;<\/td>\n<\/tr>\n<tr>\n<td><strong>&nbsp;DACIA &#8211; SANDERO II&nbsp;<\/strong><\/td>\n<td>&nbsp;2012 &#8211; &nbsp;<\/td>\n<td>&nbsp;Dizel&nbsp;<\/td>\n<td>&nbsp;1.5 dCi&nbsp;<\/td>\n<\/tr>\n<tr>\n<td><strong>&nbsp;DACIA &#8211; SANDERO II&nbsp;<\/strong><\/td>\n<td>&nbsp;2018 &#8211; &nbsp;<\/td>\n<td>&nbsp;Dizel&nbsp;<\/td>\n<td>&nbsp;1.5&nbsp;<\/td>\n<\/tr>\n<tr>\n<td><strong>&nbsp;DACIA &#8211; SANDERO II&nbsp;<\/strong><\/td>\n<td>&nbsp;2012 &#8211; &nbsp;<\/td>\n<td>&nbsp;Benzin&nbsp;<\/td>\n<td>&nbsp;TCe&nbsp;<\/td>\n<\/tr>\n<tr>\n<td><strong>&nbsp;DACIA &#8211; SANDERO II&nbsp;<\/strong><\/td>\n<td>&nbsp;2012 &#8211; &nbsp;<\/td>\n<td>&nbsp;Benzin&nbsp;<\/td>\n<td>&nbsp;1.2&nbsp;<\/td>\n<\/tr>\n<tr>\n<td><strong>&nbsp;DACIA &#8211; SANDERO II&nbsp;<\/strong><\/td>\n<td>&nbsp;2016 &#8211; &nbsp;<\/td>\n<td>&nbsp;Benzin&nbsp;<\/td>\n<td>&nbsp;1.0&nbsp;<\/td>\n<\/tr>\n<tr>\n<td><strong>&nbsp;DACIA &#8211; SANDERO II&nbsp;<\/strong><\/td>\n<td>&nbsp;2015 &#8211; &nbsp;<\/td>\n<td>&nbsp;Benzin\/oto gaz (LPG)&nbsp;<\/td>\n<td>&nbsp;TCe&nbsp;<\/td>\n<\/tr>\n<tr>\n<td><strong>&nbsp;DACIA &#8211; SANDERO II&nbsp;<\/strong><\/td>\n<td>&nbsp;2015 &#8211; &nbsp;<\/td>\n<td>&nbsp;Benzin&nbsp;<\/td>\n<td>&nbsp;1.2&nbsp;<\/td>\n<\/tr>\n<\/table>\n<style>#carPropertiesTable td{padding:2px;}<\/style>\n","protected":false},"excerpt":{"rendered":"<p>ROT M\u0130L\u0130 LOGAN (DA140)<\/p>\n","protected":false},"featured_media":216594,"comment_status":"open","ping_status":"closed","template":"","meta":[],"product_brand":[],"product_cat":[372,863],"product_tag":[15825,2568,15814],"class_list":{"0":"post-216595","1":"product","2":"type-product","3":"status-publish","4":"has-post-thumbnail","6":"product_cat-otomotiv","7":"product_cat-rotil","8":"product_tag-da140","9":"product_tag-mili","10":"product_tag-rot","12":"first","13":"instock","14":"taxable","15":"shipping-taxable","16":"purchasable","17":"product-type-simple"},"_links":{"self":[{"href":"https:\/\/depodanmusteriye.com\/urunler\/wp-json\/wp\/v2\/product\/216595","targetHints":{"allow":["GET"]}}],"collection":[{"href":"https:\/\/depodanmusteriye.com\/urunler\/wp-json\/wp\/v2\/product"}],"about":[{"href":"https:\/\/depodanmusteriye.com\/urunler\/wp-json\/wp\/v2\/types\/product"}],"replies":[{"embeddable":true,"href":"https:\/\/depodanmusteriye.com\/urunler\/wp-json\/wp\/v2\/comments?post=216595"}],"version-history":[{"count":0,"href":"https:\/\/depodanmusteriye.com\/urunler\/wp-json\/wp\/v2\/product\/216595\/revisions"}],"wp:featuredmedia":[{"embeddable":true,"href":"https:\/\/depodanmusteriye.com\/urunler\/wp-json\/wp\/v2\/media\/216594"}],"wp:attachment":[{"href":"https:\/\/depodanmusteriye.com\/urunler\/wp-json\/wp\/v2\/media?parent=216595"}],"wp:term":[{"taxonomy":"product_brand","embeddable":true,"href":"https:\/\/depodanmusteriye.com\/urunler\/wp-json\/wp\/v2\/product_brand?post=216595"},{"taxonomy":"product_cat","embeddable":true,"href":"https:\/\/depodanmusteriye.com\/urunler\/wp-json\/wp\/v2\/product_cat?post=216595"},{"taxonomy":"product_tag","embeddable":true,"href":"https:\/\/depodanmusteriye.com\/urunler\/wp-json\/wp\/v2\/product_tag?post=216595"}],"curies":[{"name":"wp","href":"https:\/\/api.w.org\/{rel}","templated":true}]}}