{"id":215874,"date":"2025-12-22T09:59:32","date_gmt":"2025-12-22T09:59:32","guid":{"rendered":"https:\/\/b2b.depodanmusteriye.com\/urun\/miamor-pastete-cigerli-kedi-konservesi-85-g\/"},"modified":"2025-12-22T09:59:32","modified_gmt":"2025-12-22T09:59:32","slug":"miamor-pastete-cigerli-kedi-konservesi-85-g","status":"publish","type":"product","link":"https:\/\/depodanmusteriye.com\/urunler\/urun\/miamor-pastete-cigerli-kedi-konservesi-85-g\/","title":{"rendered":"M\u0131amor Pastete Ci\u011ferli Kedi Konservesi 85 G"},"content":{"rendered":"<h4>\n<p><strong>Analiz bile\u015fenleri:<\/strong> Nem%77; Ham protein %12; Ya\u011f %7; Ham k&uuml;l%2,5; Ham Lif %0,5; Magnezyum %0,02.<\/p>\n<p><strong>Besin katk\u0131lar\u0131 (1 kg&rsquo;da):<\/strong> D3 vitamini 200 IU; E vitamin E 20mg; Demir 40mg; &Ccedil;inko 27mg; Bak\u0131r 1.2mg; Manganez 1.0mg; \u0130yot 0.6mg; Taurin 300mg.<\/p>\n<p><strong>\u0130&ccedil;indekiler: <\/strong>Bal\u0131k ve bal\u0131k yan &uuml;r&uuml;nleri; et ve et yan &uuml;r&uuml;nleri (%21 k&uuml;mes hayvan\u0131 ci\u011feri), mineraller.<strong> G&uuml;nl&uuml;k beslenme tavsiyesi: <\/strong>Ortalama a\u011f\u0131rl\u0131\u011f\u0131 4 kg olan bir kedi i&ccedil;in g&uuml;nl&uuml;k 2-3 kutu. Beslenme s\u0131ras\u0131nda yan\u0131nda daima temiz su bulundurulmas\u0131 tavsiye edilir. Yaln\u0131zca hayvan t&uuml;ketimi i&ccedil;indir. Serin ve kuru bir yerde saklay\u0131n\u0131z.<\/p>\n<p><b>12 adet fiyat\u0131d\u0131r<\/b> <\/p>\n<p><p><b>\u00dcretici Markas\u0131 : MIAMOR<\/b><\/p>\n<p><b>\u00dcretici Kodu : 42017110<\/b><\/p>\n<p><b>12 ADET F\u0130YATIDIR<\/b><\/p>\n<\/h4>\n<p><\/p>\n","protected":false},"excerpt":{"rendered":"<p>M\u0131amor Pastete Ci\u011ferli Kedi Konservesi 85 G<\/p>\n","protected":false},"featured_media":215873,"comment_status":"open","ping_status":"closed","template":"","meta":[],"product_brand":[],"product_cat":[508,370],"product_tag":[6319,2987,1550,1791,1753,15347],"class_list":{"0":"post-215874","1":"product","2":"type-product","3":"status-publish","4":"has-post-thumbnail","6":"product_cat-kedi-konserve-mamasi","7":"product_cat-pet-shop","8":"product_tag-6319","9":"product_tag-cigerli","10":"product_tag-kedi","11":"product_tag-konservesi","12":"product_tag-miamor","13":"product_tag-pastete","15":"first","16":"instock","17":"taxable","18":"shipping-taxable","19":"purchasable","20":"product-type-simple"},"_links":{"self":[{"href":"https:\/\/depodanmusteriye.com\/urunler\/wp-json\/wp\/v2\/product\/215874","targetHints":{"allow":["GET"]}}],"collection":[{"href":"https:\/\/depodanmusteriye.com\/urunler\/wp-json\/wp\/v2\/product"}],"about":[{"href":"https:\/\/depodanmusteriye.com\/urunler\/wp-json\/wp\/v2\/types\/product"}],"replies":[{"embeddable":true,"href":"https:\/\/depodanmusteriye.com\/urunler\/wp-json\/wp\/v2\/comments?post=215874"}],"version-history":[{"count":0,"href":"https:\/\/depodanmusteriye.com\/urunler\/wp-json\/wp\/v2\/product\/215874\/revisions"}],"wp:featuredmedia":[{"embeddable":true,"href":"https:\/\/depodanmusteriye.com\/urunler\/wp-json\/wp\/v2\/media\/215873"}],"wp:attachment":[{"href":"https:\/\/depodanmusteriye.com\/urunler\/wp-json\/wp\/v2\/media?parent=215874"}],"wp:term":[{"taxonomy":"product_brand","embeddable":true,"href":"https:\/\/depodanmusteriye.com\/urunler\/wp-json\/wp\/v2\/product_brand?post=215874"},{"taxonomy":"product_cat","embeddable":true,"href":"https:\/\/depodanmusteriye.com\/urunler\/wp-json\/wp\/v2\/product_cat?post=215874"},{"taxonomy":"product_tag","embeddable":true,"href":"https:\/\/depodanmusteriye.com\/urunler\/wp-json\/wp\/v2\/product_tag?post=215874"}],"curies":[{"name":"wp","href":"https:\/\/api.w.org\/{rel}","templated":true}]}}