{"id":215514,"date":"2025-12-17T19:34:29","date_gmt":"2025-12-17T19:34:29","guid":{"rendered":"https:\/\/b2b.depodanmusteriye.com\/urun\/v-laga-orop-omni-vitureme-kondis-vitamin-25g\/"},"modified":"2025-12-17T19:34:29","modified_gmt":"2025-12-17T19:34:29","slug":"v-laga-orop-omni-vitureme-kondis-vitamin-25g","status":"publish","type":"product","link":"https:\/\/depodanmusteriye.com\/urunler\/urun\/v-laga-orop-omni-vitureme-kondis-vitamin-25g\/","title":{"rendered":"V.laga Orop.omni Vit(\u00fcreme Kondis.vitamin) 25g"},"content":{"rendered":"<h4>\n<p><strong>* \u00dcreme ve Genel Sa\u011fl\u0131k * <\/strong><\/p>\n<p><strong>Oropharma Omni-Vit<\/strong> multivitamin, aminoasit ve iz element kar\u0131\u015f\u0131m\u0131d\u0131r. Bu \u00fcr\u00fcn kondisyonun korunmas\u0131, daha iyi \u00fcreme sonu\u00e7lar\u0131 al\u0131nmas\u0131, zay\u0131fl\u0131k ve stres durumlar\u0131nda yavru ku\u015flar\u0131n<\/p>\n<p>daha sa\u011fl\u0131kl\u0131&nbsp; bir \u015fekilde b\u00fcy\u00fcmesi i\u00e7in kullan\u0131l\u0131r. Enfeksiyona ba\u011fl\u0131 ba\u011f\u0131\u015f\u0131kl\u0131k d\u00fc\u015fmesi durumlar\u0131nda yard\u0131mc\u0131d\u0131r. Vitaminler, amino asitler ve iz elementler sa\u011fl\u0131kl\u0131 bir metabolizma i\u00e7in<\/p>\n<p>gerekli olan besin bile\u015fenleridir. Yorgunluk, hastal\u0131k veya b\u00fcy\u00fcme s\u0131ras\u0131nda bu bile\u015fenlere v\u00fccut daha fazla ihtiya\u00e7 duyar. Omni-Vit biyoyararlanabilirli\u011fi y\u00fcksek amino asit, vitamin ve<\/p>\n<p>iz elementler i\u00e7erir; v\u00fccudun yeteri miktarda protein almas\u0131na yard\u0131mc\u0131 olur.<\/p>\n<p><strong>G\u00fcnl\u00fck Kullan\u0131m Miktar\u0131 :<\/strong> 250 ml i\u00e7me suyuna ya da 100 g Orlux nemli mamaya ya da yumurta mamas\u0131na 1 \u00f6l\u00e7\u00fc (1 gr) kat\u0131l\u0131r.<\/p>\n<p><strong>Y\u0131l boyunca sa\u011fl\u0131kl\u0131 durumun korunmas\u0131 i\u00e7in :<\/strong> Haftada 1 kez<\/p>\n<p><strong>\u00dcreme Sezonunda :<\/strong> Haftada iki kez<\/p>\n<p><strong>Hastal\u0131k Sonras\u0131nda :<\/strong> 5 g\u00fcn boyunca<\/p>\n<p><strong>A\u015f\u0131 Sonras\u0131nda :<\/strong> 3 g\u00fcn boyunca<\/p>\n<p>Serin ve kuru yerde saklay\u0131n\u0131z.<\/p>\n<p><b>1 adet fiyat\u0131d\u0131r<\/b> <\/p>\n<p><p><b>\u00dcretici Markas\u0131 : VERSELE LAGA OROPHARMA<\/b><\/p>\n<p><b>\u00dcretici Kodu : 5410340602034<\/b><\/p>\n<p><b>1 ADET F\u0130YATIDIR<\/b><\/p>\n<\/h4>\n<p><\/p>\n","protected":false},"excerpt":{"rendered":"<p>V.laga Orop.omni Vit(\u00fcreme Kondis.vitamin) 25g<\/p>\n","protected":false},"featured_media":215513,"comment_status":"open","ping_status":"closed","template":"","meta":[],"product_brand":[],"product_cat":[537,370],"product_tag":[15273,4694,4692,4741,4693],"class_list":{"0":"post-215514","1":"product","2":"type-product","3":"status-publish","4":"has-post-thumbnail","6":"product_cat-kus-sagligi-urunu","7":"product_cat-pet-shop","8":"product_tag-25g","9":"product_tag-kondis-vitamin","10":"product_tag-orop-omni","11":"product_tag-v-laga","12":"product_tag-vitureme","14":"first","15":"instock","16":"taxable","17":"shipping-taxable","18":"purchasable","19":"product-type-simple"},"_links":{"self":[{"href":"https:\/\/depodanmusteriye.com\/urunler\/wp-json\/wp\/v2\/product\/215514","targetHints":{"allow":["GET"]}}],"collection":[{"href":"https:\/\/depodanmusteriye.com\/urunler\/wp-json\/wp\/v2\/product"}],"about":[{"href":"https:\/\/depodanmusteriye.com\/urunler\/wp-json\/wp\/v2\/types\/product"}],"replies":[{"embeddable":true,"href":"https:\/\/depodanmusteriye.com\/urunler\/wp-json\/wp\/v2\/comments?post=215514"}],"version-history":[{"count":0,"href":"https:\/\/depodanmusteriye.com\/urunler\/wp-json\/wp\/v2\/product\/215514\/revisions"}],"wp:featuredmedia":[{"embeddable":true,"href":"https:\/\/depodanmusteriye.com\/urunler\/wp-json\/wp\/v2\/media\/215513"}],"wp:attachment":[{"href":"https:\/\/depodanmusteriye.com\/urunler\/wp-json\/wp\/v2\/media?parent=215514"}],"wp:term":[{"taxonomy":"product_brand","embeddable":true,"href":"https:\/\/depodanmusteriye.com\/urunler\/wp-json\/wp\/v2\/product_brand?post=215514"},{"taxonomy":"product_cat","embeddable":true,"href":"https:\/\/depodanmusteriye.com\/urunler\/wp-json\/wp\/v2\/product_cat?post=215514"},{"taxonomy":"product_tag","embeddable":true,"href":"https:\/\/depodanmusteriye.com\/urunler\/wp-json\/wp\/v2\/product_tag?post=215514"}],"curies":[{"name":"wp","href":"https:\/\/api.w.org\/{rel}","templated":true}]}}