{"id":214353,"date":"2025-12-17T17:35:29","date_gmt":"2025-12-17T17:35:29","guid":{"rendered":"https:\/\/b2b.depodanmusteriye.com\/urun\/25x60-balkon-askiligi-kare-demir-uyumlu-hava-dayanikli-camasir-askisi\/"},"modified":"2025-12-17T17:35:29","modified_gmt":"2025-12-17T17:35:29","slug":"25x60-balkon-askiligi-kare-demir-uyumlu-hava-dayanikli-camasir-askisi","status":"publish","type":"product","link":"https:\/\/depodanmusteriye.com\/urunler\/urun\/25x60-balkon-askiligi-kare-demir-uyumlu-hava-dayanikli-camasir-askisi\/","title":{"rendered":"25&#215;60 Balkon Ask\u0131l\u0131\u011f\u0131 Kare Demir Uyumlu Hava Dayan\u0131kl\u0131 \u00c7ama\u015f\u0131r Ask\u0131s\u0131"},"content":{"rendered":"<h4>Balkon Demiri \u00c7ama\u015f\u0131r Ask\u0131s\u0131 25\u00d760 cm modeli, \u00f6zellikle dar balkonlarda maksimum alan kullan\u0131m\u0131n\u0131 desteklemek amac\u0131yla geli\u015ftirilmi\u015ftir. Kare k\u00fcpe\u015fte yap\u0131s\u0131na uygun tasar\u0131m\u0131 sayesinde ekstra aparata ihtiya\u00e7 duymadan kolayca yerle\u015ftirilir. Beyaz estetik g\u00f6r\u00fcn\u00fcm\u00fc, balkon dekorasyonlar\u0131na \u015f\u0131kl\u0131k katarken temiz bir g\u00f6r\u00fcnt\u00fc sunar. \u00dcr\u00fcn\u00fcn dayan\u0131kl\u0131 materyali d\u0131\u015f hava ko\u015fullar\u0131na kar\u015f\u0131 tam koruma sa\u011flar; ya\u011fmur, r\u00fczg\u00e2r ve g\u00fcne\u015ften etkilenmez. Ask\u0131n\u0131n geni\u015f y\u00fczeyi sayesinde \u00e7ama\u015f\u0131rlar\u0131n d\u00fczenli, rahat ve h\u0131zl\u0131 \u015fekilde kurumas\u0131na imk\u00e2n tan\u0131r. Hafif olmas\u0131na ra\u011fmen g\u00fc\u00e7l\u00fc ta\u015f\u0131ma kapasitesine sahip oldu\u011fu i\u00e7in uzun s\u00fcreli kullan\u0131mda deforme olmaz. G\u00fcnl\u00fck kullan\u0131mda zaman kazand\u0131ran ergonomik yap\u0131s\u0131 ile kullan\u0131c\u0131 dostu bir \u00e7\u00f6z\u00fcmd\u00fcr. Evlerde, yazl\u0131klarda ve apartman dairelerinde rahatl\u0131kla kullan\u0131labilir. <\/p>\n<p><b>1 adet fiyat\u0131d\u0131r<\/b> <\/p>\n<p><p><b>\u00dcretici Markas\u0131 : ZERO LAND<\/b><\/p>\n<p><b>\u00dcretici Kodu : UCZZZ\u00c7AMA\u015eIRASKILI\u011eI4<\/b><\/p>\n<p><b>1 ADET F\u0130YATIDIR<\/b><\/p>\n<\/h4>\n<p><\/p>\n","protected":false},"excerpt":{"rendered":"<p>25&#215;60 Balkon Ask\u0131l\u0131\u011f\u0131 Kare Demir Uyumlu Hava Dayan\u0131kl\u0131 \u00c7ama\u015f\u0131r Ask\u0131s\u0131<\/p>\n","protected":false},"featured_media":214348,"comment_status":"open","ping_status":"closed","template":"","meta":[],"product_brand":[],"product_cat":[1025,379],"product_tag":[15204,15203,1994,1838,15202,3993,1385,1085,2685,1951],"class_list":{"0":"post-214353","1":"product","2":"type-product","3":"status-publish","4":"has-post-thumbnail","6":"product_cat-dolap-ici-duzenleyici","7":"product_cat-ev-yasam","8":"product_tag-25x60","9":"product_tag-askiligi","10":"product_tag-askisi","11":"product_tag-balkon","12":"product_tag-camasir","13":"product_tag-dayanikli","14":"product_tag-demir","15":"product_tag-hava","16":"product_tag-kare","17":"product_tag-uyumlu","19":"first","20":"instock","21":"taxable","22":"shipping-taxable","23":"purchasable","24":"product-type-simple"},"_links":{"self":[{"href":"https:\/\/depodanmusteriye.com\/urunler\/wp-json\/wp\/v2\/product\/214353","targetHints":{"allow":["GET"]}}],"collection":[{"href":"https:\/\/depodanmusteriye.com\/urunler\/wp-json\/wp\/v2\/product"}],"about":[{"href":"https:\/\/depodanmusteriye.com\/urunler\/wp-json\/wp\/v2\/types\/product"}],"replies":[{"embeddable":true,"href":"https:\/\/depodanmusteriye.com\/urunler\/wp-json\/wp\/v2\/comments?post=214353"}],"version-history":[{"count":0,"href":"https:\/\/depodanmusteriye.com\/urunler\/wp-json\/wp\/v2\/product\/214353\/revisions"}],"wp:featuredmedia":[{"embeddable":true,"href":"https:\/\/depodanmusteriye.com\/urunler\/wp-json\/wp\/v2\/media\/214348"}],"wp:attachment":[{"href":"https:\/\/depodanmusteriye.com\/urunler\/wp-json\/wp\/v2\/media?parent=214353"}],"wp:term":[{"taxonomy":"product_brand","embeddable":true,"href":"https:\/\/depodanmusteriye.com\/urunler\/wp-json\/wp\/v2\/product_brand?post=214353"},{"taxonomy":"product_cat","embeddable":true,"href":"https:\/\/depodanmusteriye.com\/urunler\/wp-json\/wp\/v2\/product_cat?post=214353"},{"taxonomy":"product_tag","embeddable":true,"href":"https:\/\/depodanmusteriye.com\/urunler\/wp-json\/wp\/v2\/product_tag?post=214353"}],"curies":[{"name":"wp","href":"https:\/\/api.w.org\/{rel}","templated":true}]}}