{"id":213495,"date":"2025-12-17T16:47:29","date_gmt":"2025-12-17T16:47:29","guid":{"rendered":"https:\/\/b2b.depodanmusteriye.com\/urun\/4-vites-ayarli-elektrikli-tirnak-matkabi-jel-oje-sokme-akrilik-sekillendirme\/"},"modified":"2025-12-17T16:47:29","modified_gmt":"2025-12-17T16:47:29","slug":"4-vites-ayarli-elektrikli-tirnak-matkabi-jel-oje-sokme-akrilik-sekillendirme","status":"publish","type":"product","link":"https:\/\/depodanmusteriye.com\/urunler\/urun\/4-vites-ayarli-elektrikli-tirnak-matkabi-jel-oje-sokme-akrilik-sekillendirme\/","title":{"rendered":"4 Vites Ayarl\u0131 Elektrikli T\u0131rnak Matkab\u0131 Jel Oje S\u00f6kme Akrilik \u015eekillendirme"},"content":{"rendered":"<h4>Tek cihazla say\u0131s\u0131z i\u015flem yapabilme avantaj\u0131 sunan bu elektrikli t\u0131rnak t\u00f6rp\u00fcs\u00fc, kad\u0131n ve erkek kullan\u0131c\u0131lar\u0131n t\u00fcm t\u0131rnak bak\u0131m ihtiya\u00e7lar\u0131na cevap verir. Jel oje \u00e7\u0131karma, t\u00f6rp\u00fcleme, inceltme, y\u00fczey parlatma, \u00f6l\u00fc deri temizli\u011fi ve nas\u0131r alma gibi i\u015flemler zahmetsiz \u015fekilde tamamlanabilir. 20.000 RPM\u2019e kadar h\u0131z sunan motoru g\u00fc\u00e7l\u00fc oldu\u011fu kadar sessiz \u00e7al\u0131\u015f\u0131r. USB \u015farj \u00f6zelli\u011fi sayesinde ekstra adapt\u00f6r arama derdi yoktur. Seyahatlerde \u00e7antaya at\u0131p g\u00f6t\u00fcrmesi kolayd\u0131r. Ergonomik tasar\u0131m\u0131, uzun i\u015flemler s\u0131ras\u0131nda bile kontrol\u00fc kolayla\u015ft\u0131r\u0131r. T\u0131rnak bak\u0131m\u0131n\u0131 profesyonel bir seviyeye ta\u015f\u0131mak isteyen herkes i\u00e7in m\u00fckemmel bir \u00e7\u00f6z\u00fcmd\u00fcr. <\/p>\n<p><b>1 adet fiyat\u0131d\u0131r<\/b> <\/p>\n<p><p><b>\u00dcretici Markas\u0131 : ZERO LAND<\/b><\/p>\n<p><b>\u00dcretici Kodu : UCZZZPRO12L\u0130T\u00d6RP\u00dc2<\/b><\/p>\n<p><b>1 ADET F\u0130YATIDIR<\/b><\/p>\n<\/h4>\n<p><\/p>\n","protected":false},"excerpt":{"rendered":"<p>4 Vites Ayarl\u0131 Elektrikli T\u0131rnak Matkab\u0131 Jel Oje S\u00f6kme Akrilik \u015eekillendirme<\/p>\n","protected":false},"featured_media":213490,"comment_status":"open","ping_status":"closed","template":"","meta":[],"product_brand":[],"product_cat":[379,767],"product_tag":[1058,5569,3165,1312,2169,15160,2131,13132,3327,1564,2604],"class_list":{"0":"post-213495","1":"product","2":"type-product","3":"status-publish","4":"has-post-thumbnail","6":"product_cat-ev-yasam","7":"product_cat-oje-kurutucu","8":"product_tag-1058","9":"product_tag-akrilik","10":"product_tag-ayarli","11":"product_tag-elektrikli","12":"product_tag-jel","13":"product_tag-matkabi","14":"product_tag-oje","15":"product_tag-sekillendirme","16":"product_tag-sokme","17":"product_tag-tirnak","18":"product_tag-vites","20":"first","21":"instock","22":"taxable","23":"shipping-taxable","24":"purchasable","25":"product-type-simple"},"_links":{"self":[{"href":"https:\/\/depodanmusteriye.com\/urunler\/wp-json\/wp\/v2\/product\/213495","targetHints":{"allow":["GET"]}}],"collection":[{"href":"https:\/\/depodanmusteriye.com\/urunler\/wp-json\/wp\/v2\/product"}],"about":[{"href":"https:\/\/depodanmusteriye.com\/urunler\/wp-json\/wp\/v2\/types\/product"}],"replies":[{"embeddable":true,"href":"https:\/\/depodanmusteriye.com\/urunler\/wp-json\/wp\/v2\/comments?post=213495"}],"version-history":[{"count":0,"href":"https:\/\/depodanmusteriye.com\/urunler\/wp-json\/wp\/v2\/product\/213495\/revisions"}],"wp:featuredmedia":[{"embeddable":true,"href":"https:\/\/depodanmusteriye.com\/urunler\/wp-json\/wp\/v2\/media\/213490"}],"wp:attachment":[{"href":"https:\/\/depodanmusteriye.com\/urunler\/wp-json\/wp\/v2\/media?parent=213495"}],"wp:term":[{"taxonomy":"product_brand","embeddable":true,"href":"https:\/\/depodanmusteriye.com\/urunler\/wp-json\/wp\/v2\/product_brand?post=213495"},{"taxonomy":"product_cat","embeddable":true,"href":"https:\/\/depodanmusteriye.com\/urunler\/wp-json\/wp\/v2\/product_cat?post=213495"},{"taxonomy":"product_tag","embeddable":true,"href":"https:\/\/depodanmusteriye.com\/urunler\/wp-json\/wp\/v2\/product_tag?post=213495"}],"curies":[{"name":"wp","href":"https:\/\/api.w.org\/{rel}","templated":true}]}}