{"id":211170,"date":"2025-12-17T14:36:17","date_gmt":"2025-12-17T14:36:17","guid":{"rendered":"https:\/\/b2b.depodanmusteriye.com\/urun\/120w-usb-c-sarj-adaptoru-super-hizli-sarj-guc-kaynagi-seti\/"},"modified":"2025-12-17T14:36:17","modified_gmt":"2025-12-17T14:36:17","slug":"120w-usb-c-sarj-adaptoru-super-hizli-sarj-guc-kaynagi-seti","status":"publish","type":"product","link":"https:\/\/depodanmusteriye.com\/urunler\/urun\/120w-usb-c-sarj-adaptoru-super-hizli-sarj-guc-kaynagi-seti\/","title":{"rendered":"120W USB-C \u015earj Adapt\u00f6r\u00fc S\u00fcper H\u0131zl\u0131 \u015earj G\u00fc\u00e7 Kayna\u011f\u0131 Seti"},"content":{"rendered":"<h4>120W Ultra Plus++ H\u0131zl\u0131 \u015earj Adapt\u00f6r\u00fc, y\u00fcksek g\u00fc\u00e7 kapasitesi ve geli\u015fmi\u015f g\u00fcvenlik \u00f6zellikleri ile ak\u0131ll\u0131 cihazlar\u0131n\u0131z i\u00e7in en h\u0131zl\u0131 ve en verimli \u015farj deneyimini sunar. USB-C uyumlulu\u011fu sayesinde geni\u015f bir cihaz yelpazesiyle \u00e7al\u0131\u015f\u0131r; telefonlardan tablet ve laptoplara kadar bir\u00e7ok cihaz i\u00e7in tek adapt\u00f6rle tam g\u00fc\u00e7 sa\u011flar. 24 kata kadar daha h\u0131zl\u0131 \u015farj deste\u011fi sayesinde cihazlar\u0131n\u0131z\u0131 k\u0131sa s\u00fcrede dolu hale getirerek zamandan b\u00fcy\u00fck tasarruf sa\u011flars\u0131n\u0131z.<\/p>\n<p>Ultra h\u0131zl\u0131 \u015farj teknolojisi, cihaz pilinin sa\u011fl\u0131\u011f\u0131n\u0131 koruyacak \u015fekilde optimize edilmi\u015ftir. Voltaj kontrol\u00fc, k\u0131sa devre korumas\u0131 ve a\u015f\u0131r\u0131 \u0131s\u0131 engelleme \u00f6zellikleri sayesinde \u015farj i\u015flemi g\u00fcvenli bir \u015fekilde ger\u00e7ekle\u015fir. Adapt\u00f6r\u00fcn sa\u011flam d\u0131\u015f \u00e7er\u00e7evesi kaliteli bir kullan\u0131m sunarken, \u0131s\u0131ya dayan\u0131kl\u0131 yap\u0131s\u0131 uzun s\u00fcreli kullan\u0131mda g\u00fcven verir.<\/p>\n<p>\u00dcr\u00fcnle birlikte gelen y\u00fcksek iletim kapasiteli USB-C kablosu, adapt\u00f6r\u00fcn performans\u0131n\u0131 en \u00fcst seviyeye ta\u015f\u0131r. Bu kablo, \u015farj\u0131n h\u0131zl\u0131 ve stabil yap\u0131lmas\u0131n\u0131 sa\u011flar. Adapt\u00f6r\u00fcn kompakt tasar\u0131m\u0131 ise ta\u015f\u0131may\u0131 kolayla\u015ft\u0131r\u0131r; seyahatlerde ve i\u015f gezilerinde yan\u0131n\u0131zdan ay\u0131rmak istemeyece\u011finiz bir \u00fcr\u00fcn haline gelir.<\/p>\n<p>120W g\u00fcc\u00fc sayesinde cihaz\u0131n\u0131z ne kadar enerjiye ihtiya\u00e7 duyarsa duysun en h\u0131zl\u0131 \u015fekilde \u015farj edilir. B\u00f6ylece i\u015flerinizi aksatmadan, cihaz\u0131n\u0131z\u0131 k\u0131sa s\u00fcrede tekrar kullanabilirsiniz. Modern kullan\u0131c\u0131lar\u0131n ihtiya\u00e7lar\u0131na uygun olarak geli\u015ftirilen bu adapt\u00f6r, g\u00fc\u00e7l\u00fc performans\u0131 ve g\u00fcvenli yap\u0131s\u0131yla g\u00fcnl\u00fck hayat\u0131n vazge\u00e7ilmez bir teknolojik ekipman\u0131d\u0131r. <\/p>\n<p><b>1 adet fiyat\u0131d\u0131r<\/b> <\/p>\n<p><p><b>\u00dcretici Markas\u0131 : ZERO LAND<\/b><\/p>\n<p><b>\u00dcretici Kodu : XUUCZZZ120W\u015eARJALET\u0130\u0130\u0130\u0130\u01302<\/b><\/p>\n<p><b>1 ADET F\u0130YATIDIR<\/b><\/p>\n<\/h4>\n<p><\/p>\n","protected":false},"excerpt":{"rendered":"<p>120W USB-C \u015earj Adapt\u00f6r\u00fc S\u00fcper H\u0131zl\u0131 \u015earj G\u00fc\u00e7 Kayna\u011f\u0131 Seti<\/p>\n","protected":false},"featured_media":211165,"comment_status":"open","ping_status":"closed","template":"","meta":[],"product_brand":[],"product_cat":[374,460],"product_tag":[14257,4112,4022,1825,13435,2755,1172,2149,13166],"class_list":{"0":"post-211170","1":"product","2":"type-product","3":"status-publish","4":"has-post-thumbnail","6":"product_cat-mobil-aksesuar","7":"product_cat-arj-aleti","8":"product_tag-120w","9":"product_tag-adaptoru","10":"product_tag-guc","11":"product_tag-hizli","12":"product_tag-kaynagi","13":"product_tag-sarj","14":"product_tag-seti","15":"product_tag-super","16":"product_tag-usb-c","18":"first","19":"instock","20":"taxable","21":"shipping-taxable","22":"purchasable","23":"product-type-simple"},"_links":{"self":[{"href":"https:\/\/depodanmusteriye.com\/urunler\/wp-json\/wp\/v2\/product\/211170","targetHints":{"allow":["GET"]}}],"collection":[{"href":"https:\/\/depodanmusteriye.com\/urunler\/wp-json\/wp\/v2\/product"}],"about":[{"href":"https:\/\/depodanmusteriye.com\/urunler\/wp-json\/wp\/v2\/types\/product"}],"replies":[{"embeddable":true,"href":"https:\/\/depodanmusteriye.com\/urunler\/wp-json\/wp\/v2\/comments?post=211170"}],"version-history":[{"count":0,"href":"https:\/\/depodanmusteriye.com\/urunler\/wp-json\/wp\/v2\/product\/211170\/revisions"}],"wp:featuredmedia":[{"embeddable":true,"href":"https:\/\/depodanmusteriye.com\/urunler\/wp-json\/wp\/v2\/media\/211165"}],"wp:attachment":[{"href":"https:\/\/depodanmusteriye.com\/urunler\/wp-json\/wp\/v2\/media?parent=211170"}],"wp:term":[{"taxonomy":"product_brand","embeddable":true,"href":"https:\/\/depodanmusteriye.com\/urunler\/wp-json\/wp\/v2\/product_brand?post=211170"},{"taxonomy":"product_cat","embeddable":true,"href":"https:\/\/depodanmusteriye.com\/urunler\/wp-json\/wp\/v2\/product_cat?post=211170"},{"taxonomy":"product_tag","embeddable":true,"href":"https:\/\/depodanmusteriye.com\/urunler\/wp-json\/wp\/v2\/product_tag?post=211170"}],"curies":[{"name":"wp","href":"https:\/\/api.w.org\/{rel}","templated":true}]}}