{"id":209824,"date":"2025-12-16T05:17:57","date_gmt":"2025-12-16T05:17:57","guid":{"rendered":"https:\/\/b2b.depodanmusteriye.com\/urun\/kablosuz-bluetooth-kulaklik-net-ses-kalitesi-dokunmatik-tus-gurultu-azaltici-mikrofon\/"},"modified":"2025-12-16T05:17:57","modified_gmt":"2025-12-16T05:17:57","slug":"kablosuz-bluetooth-kulaklik-net-ses-kalitesi-dokunmatik-tus-gurultu-azaltici-mikrofon","status":"publish","type":"product","link":"https:\/\/depodanmusteriye.com\/urunler\/urun\/kablosuz-bluetooth-kulaklik-net-ses-kalitesi-dokunmatik-tus-gurultu-azaltici-mikrofon\/","title":{"rendered":"Kablosuz Bluetooth Kulakl\u0131k \u2013 Net Ses Kalitesi, Dokunmatik Tu\u015f, G\u00fcr\u00fclt\u00fc Azalt\u0131c\u0131 Mikrofon"},"content":{"rendered":"<h4>M\u00fczi\u011fi her an yan\u0131n\u0131zda ta\u015f\u0131y\u0131n!<br \/>\nBu kablosuz kulakl\u0131k, y\u00fcksek kaliteli ses s\u00fcr\u00fcc\u00fcleriyle donat\u0131lm\u0131\u015f olup, m\u00fczikte netlik ve denge sunar.<br \/>\nGeli\u015fmi\u015f g\u00fcr\u00fclt\u00fc azaltma teknolojisi, d\u0131\u015f sesleri filtreleyerek yaln\u0131zca m\u00fczi\u011fe odaklanman\u0131z\u0131 sa\u011flar.<\/p>\n<p>Ergonomik kulak i\u00e7i tasar\u0131m\u0131, kula\u011fa tam uyum sa\u011flar ve uzun s\u00fcreli kullan\u0131mlarda rahatl\u0131k sunar.<br \/>\nDokunmatik kontrol \u00f6zelli\u011fi sayesinde \u015fark\u0131 ge\u00e7i\u015fleri, arama y\u00f6netimi ve ses ayarlar\u0131 tek dokunu\u015fla yap\u0131labilir.<\/p>\n<p>G\u00fc\u00e7l\u00fc bataryas\u0131yla saatlerce kesintisiz kullan\u0131m sunar.<br \/>\nType-C h\u0131zl\u0131 \u015farj \u00f6zelli\u011fiyle k\u0131sa s\u00fcrede dolum sa\u011flar.<br \/>\nTa\u015f\u0131nabilir kutusu sayesinde her yerde kolayca ta\u015f\u0131nabilir.<\/p>\n<p>Hem spor aktivitelerinde hem de g\u00fcnl\u00fck kullan\u0131mda konforu ve performans\u0131 bir arada sunar. <\/p>\n<p><b>1 adet fiyat\u0131d\u0131r<\/b> <\/p>\n<p><p><b>\u00dcretici Markas\u0131 : ZERO LAND<\/b><\/p>\n<p><b>\u00dcretici Kodu : UCZZZHA\u0130NO1204<\/b><\/p>\n<p><b>1 ADET F\u0130YATIDIR<\/b><\/p>\n<\/h4>\n<p><\/p>\n","protected":false},"excerpt":{"rendered":"<p>Kablosuz Bluetooth Kulakl\u0131k \u2013 Net Ses Kalitesi, Dokunmatik Tu\u015f, G\u00fcr\u00fclt\u00fc Azalt\u0131c\u0131 Mikrofon<\/p>\n","protected":false},"featured_media":209819,"comment_status":"open","ping_status":"closed","template":"","meta":[],"product_brand":[],"product_cat":[494,374],"product_tag":[6082,3605,1985,9196,1640,13156,1641,1984,13060,1915,13734],"class_list":{"0":"post-209824","1":"product","2":"type-product","3":"status-publish","4":"has-post-thumbnail","6":"product_cat-kulak-ici-tws-bluetooth-kulaklik","7":"product_cat-mobil-aksesuar","8":"product_tag-azaltici","9":"product_tag-bluetooth","10":"product_tag-dokunmatik","11":"product_tag-gurultu","12":"product_tag-kablosuz","13":"product_tag-kalitesi","14":"product_tag-kulaklik","15":"product_tag-mikrofon","16":"product_tag-net","17":"product_tag-ses","18":"product_tag-tus","20":"first","21":"instock","22":"taxable","23":"shipping-taxable","24":"purchasable","25":"product-type-simple"},"_links":{"self":[{"href":"https:\/\/depodanmusteriye.com\/urunler\/wp-json\/wp\/v2\/product\/209824","targetHints":{"allow":["GET"]}}],"collection":[{"href":"https:\/\/depodanmusteriye.com\/urunler\/wp-json\/wp\/v2\/product"}],"about":[{"href":"https:\/\/depodanmusteriye.com\/urunler\/wp-json\/wp\/v2\/types\/product"}],"replies":[{"embeddable":true,"href":"https:\/\/depodanmusteriye.com\/urunler\/wp-json\/wp\/v2\/comments?post=209824"}],"version-history":[{"count":0,"href":"https:\/\/depodanmusteriye.com\/urunler\/wp-json\/wp\/v2\/product\/209824\/revisions"}],"wp:featuredmedia":[{"embeddable":true,"href":"https:\/\/depodanmusteriye.com\/urunler\/wp-json\/wp\/v2\/media\/209819"}],"wp:attachment":[{"href":"https:\/\/depodanmusteriye.com\/urunler\/wp-json\/wp\/v2\/media?parent=209824"}],"wp:term":[{"taxonomy":"product_brand","embeddable":true,"href":"https:\/\/depodanmusteriye.com\/urunler\/wp-json\/wp\/v2\/product_brand?post=209824"},{"taxonomy":"product_cat","embeddable":true,"href":"https:\/\/depodanmusteriye.com\/urunler\/wp-json\/wp\/v2\/product_cat?post=209824"},{"taxonomy":"product_tag","embeddable":true,"href":"https:\/\/depodanmusteriye.com\/urunler\/wp-json\/wp\/v2\/product_tag?post=209824"}],"curies":[{"name":"wp","href":"https:\/\/api.w.org\/{rel}","templated":true}]}}