{"id":209758,"date":"2025-12-16T05:14:04","date_gmt":"2025-12-16T05:14:04","guid":{"rendered":"https:\/\/b2b.depodanmusteriye.com\/urun\/kablosuz-titresimli-oyun-kolu-yuksek-hassasiyetli-analog-kontrol-ve-ergonomik-tutma\/"},"modified":"2025-12-16T05:14:04","modified_gmt":"2025-12-16T05:14:04","slug":"kablosuz-titresimli-oyun-kolu-yuksek-hassasiyetli-analog-kontrol-ve-ergonomik-tutma","status":"publish","type":"product","link":"https:\/\/depodanmusteriye.com\/urunler\/urun\/kablosuz-titresimli-oyun-kolu-yuksek-hassasiyetli-analog-kontrol-ve-ergonomik-tutma\/","title":{"rendered":"Kablosuz Titre\u015fimli Oyun Kolu \u2013 Y\u00fcksek Hassasiyetli Analog Kontrol ve Ergonomik Tutma"},"content":{"rendered":"<h4>Y\u00fcksek performans ve dayan\u0131kl\u0131l\u0131\u011f\u0131 bir arada sunan bu kablosuz oyun kolu, uzun s\u00fcreli oyun seanslar\u0131nda konforu elinizden b\u0131rakmaz. PS4 sistemleriyle uyumlu \u00e7al\u0131\u015farak, sorunsuz ba\u011flant\u0131 ve y\u00fcksek hassasiyetli kontrol imkan\u0131 sunar.<\/p>\n<p>Titre\u015fimli \u00e7ift motor sistemi, her oyun sahnesinde farkl\u0131 yo\u011funluklarda titre\u015fim verir. Bu \u00f6zellik, aksiyon oyunlar\u0131nda adeta sahnenin bir par\u00e7as\u0131ym\u0131\u015f gibi hissetmenizi sa\u011flar.<\/p>\n<p>Kablosuz ba\u011flant\u0131 \u00f6zelli\u011fi, 10 metreye kadar g\u00fc\u00e7l\u00fc sinyal aktar\u0131m\u0131yla kesintisiz oyun oynama deneyimi sunar. USB kablo ile h\u0131zl\u0131 \u015farj edilebilir bataryas\u0131, tek \u015farjla uzun s\u00fcreli kullan\u0131m sa\u011flar.<\/p>\n<p>Kaymaz ergonomik y\u00fczeyi, uzun s\u00fcreli oyunlarda bile elinizin terlemesini \u00f6nler. Tu\u015f yerle\u015fimi dengeli olup, parmak hareketleri do\u011fal bir bi\u00e7imde kontrol sa\u011flar.<\/p>\n<p>\u015e\u0131k siyah rengi, modern tasar\u0131m\u0131 ve dayan\u0131kl\u0131 d\u0131\u015f malzemesiyle uzun \u00f6m\u00fcrl\u00fc bir kullan\u0131m vaat eder. Geli\u015fmi\u015f tepki h\u0131z\u0131 sayesinde oyun i\u00e7i komutlar\u0131n\u0131z\u0131 an\u0131nda alg\u0131lar. <\/p>\n<p><b>1 adet fiyat\u0131d\u0131r<\/b> <\/p>\n<p><p><b>\u00dcretici Markas\u0131 : ZERO LAND<\/b><\/p>\n<p><b>\u00dcretici Kodu : UCZZZPS4KOLU3<\/b><\/p>\n<p><b>1 ADET F\u0130YATIDIR<\/b><\/p>\n<\/h4>\n<p><\/p>\n","protected":false},"excerpt":{"rendered":"<p>Kablosuz Titre\u015fimli Oyun Kolu \u2013 Y\u00fcksek Hassasiyetli Analog Kontrol ve Ergonomik Tutma<\/p>\n","protected":false},"featured_media":209753,"comment_status":"open","ping_status":"closed","template":"","meta":[],"product_brand":[],"product_cat":[379,725],"product_tag":[13072,3992,4349,1640,2516,2615,3997,4217,2060,2104,2630],"class_list":{"0":"post-209758","1":"product","2":"type-product","3":"status-publish","4":"has-post-thumbnail","6":"product_cat-ev-yasam","7":"product_cat-psp-and-vita-oyunu","8":"product_tag-analog","9":"product_tag-ergonomik","10":"product_tag-hassasiyetli","11":"product_tag-kablosuz","12":"product_tag-kolu","13":"product_tag-kontrol","14":"product_tag-oyun","15":"product_tag-titresimli","16":"product_tag-tutma","17":"product_tag-ve","18":"product_tag-yuksek","20":"first","21":"instock","22":"taxable","23":"shipping-taxable","24":"purchasable","25":"product-type-simple"},"_links":{"self":[{"href":"https:\/\/depodanmusteriye.com\/urunler\/wp-json\/wp\/v2\/product\/209758","targetHints":{"allow":["GET"]}}],"collection":[{"href":"https:\/\/depodanmusteriye.com\/urunler\/wp-json\/wp\/v2\/product"}],"about":[{"href":"https:\/\/depodanmusteriye.com\/urunler\/wp-json\/wp\/v2\/types\/product"}],"replies":[{"embeddable":true,"href":"https:\/\/depodanmusteriye.com\/urunler\/wp-json\/wp\/v2\/comments?post=209758"}],"version-history":[{"count":0,"href":"https:\/\/depodanmusteriye.com\/urunler\/wp-json\/wp\/v2\/product\/209758\/revisions"}],"wp:featuredmedia":[{"embeddable":true,"href":"https:\/\/depodanmusteriye.com\/urunler\/wp-json\/wp\/v2\/media\/209753"}],"wp:attachment":[{"href":"https:\/\/depodanmusteriye.com\/urunler\/wp-json\/wp\/v2\/media?parent=209758"}],"wp:term":[{"taxonomy":"product_brand","embeddable":true,"href":"https:\/\/depodanmusteriye.com\/urunler\/wp-json\/wp\/v2\/product_brand?post=209758"},{"taxonomy":"product_cat","embeddable":true,"href":"https:\/\/depodanmusteriye.com\/urunler\/wp-json\/wp\/v2\/product_cat?post=209758"},{"taxonomy":"product_tag","embeddable":true,"href":"https:\/\/depodanmusteriye.com\/urunler\/wp-json\/wp\/v2\/product_tag?post=209758"}],"curies":[{"name":"wp","href":"https:\/\/api.w.org\/{rel}","templated":true}]}}