{"id":209307,"date":"2025-12-16T04:46:40","date_gmt":"2025-12-16T04:46:40","guid":{"rendered":"https:\/\/b2b.depodanmusteriye.com\/urun\/kablosuz-2-4-ghz-yaka-mikrofonu-60-m-menzilli-gurultu-azaltici-sarjli-ve-tasinabilir\/"},"modified":"2025-12-16T04:46:40","modified_gmt":"2025-12-16T04:46:40","slug":"kablosuz-2-4-ghz-yaka-mikrofonu-60-m-menzilli-gurultu-azaltici-sarjli-ve-tasinabilir","status":"publish","type":"product","link":"https:\/\/depodanmusteriye.com\/urunler\/urun\/kablosuz-2-4-ghz-yaka-mikrofonu-60-m-menzilli-gurultu-azaltici-sarjli-ve-tasinabilir\/","title":{"rendered":"Kablosuz 2.4 GHz Yaka Mikrofonu \u2013 60 m Menzilli, G\u00fcr\u00fclt\u00fc Azalt\u0131c\u0131, \u015earjl\u0131 ve Ta\u015f\u0131nabilir"},"content":{"rendered":"<h4>Profesyonel ses deneyimini her ortamda ya\u015fay\u0131n!<br \/>\nBu y\u00fcksek performansl\u0131 kablosuz yaka mikrofonu, 360\u00b0 ses alg\u0131lama \u00f6zelli\u011fi sayesinde \u00e7evresel sesleri net bi\u00e7imde yakalar. Geli\u015fmi\u015f g\u00fcr\u00fclt\u00fc \u00f6nleme teknolojisi, vokal kayd\u0131nda y\u00fcksek do\u011fruluk sa\u011flar ve arka plan g\u00fcr\u00fclt\u00fclerini minimuma indirir.<\/p>\n<p>2.4 GHz kablosuz iletim sistemi, stabil ba\u011flant\u0131 ve d\u00fc\u015f\u00fck gecikme s\u00fcresiyle kusursuz bir kay\u0131t deneyimi sunar. Bluetooth 5.2 protokol\u00fc, g\u00fc\u00e7l\u00fc sinyal ve uzun menzil performans\u0131n\u0131 garanti eder.<br \/>\nYakla\u015f\u0131k 60 metreye kadar iletim mesafesi, sunum, r\u00f6portaj, canl\u0131 yay\u0131n veya vlog \u00e7ekimleri gibi profesyonel kullan\u0131m alanlar\u0131nda maksimum \u00f6zg\u00fcrl\u00fck sa\u011flar.<\/p>\n<p>55 mAh batarya kapasitesiyle 4 saat kesintisiz \u00e7al\u0131\u015fma s\u00fcresi sunar. Type-C h\u0131zl\u0131 \u015farj \u00f6zelli\u011fiyle yaln\u0131zca 1 saatte tamamen \u015farj olur.<br \/>\nAyr\u0131ca, \u00e7al\u0131\u015f\u0131rken \u015farj etme fonksiyonu sayesinde uzun kay\u0131tlar boyunca performans kayb\u0131 ya\u015famazs\u0131n\u0131z.<\/p>\n<p>Al\u0131c\u0131, iki kademeli \u00e7\u0131k\u0131\u015f genli\u011fi ayar\u0131yla farkl\u0131 ses sistemlerine kolayca uyum sa\u011flar.<br \/>\nBu \u00f6zellik, sesin hem g\u00fc\u00e7l\u00fc hem de net duyulmas\u0131n\u0131 sa\u011flar. 3.5 mm jack giri\u015fi sayesinde bir\u00e7ok telefon, kamera, bilgisayar ve ses sistemine kolayca ba\u011flanabilir.<\/p>\n<p>Kompakt, hafif ve ta\u015f\u0131nabilir yap\u0131s\u0131 sayesinde her ortamda kolay kullan\u0131m sunar.<br \/>\n\u0130ster i\u00e7erik \u00fcreticisi olun ister \u00f6\u011fretmen veya sunucu, bu mikrofon profesyonel kalitede ses kayd\u0131 elde etmenin en kolay yoludur. <\/p>\n<p><b>1 adet fiyat\u0131d\u0131r<\/b> <\/p>\n<p><p><b>\u00dcretici Markas\u0131 : ZERO LAND<\/b><\/p>\n<p><b>\u00dcretici Kodu : UCZZZK35DM\u0130KROFON1<\/b><\/p>\n<p><b>1 ADET F\u0130YATIDIR<\/b><\/p>\n<\/h4>\n<p><\/p>\n","protected":false},"excerpt":{"rendered":"<p>Kablosuz 2.4 GHz Yaka Mikrofonu \u2013 60 m Menzilli, G\u00fcr\u00fclt\u00fc Azalt\u0131c\u0131, \u015earjl\u0131 ve Ta\u015f\u0131nabilir<\/p>\n","protected":false},"featured_media":209302,"comment_status":"open","ping_status":"closed","template":"","meta":[],"product_brand":[],"product_cat":[462,374],"product_tag":[4192,1106,6082,4193,9196,1640,1500,4360,14977,3975,2982,2104,3738],"class_list":{"0":"post-209307","1":"product","2":"type-product","3":"status-publish","4":"has-post-thumbnail","6":"product_cat-mikrofon","7":"product_cat-mobil-aksesuar","8":"product_tag-2-4","9":"product_tag-1106","10":"product_tag-azaltici","11":"product_tag-ghz","12":"product_tag-gurultu","13":"product_tag-kablosuz","14":"product_tag-m","15":"product_tag-menzilli","16":"product_tag-mikrofonu","17":"product_tag-sarjli","18":"product_tag-tasinabilir","19":"product_tag-ve","20":"product_tag-yaka","22":"first","23":"instock","24":"taxable","25":"shipping-taxable","26":"purchasable","27":"product-type-simple"},"_links":{"self":[{"href":"https:\/\/depodanmusteriye.com\/urunler\/wp-json\/wp\/v2\/product\/209307","targetHints":{"allow":["GET"]}}],"collection":[{"href":"https:\/\/depodanmusteriye.com\/urunler\/wp-json\/wp\/v2\/product"}],"about":[{"href":"https:\/\/depodanmusteriye.com\/urunler\/wp-json\/wp\/v2\/types\/product"}],"replies":[{"embeddable":true,"href":"https:\/\/depodanmusteriye.com\/urunler\/wp-json\/wp\/v2\/comments?post=209307"}],"version-history":[{"count":0,"href":"https:\/\/depodanmusteriye.com\/urunler\/wp-json\/wp\/v2\/product\/209307\/revisions"}],"wp:featuredmedia":[{"embeddable":true,"href":"https:\/\/depodanmusteriye.com\/urunler\/wp-json\/wp\/v2\/media\/209302"}],"wp:attachment":[{"href":"https:\/\/depodanmusteriye.com\/urunler\/wp-json\/wp\/v2\/media?parent=209307"}],"wp:term":[{"taxonomy":"product_brand","embeddable":true,"href":"https:\/\/depodanmusteriye.com\/urunler\/wp-json\/wp\/v2\/product_brand?post=209307"},{"taxonomy":"product_cat","embeddable":true,"href":"https:\/\/depodanmusteriye.com\/urunler\/wp-json\/wp\/v2\/product_cat?post=209307"},{"taxonomy":"product_tag","embeddable":true,"href":"https:\/\/depodanmusteriye.com\/urunler\/wp-json\/wp\/v2\/product_tag?post=209307"}],"curies":[{"name":"wp","href":"https:\/\/api.w.org\/{rel}","templated":true}]}}