{"id":208941,"date":"2025-12-16T04:25:00","date_gmt":"2025-12-16T04:25:00","guid":{"rendered":"https:\/\/b2b.depodanmusteriye.com\/urun\/bluetoothlu-retro-radyo-fm-destekli-nostaljik-hoparlor\/"},"modified":"2025-12-16T04:25:00","modified_gmt":"2025-12-16T04:25:00","slug":"bluetoothlu-retro-radyo-fm-destekli-nostaljik-hoparlor","status":"publish","type":"product","link":"https:\/\/depodanmusteriye.com\/urunler\/urun\/bluetoothlu-retro-radyo-fm-destekli-nostaljik-hoparlor\/","title":{"rendered":"Bluetooth\u2019lu Retro Radyo \u2013 FM Destekli Nostaljik Hoparl\u00f6r"},"content":{"rendered":"<h4>Zamans\u0131z tasar\u0131m\u0131yla dikkat \u00e7eken bu retro radyo, klasik g\u00f6r\u00fcn\u00fcm\u00fc modern teknolojiyle birle\u015ftirir. Vintage stilini sevenler i\u00e7in \u00f6zel olarak tasarlanan bu \u00fcr\u00fcn, evinizin veya ofisinizin dekoruna nostaljik bir hava kazand\u0131r\u0131r.<\/p>\n<p>Bluetooth ba\u011flant\u0131s\u0131 sayesinde cihaz\u0131n\u0131z\u0131 kablosuz olarak ba\u011flayabilir, diledi\u011finiz m\u00fczikleri y\u00fcksek ses kalitesiyle dinleyebilirsiniz. TF kart ve USB deste\u011fi, farkl\u0131 m\u00fczik formatlar\u0131n\u0131 kolayca \u00e7alman\u0131z\u0131 sa\u011flar. Ayr\u0131ca FM radyo \u00f6zelli\u011fi, favori radyo istasyonlar\u0131n\u0131 dinleme keyfini ya\u015fat\u0131r.<\/p>\n<p>G\u00fc\u00e7l\u00fc hoparl\u00f6r\u00fc net ve temiz bir ses sunarken, ta\u015f\u0131nabilir yap\u0131s\u0131 sayesinde istedi\u011finiz her yere kolayca g\u00f6t\u00fcrebilirsiniz. Hem klasik g\u00f6r\u00fcn\u00fcml\u00fc hem de modern \u00f6zellikli bu radyo, tarz\u0131na \u00f6nem veren m\u00fczikseverler i\u00e7in harika bir se\u00e7imdir. <\/p>\n<p><b>1 adet fiyat\u0131d\u0131r<\/b> <\/p>\n<p><p><b>\u00dcretici Markas\u0131 : ZERO LAND<\/b><\/p>\n<p><b>\u00dcretici Kodu : UCZZZM4SPEAKER1<\/b><\/p>\n<p><b>1 ADET F\u0130YATIDIR<\/b><\/p>\n<\/h4>\n<p><\/p>\n","protected":false},"excerpt":{"rendered":"<p>Bluetooth\u2019lu Retro Radyo \u2013 FM Destekli Nostaljik Hoparl\u00f6r<\/p>\n","protected":false},"featured_media":208936,"comment_status":"open","ping_status":"closed","template":"","meta":[],"product_brand":[],"product_cat":[461,374],"product_tag":[3695,13030,1968,13033,13031,1963],"class_list":{"0":"post-208941","1":"product","2":"type-product","3":"status-publish","4":"has-post-thumbnail","6":"product_cat-bluetooth-hoparlor","7":"product_cat-mobil-aksesuar","8":"product_tag-destekli","9":"product_tag-fm","10":"product_tag-hoparlor","11":"product_tag-nostaljik","12":"product_tag-radyo","13":"product_tag-retro","15":"first","16":"instock","17":"taxable","18":"shipping-taxable","19":"purchasable","20":"product-type-simple"},"_links":{"self":[{"href":"https:\/\/depodanmusteriye.com\/urunler\/wp-json\/wp\/v2\/product\/208941","targetHints":{"allow":["GET"]}}],"collection":[{"href":"https:\/\/depodanmusteriye.com\/urunler\/wp-json\/wp\/v2\/product"}],"about":[{"href":"https:\/\/depodanmusteriye.com\/urunler\/wp-json\/wp\/v2\/types\/product"}],"replies":[{"embeddable":true,"href":"https:\/\/depodanmusteriye.com\/urunler\/wp-json\/wp\/v2\/comments?post=208941"}],"version-history":[{"count":0,"href":"https:\/\/depodanmusteriye.com\/urunler\/wp-json\/wp\/v2\/product\/208941\/revisions"}],"wp:featuredmedia":[{"embeddable":true,"href":"https:\/\/depodanmusteriye.com\/urunler\/wp-json\/wp\/v2\/media\/208936"}],"wp:attachment":[{"href":"https:\/\/depodanmusteriye.com\/urunler\/wp-json\/wp\/v2\/media?parent=208941"}],"wp:term":[{"taxonomy":"product_brand","embeddable":true,"href":"https:\/\/depodanmusteriye.com\/urunler\/wp-json\/wp\/v2\/product_brand?post=208941"},{"taxonomy":"product_cat","embeddable":true,"href":"https:\/\/depodanmusteriye.com\/urunler\/wp-json\/wp\/v2\/product_cat?post=208941"},{"taxonomy":"product_tag","embeddable":true,"href":"https:\/\/depodanmusteriye.com\/urunler\/wp-json\/wp\/v2\/product_tag?post=208941"}],"curies":[{"name":"wp","href":"https:\/\/api.w.org\/{rel}","templated":true}]}}