{"id":208911,"date":"2025-12-16T04:23:04","date_gmt":"2025-12-16T04:23:04","guid":{"rendered":"https:\/\/b2b.depodanmusteriye.com\/urun\/cocuklara-ozel-mini-fon-makinesi-500-1000w-guc-dusuk-gurultu\/"},"modified":"2025-12-16T04:23:04","modified_gmt":"2025-12-16T04:23:04","slug":"cocuklara-ozel-mini-fon-makinesi-500-1000w-guc-dusuk-gurultu","status":"publish","type":"product","link":"https:\/\/depodanmusteriye.com\/urunler\/urun\/cocuklara-ozel-mini-fon-makinesi-500-1000w-guc-dusuk-gurultu\/","title":{"rendered":"\u00c7ocuklara \u00d6zel Mini F\u00f6n Makinesi \u2013 500\/1000W G\u00fc\u00e7 \u2013 D\u00fc\u015f\u00fck G\u00fcr\u00fclt\u00fc"},"content":{"rendered":"<h4>\u00c7ocuklara y\u00f6nelik mini f\u00f6n makinemiz, 500\/1000W g\u00fcc\u00fcyle bebe\u011finizin sa\u00e7lar\u0131n\u0131 g\u00fcvenli ve nazik bir \u015fekilde kurutur. S\u0131f\u0131ra yak\u0131n radyasyon teknolojisi sayesinde bebeklerin hassas ciltlerine zarar vermez. Milyonlarca anyon salarak sa\u00e7taki statik elektri\u011fi azalt\u0131r, sa\u00e7lar\u0131n daha yumu\u015fak ve p\u00fcr\u00fczs\u00fcz olmas\u0131na yard\u0131mc\u0131 olur. Hafif yap\u0131s\u0131 sayesinde ebeveynlerin elini yormaz, sessiz motoru ile bebeklerin uykusunu b\u00f6lmez. Koruyucu hava \u00e7\u0131k\u0131\u015f\u0131 tasar\u0131m\u0131, \u00e7ocuklar\u0131n parmaklar\u0131n\u0131 fan k\u0131sm\u0131na sokmas\u0131n\u0131 engeller. G\u00fcvenlik, konfor ve sessizlik bu cihazda bir arada! <\/p>\n<p><b>1 adet fiyat\u0131d\u0131r<\/b> <\/p>\n<p><p><b>\u00dcretici Markas\u0131 : ZERO LAND<\/b><\/p>\n<p><b>\u00dcretici Kodu : UCZZZMAV\u0130PEMBEM\u0130N\u0130F\u00d6N<\/b><\/p>\n<p><b>1 ADET F\u0130YATIDIR<\/b><\/p>\n<\/h4>\n<p><\/p>\n","protected":false},"excerpt":{"rendered":"<p>\u00c7ocuklara \u00d6zel Mini F\u00f6n Makinesi \u2013 500\/1000W G\u00fc\u00e7 \u2013 D\u00fc\u015f\u00fck G\u00fcr\u00fclt\u00fc<\/p>\n","protected":false},"featured_media":208906,"comment_status":"open","ping_status":"closed","template":"","meta":[],"product_brand":[],"product_cat":[379,471],"product_tag":[14967,13623,4315,9032,4022,9196,3446,2265,3698],"class_list":{"0":"post-208911","1":"product","2":"type-product","3":"status-publish","4":"has-post-thumbnail","6":"product_cat-ev-yasam","7":"product_cat-sac-kurutma-makinesi","8":"product_tag-500-1000w","9":"product_tag-cocuklara","10":"product_tag-dusuk","11":"product_tag-fon","12":"product_tag-guc","13":"product_tag-gurultu","14":"product_tag-makinesi","15":"product_tag-mini","16":"product_tag-ozel","18":"first","19":"instock","20":"taxable","21":"shipping-taxable","22":"purchasable","23":"product-type-simple"},"_links":{"self":[{"href":"https:\/\/depodanmusteriye.com\/urunler\/wp-json\/wp\/v2\/product\/208911","targetHints":{"allow":["GET"]}}],"collection":[{"href":"https:\/\/depodanmusteriye.com\/urunler\/wp-json\/wp\/v2\/product"}],"about":[{"href":"https:\/\/depodanmusteriye.com\/urunler\/wp-json\/wp\/v2\/types\/product"}],"replies":[{"embeddable":true,"href":"https:\/\/depodanmusteriye.com\/urunler\/wp-json\/wp\/v2\/comments?post=208911"}],"version-history":[{"count":0,"href":"https:\/\/depodanmusteriye.com\/urunler\/wp-json\/wp\/v2\/product\/208911\/revisions"}],"wp:featuredmedia":[{"embeddable":true,"href":"https:\/\/depodanmusteriye.com\/urunler\/wp-json\/wp\/v2\/media\/208906"}],"wp:attachment":[{"href":"https:\/\/depodanmusteriye.com\/urunler\/wp-json\/wp\/v2\/media?parent=208911"}],"wp:term":[{"taxonomy":"product_brand","embeddable":true,"href":"https:\/\/depodanmusteriye.com\/urunler\/wp-json\/wp\/v2\/product_brand?post=208911"},{"taxonomy":"product_cat","embeddable":true,"href":"https:\/\/depodanmusteriye.com\/urunler\/wp-json\/wp\/v2\/product_cat?post=208911"},{"taxonomy":"product_tag","embeddable":true,"href":"https:\/\/depodanmusteriye.com\/urunler\/wp-json\/wp\/v2\/product_tag?post=208911"}],"curies":[{"name":"wp","href":"https:\/\/api.w.org\/{rel}","templated":true}]}}