{"id":208881,"date":"2025-12-16T04:21:12","date_gmt":"2025-12-16T04:21:12","guid":{"rendered":"https:\/\/b2b.depodanmusteriye.com\/urun\/cocuklara-ozel-mini-fon-makinesi\/"},"modified":"2025-12-16T04:21:12","modified_gmt":"2025-12-16T04:21:12","slug":"cocuklara-ozel-mini-fon-makinesi","status":"publish","type":"product","link":"https:\/\/depodanmusteriye.com\/urunler\/urun\/cocuklara-ozel-mini-fon-makinesi\/","title":{"rendered":"\u00c7ocuklara \u00d6zel Mini F\u00f6n Makinesi"},"content":{"rendered":"<h4>\u00c7ocuklar i\u00e7in \u00f6zel olarak geli\u015ftirilen bu sa\u00e7 kurutma makinesi, hem sessiz hem g\u00fc\u00e7l\u00fc \u00e7al\u0131\u015f\u0131r. D\u00fc\u015f\u00fck ses seviyesi sayesinde bebeklerin i\u015fitme duyusuna zarar vermez. 500\/1000W \u00e7ift g\u00fc\u00e7 kademesiyle farkl\u0131 kurutma se\u00e7enekleri sunar. S\u0131f\u0131ra yak\u0131n radyasyon teknolojisiyle g\u00fcvenli\u011fi \u00f6n planda tutar. Anyon teknolojisi sa\u00e7lar\u0131 kabartmadan kurutur, yumu\u015fac\u0131k bir his b\u0131rak\u0131r. G\u00fcnl\u00fck kullan\u0131mda ebeveynlerin elinden d\u00fc\u015f\u00fcrmeyece\u011fi kadar pratik bir cihazd\u0131r. <\/p>\n<p><b>1 adet fiyat\u0131d\u0131r<\/b> <\/p>\n<p><p><b>\u00dcretici Markas\u0131 : ZERO LAND<\/b><\/p>\n<p><b>\u00dcretici Kodu : UCZZZMAV\u0130PEMBEM\u0130N\u0130F\u00d6N5<\/b><\/p>\n<p><b>1 ADET F\u0130YATIDIR<\/b><\/p>\n<\/h4>\n<p><\/p>\n","protected":false},"excerpt":{"rendered":"<p>\u00c7ocuklara \u00d6zel Mini F\u00f6n Makinesi<\/p>\n","protected":false},"featured_media":208876,"comment_status":"open","ping_status":"closed","template":"","meta":[],"product_brand":[],"product_cat":[379,471],"product_tag":[13623,9032,3446,2265,3698],"class_list":{"0":"post-208881","1":"product","2":"type-product","3":"status-publish","4":"has-post-thumbnail","6":"product_cat-ev-yasam","7":"product_cat-sac-kurutma-makinesi","8":"product_tag-cocuklara","9":"product_tag-fon","10":"product_tag-makinesi","11":"product_tag-mini","12":"product_tag-ozel","14":"first","15":"instock","16":"taxable","17":"shipping-taxable","18":"purchasable","19":"product-type-simple"},"_links":{"self":[{"href":"https:\/\/depodanmusteriye.com\/urunler\/wp-json\/wp\/v2\/product\/208881","targetHints":{"allow":["GET"]}}],"collection":[{"href":"https:\/\/depodanmusteriye.com\/urunler\/wp-json\/wp\/v2\/product"}],"about":[{"href":"https:\/\/depodanmusteriye.com\/urunler\/wp-json\/wp\/v2\/types\/product"}],"replies":[{"embeddable":true,"href":"https:\/\/depodanmusteriye.com\/urunler\/wp-json\/wp\/v2\/comments?post=208881"}],"version-history":[{"count":0,"href":"https:\/\/depodanmusteriye.com\/urunler\/wp-json\/wp\/v2\/product\/208881\/revisions"}],"wp:featuredmedia":[{"embeddable":true,"href":"https:\/\/depodanmusteriye.com\/urunler\/wp-json\/wp\/v2\/media\/208876"}],"wp:attachment":[{"href":"https:\/\/depodanmusteriye.com\/urunler\/wp-json\/wp\/v2\/media?parent=208881"}],"wp:term":[{"taxonomy":"product_brand","embeddable":true,"href":"https:\/\/depodanmusteriye.com\/urunler\/wp-json\/wp\/v2\/product_brand?post=208881"},{"taxonomy":"product_cat","embeddable":true,"href":"https:\/\/depodanmusteriye.com\/urunler\/wp-json\/wp\/v2\/product_cat?post=208881"},{"taxonomy":"product_tag","embeddable":true,"href":"https:\/\/depodanmusteriye.com\/urunler\/wp-json\/wp\/v2\/product_tag?post=208881"}],"curies":[{"name":"wp","href":"https:\/\/api.w.org\/{rel}","templated":true}]}}