{"id":208797,"date":"2025-12-16T04:16:23","date_gmt":"2025-12-16T04:16:23","guid":{"rendered":"https:\/\/b2b.depodanmusteriye.com\/urun\/mavi-tasinabilir-bluetooth-hoparlor-kompakt-tasarim-ve-guclu-ses\/"},"modified":"2025-12-16T04:16:23","modified_gmt":"2025-12-16T04:16:23","slug":"mavi-tasinabilir-bluetooth-hoparlor-kompakt-tasarim-ve-guclu-ses","status":"publish","type":"product","link":"https:\/\/depodanmusteriye.com\/urunler\/urun\/mavi-tasinabilir-bluetooth-hoparlor-kompakt-tasarim-ve-guclu-ses\/","title":{"rendered":"Mavi Ta\u015f\u0131nabilir Bluetooth Hoparl\u00f6r Kompakt Tasar\u0131m ve G\u00fc\u00e7l\u00fc Ses"},"content":{"rendered":"<h4>M\u00fczi\u011fi her yerde yan\u0131n\u0131zda ta\u015f\u0131y\u0131n!<br \/>\nBu ta\u015f\u0131nabilir Bluetooth hoparl\u00f6r, k\u00fc\u00e7\u00fck boyutlar\u0131na ra\u011fmen g\u00fc\u00e7l\u00fc ses performans\u0131 sunarak sizi \u015fa\u015f\u0131rtacak.<br \/>\nKompakt ve hafif yap\u0131s\u0131 sayesinde \u00e7antan\u0131zda, masan\u0131zda veya seyahatte kolayca yer bulur.<\/p>\n<p>Mavi rengi ve modern tasar\u0131m\u0131, onu sadece bir hoparl\u00f6r de\u011fil ayn\u0131 zamanda \u015f\u0131k bir aksesuar h\u00e2line getiriyor.<br \/>\nG\u00fcnl\u00fck ya\u015fam\u0131n\u0131za estetik bir dokunu\u015f katarken, sevdi\u011finiz m\u00fczikleri y\u00fcksek kalitede dinleme \u00f6zg\u00fcrl\u00fc\u011f\u00fc sunar.<br \/>\nKullan\u0131m\u0131 pratik, ta\u015f\u0131nmas\u0131 kolay ve g\u00f6r\u00fcn\u00fcm\u00fcyle fark yaratan bu hoparl\u00f6r, m\u00fczik tutkunlar\u0131n\u0131n vazge\u00e7ilmezi olacak. <\/p>\n<p><b>1 adet fiyat\u0131d\u0131r<\/b> <\/p>\n<p><p><b>\u00dcretici Markas\u0131 : ZERO LAND<\/b><\/p>\n<p><b>\u00dcretici Kodu : XUCZZZFL\u0130P6MAXXXX1<\/b><\/p>\n<p><b>1 ADET F\u0130YATIDIR<\/b><\/p>\n<\/h4>\n<p><\/p>\n","protected":false},"excerpt":{"rendered":"<p>Mavi Ta\u015f\u0131nabilir Bluetooth Hoparl\u00f6r Kompakt Tasar\u0131m ve G\u00fc\u00e7l\u00fc Ses<\/p>\n","protected":false},"featured_media":208792,"comment_status":"open","ping_status":"closed","template":"","meta":[],"product_brand":[],"product_cat":[461,374],"product_tag":[3605,4038,1968,3986,1737,1915,4035,2982,2104],"class_list":{"0":"post-208797","1":"product","2":"type-product","3":"status-publish","4":"has-post-thumbnail","6":"product_cat-bluetooth-hoparlor","7":"product_cat-mobil-aksesuar","8":"product_tag-bluetooth","9":"product_tag-guclu","10":"product_tag-hoparlor","11":"product_tag-kompakt","12":"product_tag-mavi","13":"product_tag-ses","14":"product_tag-tasarim","15":"product_tag-tasinabilir","16":"product_tag-ve","18":"first","19":"instock","20":"taxable","21":"shipping-taxable","22":"purchasable","23":"product-type-simple"},"_links":{"self":[{"href":"https:\/\/depodanmusteriye.com\/urunler\/wp-json\/wp\/v2\/product\/208797","targetHints":{"allow":["GET"]}}],"collection":[{"href":"https:\/\/depodanmusteriye.com\/urunler\/wp-json\/wp\/v2\/product"}],"about":[{"href":"https:\/\/depodanmusteriye.com\/urunler\/wp-json\/wp\/v2\/types\/product"}],"replies":[{"embeddable":true,"href":"https:\/\/depodanmusteriye.com\/urunler\/wp-json\/wp\/v2\/comments?post=208797"}],"version-history":[{"count":0,"href":"https:\/\/depodanmusteriye.com\/urunler\/wp-json\/wp\/v2\/product\/208797\/revisions"}],"wp:featuredmedia":[{"embeddable":true,"href":"https:\/\/depodanmusteriye.com\/urunler\/wp-json\/wp\/v2\/media\/208792"}],"wp:attachment":[{"href":"https:\/\/depodanmusteriye.com\/urunler\/wp-json\/wp\/v2\/media?parent=208797"}],"wp:term":[{"taxonomy":"product_brand","embeddable":true,"href":"https:\/\/depodanmusteriye.com\/urunler\/wp-json\/wp\/v2\/product_brand?post=208797"},{"taxonomy":"product_cat","embeddable":true,"href":"https:\/\/depodanmusteriye.com\/urunler\/wp-json\/wp\/v2\/product_cat?post=208797"},{"taxonomy":"product_tag","embeddable":true,"href":"https:\/\/depodanmusteriye.com\/urunler\/wp-json\/wp\/v2\/product_tag?post=208797"}],"curies":[{"name":"wp","href":"https:\/\/api.w.org\/{rel}","templated":true}]}}