{"id":208785,"date":"2025-12-16T04:15:39","date_gmt":"2025-12-16T04:15:39","guid":{"rendered":"https:\/\/b2b.depodanmusteriye.com\/urun\/retro-tasinabilir-oyun-konsolu-500-klasik-oyunlu-3-0-inc-renkli-ekran\/"},"modified":"2025-12-16T04:15:39","modified_gmt":"2025-12-16T04:15:39","slug":"retro-tasinabilir-oyun-konsolu-500-klasik-oyunlu-3-0-inc-renkli-ekran","status":"publish","type":"product","link":"https:\/\/depodanmusteriye.com\/urunler\/urun\/retro-tasinabilir-oyun-konsolu-500-klasik-oyunlu-3-0-inc-renkli-ekran\/","title":{"rendered":"Retro Ta\u015f\u0131nabilir Oyun Konsolu 500 Klasik Oyunlu, 3.0 \u0130n\u00e7 Renkli Ekran"},"content":{"rendered":"<h4>Ta\u015f\u0131nabilirlik ve nostaljiyi bir araya getiren retro oyun konsolu, her ya\u015fa hitap eden e\u011flenceli bir deneyim sunar.<br \/>\n3.0 in\u00e7 renkli LCD ekran\u0131, canl\u0131 ve ak\u0131c\u0131 g\u00f6r\u00fcnt\u00fclerle oyun keyfini \u00fcst seviyeye ta\u015f\u0131r.<br \/>\nCihaz\u0131n haf\u0131zas\u0131nda bulunan 500 klasik oyun, aksiyon, yar\u0131\u015f, spor, bulmaca ve strateji gibi bir\u00e7ok farkl\u0131 t\u00fcrde se\u00e7enek sunar.<\/p>\n<p>Hem elde oynanabilir hem de AV \u00e7\u0131k\u0131\u015f\u0131 sayesinde televizyona ba\u011flanarak b\u00fcy\u00fck ekranda oynanabilir.<br \/>\n1000 mAh \u015farjl\u0131 bataryas\u0131, tek \u015farjla 6\u20138 saat kesintisiz oyun imk\u00e2n\u0131 tan\u0131r.<br \/>\nDayan\u0131kl\u0131 g\u00f6vde yap\u0131s\u0131 ve hafif tasar\u0131m\u0131, hem \u00e7ocuklar hem de yeti\u015fkinler i\u00e7in idealdir.<br \/>\nSeyahatlerde, evde veya arkada\u015f ortam\u0131nda nostaljik e\u011flencenin keyfini ya\u015fay\u0131n! <\/p>\n<p><b>1 adet fiyat\u0131d\u0131r<\/b> <\/p>\n<p><p><b>\u00dcretici Markas\u0131 : ZERO LAND<\/b><\/p>\n<p><b>\u00dcretici Kodu : XUCZZZG5ATAR\u0130\u0130\u0130\u0130\u0130<\/b><\/p>\n<p><b>1 ADET F\u0130YATIDIR<\/b><\/p>\n<\/h4>\n<p><\/p>\n","protected":false},"excerpt":{"rendered":"<p>Retro Ta\u015f\u0131nabilir Oyun Konsolu 500 Klasik Oyunlu, 3.0 \u0130n\u00e7 Renkli Ekran<\/p>\n","protected":false},"featured_media":208780,"comment_status":"open","ping_status":"closed","template":"","meta":[],"product_brand":[],"product_cat":[379,725],"product_tag":[2752,2836,2774,2347,2029,3998,3997,4167,1556,1963,2982],"class_list":{"0":"post-208785","1":"product","2":"type-product","3":"status-publish","4":"has-post-thumbnail","6":"product_cat-ev-yasam","7":"product_cat-psp-and-vita-oyunu","8":"product_tag-3-0","9":"product_tag-2836","10":"product_tag-ekran","11":"product_tag-inc","12":"product_tag-klasik","13":"product_tag-konsolu","14":"product_tag-oyun","15":"product_tag-oyunlu","16":"product_tag-renkli","17":"product_tag-retro","18":"product_tag-tasinabilir","20":"first","21":"instock","22":"taxable","23":"shipping-taxable","24":"purchasable","25":"product-type-simple"},"_links":{"self":[{"href":"https:\/\/depodanmusteriye.com\/urunler\/wp-json\/wp\/v2\/product\/208785","targetHints":{"allow":["GET"]}}],"collection":[{"href":"https:\/\/depodanmusteriye.com\/urunler\/wp-json\/wp\/v2\/product"}],"about":[{"href":"https:\/\/depodanmusteriye.com\/urunler\/wp-json\/wp\/v2\/types\/product"}],"replies":[{"embeddable":true,"href":"https:\/\/depodanmusteriye.com\/urunler\/wp-json\/wp\/v2\/comments?post=208785"}],"version-history":[{"count":0,"href":"https:\/\/depodanmusteriye.com\/urunler\/wp-json\/wp\/v2\/product\/208785\/revisions"}],"wp:featuredmedia":[{"embeddable":true,"href":"https:\/\/depodanmusteriye.com\/urunler\/wp-json\/wp\/v2\/media\/208780"}],"wp:attachment":[{"href":"https:\/\/depodanmusteriye.com\/urunler\/wp-json\/wp\/v2\/media?parent=208785"}],"wp:term":[{"taxonomy":"product_brand","embeddable":true,"href":"https:\/\/depodanmusteriye.com\/urunler\/wp-json\/wp\/v2\/product_brand?post=208785"},{"taxonomy":"product_cat","embeddable":true,"href":"https:\/\/depodanmusteriye.com\/urunler\/wp-json\/wp\/v2\/product_cat?post=208785"},{"taxonomy":"product_tag","embeddable":true,"href":"https:\/\/depodanmusteriye.com\/urunler\/wp-json\/wp\/v2\/product_tag?post=208785"}],"curies":[{"name":"wp","href":"https:\/\/api.w.org\/{rel}","templated":true}]}}