{"id":208749,"date":"2025-12-16T04:13:38","date_gmt":"2025-12-16T04:13:38","guid":{"rendered":"https:\/\/b2b.depodanmusteriye.com\/urun\/kablosuz-tasinabilir-oyun-konsolu-2-4g-tv-baglantili-kompakt-tasarim\/"},"modified":"2025-12-16T04:13:38","modified_gmt":"2025-12-16T04:13:38","slug":"kablosuz-tasinabilir-oyun-konsolu-2-4g-tv-baglantili-kompakt-tasarim","status":"publish","type":"product","link":"https:\/\/depodanmusteriye.com\/urunler\/urun\/kablosuz-tasinabilir-oyun-konsolu-2-4g-tv-baglantili-kompakt-tasarim\/","title":{"rendered":"Kablosuz Ta\u015f\u0131nabilir Oyun Konsolu 2.4G TV Ba\u011flant\u0131l\u0131 Kompakt Tasar\u0131m"},"content":{"rendered":"<h4>Ta\u015f\u0131nabilir tasar\u0131m\u0131 ve kablosuz ba\u011flant\u0131 \u00f6zelli\u011fi ile bu modern oyun konsolu, e\u011flenceyi her an yan\u0131n\u0131zda ta\u015f\u0131man\u0131z\u0131 sa\u011flar. Kompakt ve hafif yap\u0131s\u0131 sayesinde ister evde ister seyahatte, diledi\u011finiz yerde oyun oynaman\u0131n keyfini ya\u015fay\u0131n. Minimal boyutuna ra\u011fmen g\u00fc\u00e7l\u00fc performans\u0131 ile uzun s\u00fcre kesintisiz e\u011flence sunar.<\/p>\n<p>2.4G kablosuz ba\u011flant\u0131 teknolojisi, karma\u015f\u0131k kurulumlara gerek kalmadan cihaz\u0131n\u0131z\u0131 televizyona kolayca ba\u011flaman\u0131z\u0131 sa\u011flar. Kablolarla u\u011fra\u015fmadan, sadece birka\u00e7 saniyede oyun d\u00fcnyas\u0131na ad\u0131m atabilirsiniz. Bu sistem, hem estetik bir g\u00f6r\u00fcn\u00fcm hem de maksimum konfor sunar.<\/p>\n<p>Ta\u015f\u0131nabilir g\u00f6vde yap\u0131s\u0131, konsolu \u00e7antan\u0131zda ya da cebinizde kolayca ta\u015f\u0131man\u0131z\u0131 sa\u011flar. Evde, ofiste, yazl\u0131kta veya tatilde \u2014 nerede olursan\u0131z olun oyun keyfi hep sizinle olur.<br \/>\nKompakt, g\u00fc\u00e7l\u00fc ve \u00f6zg\u00fcr: kablosuz ba\u011flant\u0131 ile s\u0131n\u0131rs\u0131z e\u011flence art\u0131k elinizin alt\u0131nda! <\/p>\n<p><b>1 adet fiyat\u0131d\u0131r<\/b> <\/p>\n<p><p><b>\u00dcretici Markas\u0131 : ZERO LAND<\/b><\/p>\n<p><b>\u00dcretici Kodu : XUCZZZGAMEST\u0130CKKK<\/b><\/p>\n<p><b>1 ADET F\u0130YATIDIR<\/b><\/p>\n<\/h4>\n<p><\/p>\n","protected":false},"excerpt":{"rendered":"<p>Kablosuz Ta\u015f\u0131nabilir Oyun Konsolu 2.4G TV Ba\u011flant\u0131l\u0131 Kompakt Tasar\u0131m<\/p>\n","protected":false},"featured_media":208744,"comment_status":"open","ping_status":"closed","template":"","meta":[],"product_brand":[],"product_cat":[379,725],"product_tag":[13412,4247,1640,3986,3998,3997,4035,2982,4014],"class_list":{"0":"post-208749","1":"product","2":"type-product","3":"status-publish","4":"has-post-thumbnail","6":"product_cat-ev-yasam","7":"product_cat-psp-and-vita-oyunu","8":"product_tag-2-4g","9":"product_tag-baglantili","10":"product_tag-kablosuz","11":"product_tag-kompakt","12":"product_tag-konsolu","13":"product_tag-oyun","14":"product_tag-tasarim","15":"product_tag-tasinabilir","16":"product_tag-tv","18":"first","19":"instock","20":"taxable","21":"shipping-taxable","22":"purchasable","23":"product-type-simple"},"_links":{"self":[{"href":"https:\/\/depodanmusteriye.com\/urunler\/wp-json\/wp\/v2\/product\/208749","targetHints":{"allow":["GET"]}}],"collection":[{"href":"https:\/\/depodanmusteriye.com\/urunler\/wp-json\/wp\/v2\/product"}],"about":[{"href":"https:\/\/depodanmusteriye.com\/urunler\/wp-json\/wp\/v2\/types\/product"}],"replies":[{"embeddable":true,"href":"https:\/\/depodanmusteriye.com\/urunler\/wp-json\/wp\/v2\/comments?post=208749"}],"version-history":[{"count":0,"href":"https:\/\/depodanmusteriye.com\/urunler\/wp-json\/wp\/v2\/product\/208749\/revisions"}],"wp:featuredmedia":[{"embeddable":true,"href":"https:\/\/depodanmusteriye.com\/urunler\/wp-json\/wp\/v2\/media\/208744"}],"wp:attachment":[{"href":"https:\/\/depodanmusteriye.com\/urunler\/wp-json\/wp\/v2\/media?parent=208749"}],"wp:term":[{"taxonomy":"product_brand","embeddable":true,"href":"https:\/\/depodanmusteriye.com\/urunler\/wp-json\/wp\/v2\/product_brand?post=208749"},{"taxonomy":"product_cat","embeddable":true,"href":"https:\/\/depodanmusteriye.com\/urunler\/wp-json\/wp\/v2\/product_cat?post=208749"},{"taxonomy":"product_tag","embeddable":true,"href":"https:\/\/depodanmusteriye.com\/urunler\/wp-json\/wp\/v2\/product_tag?post=208749"}],"curies":[{"name":"wp","href":"https:\/\/api.w.org\/{rel}","templated":true}]}}