{"id":207864,"date":"2025-12-16T03:24:26","date_gmt":"2025-12-16T03:24:26","guid":{"rendered":"https:\/\/b2b.depodanmusteriye.com\/urun\/bluetooth-akilli-takip-cihazi-kompakt-tasarimli-ve-uzun-pil-omurlu\/"},"modified":"2025-12-16T03:24:26","modified_gmt":"2025-12-16T03:24:26","slug":"bluetooth-akilli-takip-cihazi-kompakt-tasarimli-ve-uzun-pil-omurlu","status":"publish","type":"product","link":"https:\/\/depodanmusteriye.com\/urunler\/urun\/bluetooth-akilli-takip-cihazi-kompakt-tasarimli-ve-uzun-pil-omurlu\/","title":{"rendered":"Bluetooth Ak\u0131ll\u0131 Takip Cihaz\u0131 Kompakt Tasar\u0131ml\u0131 ve Uzun Pil \u00d6m\u00fcrl\u00fc"},"content":{"rendered":"<h4>Geli\u015fmi\u015f teknolojiyi g\u00fcnl\u00fck ya\u015fam\u0131n\u0131za ta\u015f\u0131yan Bluetooth Ak\u0131ll\u0131 Takip Cihaz\u0131 Kompakt Tasar\u0131ml\u0131 ve Uzun Pil \u00d6m\u00fcrl\u00fc, kaybolan e\u015fyalar\u0131 kolayca bulman\u0131z i\u00e7in tasarland\u0131.<br \/>\nBluetooth ba\u011flant\u0131s\u0131 sayesinde ak\u0131ll\u0131 telefonunuzla h\u0131zl\u0131 bir \u015fekilde senkronize olur ve \u201cBul\u201d uygulamas\u0131 \u00fczerinden anl\u0131k konum verilerini g\u00f6r\u00fcnt\u00fclemenizi sa\u011flar.<\/p>\n<p>Cihaz, iOS ve Android sistemleriyle tam uyumlu \u00e7al\u0131\u015f\u0131r ve y\u00fcksek do\u011frulukta konum g\u00fcncellemeleri g\u00f6nderir.<br \/>\nK\u00fc\u00e7\u00fck boyutu sayesinde anahtar, c\u00fczdan, evcil hayvan tasmas\u0131 veya valiz gibi e\u015fyalar\u0131n\u0131za kolayca tak\u0131labilir.<\/p>\n<p>Y\u00fcksek kapasiteli pili, aylarca s\u00fcren kesintisiz \u00e7al\u0131\u015fma imk\u00e2n\u0131 sunar. Enerji verimlili\u011fi sayesinde s\u0131k pil de\u011fi\u015ftirme gereksinimi ortadan kalkar.<br \/>\nAyr\u0131ca cihazdan uzakla\u015ft\u0131\u011f\u0131n\u0131zda telefonunuza uyar\u0131 g\u00f6nderir, b\u00f6ylece e\u015fyalar\u0131n\u0131z\u0131 unutma riskini tamamen ortadan kald\u0131r\u0131r.<\/p>\n<p>Hem pratik hem g\u00fcvenli bir \u00e7\u00f6z\u00fcm arayanlar i\u00e7in Bluetooth Ak\u0131ll\u0131 Takip Cihaz\u0131 Kompakt Tasar\u0131ml\u0131 ve Uzun Pil \u00d6m\u00fcrl\u00fc, seyahatlerde, g\u00fcnl\u00fck ya\u015famda ve i\u015fte e\u015fyalar\u0131n\u0131z\u0131 her an kontrol alt\u0131nda tutman\u0131z\u0131 sa\u011flar. <\/p>\n<p><b>1 adet fiyat\u0131d\u0131r<\/b> <\/p>\n<p><p><b>\u00dcretici Markas\u0131 : ZERO LAND<\/b><\/p>\n<p><b>\u00dcretici Kodu : XUCZZZA\u0130RTAG2<\/b><\/p>\n<p><b>1 ADET F\u0130YATIDIR<\/b><\/p>\n<\/h4>\n<p><\/p>\n","protected":false},"excerpt":{"rendered":"<p>Bluetooth Ak\u0131ll\u0131 Takip Cihaz\u0131 Kompakt Tasar\u0131ml\u0131 ve Uzun Pil \u00d6m\u00fcrl\u00fc<\/p>\n","protected":false},"featured_media":207859,"comment_status":"open","ping_status":"closed","template":"","meta":[],"product_brand":[],"product_cat":[493,379],"product_tag":[3636,3605,2756,3986,4187,4199,2023,3987,2357,2104],"class_list":{"0":"post-207864","1":"product","2":"type-product","3":"status-publish","4":"has-post-thumbnail","6":"product_cat-bluetooth-arac-kiti","7":"product_cat-ev-yasam","8":"product_tag-akilli","9":"product_tag-bluetooth","10":"product_tag-cihazi","11":"product_tag-kompakt","12":"product_tag-omurlu","13":"product_tag-pil","14":"product_tag-takip","15":"product_tag-tasarimli","16":"product_tag-uzun","17":"product_tag-ve","19":"first","20":"instock","21":"taxable","22":"shipping-taxable","23":"purchasable","24":"product-type-simple"},"_links":{"self":[{"href":"https:\/\/depodanmusteriye.com\/urunler\/wp-json\/wp\/v2\/product\/207864","targetHints":{"allow":["GET"]}}],"collection":[{"href":"https:\/\/depodanmusteriye.com\/urunler\/wp-json\/wp\/v2\/product"}],"about":[{"href":"https:\/\/depodanmusteriye.com\/urunler\/wp-json\/wp\/v2\/types\/product"}],"replies":[{"embeddable":true,"href":"https:\/\/depodanmusteriye.com\/urunler\/wp-json\/wp\/v2\/comments?post=207864"}],"version-history":[{"count":0,"href":"https:\/\/depodanmusteriye.com\/urunler\/wp-json\/wp\/v2\/product\/207864\/revisions"}],"wp:featuredmedia":[{"embeddable":true,"href":"https:\/\/depodanmusteriye.com\/urunler\/wp-json\/wp\/v2\/media\/207859"}],"wp:attachment":[{"href":"https:\/\/depodanmusteriye.com\/urunler\/wp-json\/wp\/v2\/media?parent=207864"}],"wp:term":[{"taxonomy":"product_brand","embeddable":true,"href":"https:\/\/depodanmusteriye.com\/urunler\/wp-json\/wp\/v2\/product_brand?post=207864"},{"taxonomy":"product_cat","embeddable":true,"href":"https:\/\/depodanmusteriye.com\/urunler\/wp-json\/wp\/v2\/product_cat?post=207864"},{"taxonomy":"product_tag","embeddable":true,"href":"https:\/\/depodanmusteriye.com\/urunler\/wp-json\/wp\/v2\/product_tag?post=207864"}],"curies":[{"name":"wp","href":"https:\/\/api.w.org\/{rel}","templated":true}]}}