{"id":207545,"date":"2025-12-16T03:07:01","date_gmt":"2025-12-16T03:07:01","guid":{"rendered":"https:\/\/b2b.depodanmusteriye.com\/urun\/atari-s10-retro-oyun-konsolu-520-klasik-oyun-tasinabilir-tasarim-nostaljik-oyun-deneyimi\/"},"modified":"2025-12-16T03:07:01","modified_gmt":"2025-12-16T03:07:01","slug":"atari-s10-retro-oyun-konsolu-520-klasik-oyun-tasinabilir-tasarim-nostaljik-oyun-deneyimi","status":"publish","type":"product","link":"https:\/\/depodanmusteriye.com\/urunler\/urun\/atari-s10-retro-oyun-konsolu-520-klasik-oyun-tasinabilir-tasarim-nostaljik-oyun-deneyimi\/","title":{"rendered":"Atari S10 Retro Oyun Konsolu \u2013 520 Klasik Oyun, Ta\u015f\u0131nabilir Tasar\u0131m, Nostaljik Oyun Deneyimi"},"content":{"rendered":"<h4>Ge\u00e7mi\u015fin efsanevi oyunlar\u0131n\u0131 yeniden ke\u015ffetmek ister misiniz? Atari S10 Retro Oyun Konsolu, tam 520 farkl\u0131 klasik oyun ile nostaljiyi modern d\u00fcnyaya ta\u015f\u0131yor. Platform, yar\u0131\u015f, macera ve spor gibi birbirinden e\u011flenceli oyun t\u00fcrlerini tek bir cihazda bulu\u015fturur.<\/p>\n<p>\u00c7ocukluk an\u0131lar\u0131n\u0131z\u0131 tazelemek veya yeni nesil oyunculara retro deneyimi ya\u015fatmak i\u00e7in m\u00fckemmel bir se\u00e7imdir. Ergonomik tasar\u0131m\u0131 sayesinde kolay ta\u015f\u0131nabilir, b\u00f6ylece istedi\u011finiz her yerde oyun keyfi ya\u015fayabilirsiniz. Uzun yolculuklarda, evde veya d\u0131\u015far\u0131da e\u011flenceyi yan\u0131n\u0131zda ta\u015f\u0131mak art\u0131k \u00e7ok kolay!<\/p>\n<p>Y\u00fcksek \u00e7\u00f6z\u00fcn\u00fcrl\u00fckl\u00fc ekran\u0131 ve canl\u0131 renkleriyle klasik oyunlar\u0131 daha net bir g\u00f6r\u00fcnt\u00fc kalitesiyle deneyimlemenizi sa\u011flar. H\u0131zl\u0131 tepki veren kontrol tu\u015flar\u0131, oyunlarda maksimum performans sunar. Ayr\u0131ca TV ba\u011flant\u0131 deste\u011fiyle oyunlar\u0131 b\u00fcy\u00fck ekranda da oynayabilirsiniz.<\/p>\n<p>Dayan\u0131kl\u0131 bataryas\u0131 sayesinde uzun s\u00fcre kesintisiz oyun oynayabilir, diledi\u011finiz zaman \u015farj ederek e\u011flenceye kald\u0131\u011f\u0131n\u0131z yerden devam edebilirsiniz. Atari S10, retro atmosferi modern ta\u015f\u0131nabilirlik ile birle\u015ftirerek ge\u00e7mi\u015fin b\u00fcy\u00fcs\u00fcn\u00fc yeniden ya\u015fat\u0131yor.<\/p>\n<p>Hem nostaljik oyuncular hem de yeni ke\u015fif aray\u0131\u015f\u0131ndaki oyun severler i\u00e7in m\u00fckemmel bir hediyedir. <\/p>\n<p><b>1 adet fiyat\u0131d\u0131r<\/b> <\/p>\n<p><p><b>\u00dcretici Markas\u0131 : ZERO LAND<\/b><\/p>\n<p><b>\u00dcretici Kodu : XUCZZZS10SUP<\/b><\/p>\n<p><b>1 ADET F\u0130YATIDIR<\/b><\/p>\n<\/h4>\n<p><\/p>\n","protected":false},"excerpt":{"rendered":"<p>Atari S10 Retro Oyun Konsolu \u2013 520 Klasik Oyun, Ta\u015f\u0131nabilir Tasar\u0131m, Nostaljik Oyun Deneyimi<\/p>\n","protected":false},"featured_media":207540,"comment_status":"open","ping_status":"closed","template":"","meta":[],"product_brand":[],"product_cat":[379,725],"product_tag":[4236,13491,13244,2029,3998,13033,3997,1963,9089,4035,2982],"class_list":{"0":"post-207545","1":"product","2":"type-product","3":"status-publish","4":"has-post-thumbnail","6":"product_cat-ev-yasam","7":"product_cat-psp-and-vita-oyunu","8":"product_tag-4236","9":"product_tag-atari","10":"product_tag-deneyimi","11":"product_tag-klasik","12":"product_tag-konsolu","13":"product_tag-nostaljik","14":"product_tag-oyun","15":"product_tag-retro","16":"product_tag-s10","17":"product_tag-tasarim","18":"product_tag-tasinabilir","20":"first","21":"instock","22":"taxable","23":"shipping-taxable","24":"purchasable","25":"product-type-simple"},"_links":{"self":[{"href":"https:\/\/depodanmusteriye.com\/urunler\/wp-json\/wp\/v2\/product\/207545","targetHints":{"allow":["GET"]}}],"collection":[{"href":"https:\/\/depodanmusteriye.com\/urunler\/wp-json\/wp\/v2\/product"}],"about":[{"href":"https:\/\/depodanmusteriye.com\/urunler\/wp-json\/wp\/v2\/types\/product"}],"replies":[{"embeddable":true,"href":"https:\/\/depodanmusteriye.com\/urunler\/wp-json\/wp\/v2\/comments?post=207545"}],"version-history":[{"count":0,"href":"https:\/\/depodanmusteriye.com\/urunler\/wp-json\/wp\/v2\/product\/207545\/revisions"}],"wp:featuredmedia":[{"embeddable":true,"href":"https:\/\/depodanmusteriye.com\/urunler\/wp-json\/wp\/v2\/media\/207540"}],"wp:attachment":[{"href":"https:\/\/depodanmusteriye.com\/urunler\/wp-json\/wp\/v2\/media?parent=207545"}],"wp:term":[{"taxonomy":"product_brand","embeddable":true,"href":"https:\/\/depodanmusteriye.com\/urunler\/wp-json\/wp\/v2\/product_brand?post=207545"},{"taxonomy":"product_cat","embeddable":true,"href":"https:\/\/depodanmusteriye.com\/urunler\/wp-json\/wp\/v2\/product_cat?post=207545"},{"taxonomy":"product_tag","embeddable":true,"href":"https:\/\/depodanmusteriye.com\/urunler\/wp-json\/wp\/v2\/product_tag?post=207545"}],"curies":[{"name":"wp","href":"https:\/\/api.w.org\/{rel}","templated":true}]}}