{"id":207365,"date":"2025-12-16T02:57:13","date_gmt":"2025-12-16T02:57:13","guid":{"rendered":"https:\/\/b2b.depodanmusteriye.com\/urun\/p9-pro-plus-bluetooth-kulak-ustu-kulaklik-h1-cipli-aktif-gurultu-engelleme-uzamsal-ses-destegi\/"},"modified":"2025-12-16T02:57:13","modified_gmt":"2025-12-16T02:57:13","slug":"p9-pro-plus-bluetooth-kulak-ustu-kulaklik-h1-cipli-aktif-gurultu-engelleme-uzamsal-ses-destegi","status":"publish","type":"product","link":"https:\/\/depodanmusteriye.com\/urunler\/urun\/p9-pro-plus-bluetooth-kulak-ustu-kulaklik-h1-cipli-aktif-gurultu-engelleme-uzamsal-ses-destegi\/","title":{"rendered":"P9 Pro Plus Bluetooth Kulak \u00dcst\u00fc Kulakl\u0131k \u2013 H1 \u00c7ipli, Aktif G\u00fcr\u00fclt\u00fc Engelleme, Uzamsal Ses Deste\u011fi"},"content":{"rendered":"<h4>Yeni nesil ses teknolojisiyle tan\u0131\u015f\u0131n! P9 Pro Plus Bluetooth Kulak \u00dcst\u00fc Kulakl\u0131k, geli\u015fmi\u015f sens\u00f6r sistemleri ve dinamik kafa izleme \u00f6zellikli uzamsal ses teknolojisi ile m\u00fczi\u011fi yepyeni bir boyuta ta\u015f\u0131yor.<br \/>\nKafa hareketlerinizi alg\u0131layan sistem, sesi konumunuza g\u00f6re y\u00f6nlendirerek \u00fc\u00e7 boyutlu bir ses deneyimi olu\u015fturur.<\/p>\n<p>Her iki kulakl\u0131kta bulunan optik sens\u00f6r, pozisyon sens\u00f6r\u00fc, ivme\u00f6l\u00e7er ve sol kulakl\u0131ktaki jiroskop, kula\u011f\u0131n\u0131zda olup olmad\u0131\u011f\u0131n\u0131 alg\u0131layarak m\u00fczi\u011fi otomatik olarak ba\u015flat\u0131r veya durdurur.<br \/>\nAyr\u0131ca, \u00fc\u00e7 adet y\u00fcksek hassasiyetli mikrofon sayesinde \u00e7evresel sesleri filtreleyerek net telefon g\u00f6r\u00fc\u015fmeleri sa\u011flar.<\/p>\n<p>Geli\u015fmi\u015f H1 \u00e7ip ba\u011flant\u0131 h\u0131z\u0131n\u0131 art\u0131r\u0131r, Bluetooth 5.0 teknolojisiyle kararl\u0131 ve gecikmesiz bir ses aktar\u0131m\u0131 sunar.<br \/>\nAktif G\u00fcr\u00fclt\u00fc Engelleme (ANC) ve \u015eeffaf Mod \u00f6zellikleriyle d\u0131\u015f sesleri diledi\u011finiz gibi y\u00f6netebilir, ister tamamen sessizli\u011fe dalabilir ister \u00e7evrenizdeki sesleri net \u015fekilde duyabilirsiniz.<\/p>\n<p>Tek \u015farjla 5 saate kadar dinleme s\u00fcresi, 4 saate kadar konu\u015fma s\u00fcresi sunan bu kulakl\u0131k, sadece 5 dakikal\u0131k h\u0131zl\u0131 \u015farjla 1,5 saatlik kullan\u0131m sa\u011flar.<br \/>\n134,5 graml\u0131k hafif tasar\u0131m\u0131yla uzun s\u00fcreli kullan\u0131mlarda bile rahatl\u0131k sunar.<br \/>\nP9 Pro Plus, profesyonel ses deneyimini modern teknolojiyle birle\u015ftirir. <\/p>\n<p><b>1 adet fiyat\u0131d\u0131r<\/b> <\/p>\n<p><p><b>\u00dcretici Markas\u0131 : ZERO LAND<\/b><\/p>\n<p><b>\u00dcretici Kodu : XUCZZZP9KULAKLIK<\/b><\/p>\n<p><b>1 ADET F\u0130YATIDIR<\/b><\/p>\n<\/h4>\n<p><\/p>\n","protected":false},"excerpt":{"rendered":"<p>P9 Pro Plus Bluetooth Kulak \u00dcst\u00fc Kulakl\u0131k \u2013 H1 \u00c7ipli, Aktif G\u00fcr\u00fclt\u00fc Engelleme, Uzamsal Ses Deste\u011fi<\/p>\n","protected":false},"featured_media":207360,"comment_status":"open","ping_status":"closed","template":"","meta":[],"product_brand":[],"product_cat":[1026,374],"product_tag":[2699,3605,13108,4159,13473,9196,14918,1638,1641,3241,2498,2484,1915,1639,14917],"class_list":{"0":"post-207365","1":"product","2":"type-product","3":"status-publish","4":"has-post-thumbnail","6":"product_cat-kulak-ustu-bluetooth-kulaklik","7":"product_cat-mobil-aksesuar","8":"product_tag-aktif","9":"product_tag-bluetooth","10":"product_tag-cipli","11":"product_tag-destegi","12":"product_tag-engelleme","13":"product_tag-gurultu","14":"product_tag-h1","15":"product_tag-kulak","16":"product_tag-kulaklik","17":"product_tag-p9","18":"product_tag-plus","19":"product_tag-pro","20":"product_tag-ses","21":"product_tag-ustu","22":"product_tag-uzamsal","24":"first","25":"instock","26":"taxable","27":"shipping-taxable","28":"purchasable","29":"product-type-simple"},"_links":{"self":[{"href":"https:\/\/depodanmusteriye.com\/urunler\/wp-json\/wp\/v2\/product\/207365","targetHints":{"allow":["GET"]}}],"collection":[{"href":"https:\/\/depodanmusteriye.com\/urunler\/wp-json\/wp\/v2\/product"}],"about":[{"href":"https:\/\/depodanmusteriye.com\/urunler\/wp-json\/wp\/v2\/types\/product"}],"replies":[{"embeddable":true,"href":"https:\/\/depodanmusteriye.com\/urunler\/wp-json\/wp\/v2\/comments?post=207365"}],"version-history":[{"count":0,"href":"https:\/\/depodanmusteriye.com\/urunler\/wp-json\/wp\/v2\/product\/207365\/revisions"}],"wp:featuredmedia":[{"embeddable":true,"href":"https:\/\/depodanmusteriye.com\/urunler\/wp-json\/wp\/v2\/media\/207360"}],"wp:attachment":[{"href":"https:\/\/depodanmusteriye.com\/urunler\/wp-json\/wp\/v2\/media?parent=207365"}],"wp:term":[{"taxonomy":"product_brand","embeddable":true,"href":"https:\/\/depodanmusteriye.com\/urunler\/wp-json\/wp\/v2\/product_brand?post=207365"},{"taxonomy":"product_cat","embeddable":true,"href":"https:\/\/depodanmusteriye.com\/urunler\/wp-json\/wp\/v2\/product_cat?post=207365"},{"taxonomy":"product_tag","embeddable":true,"href":"https:\/\/depodanmusteriye.com\/urunler\/wp-json\/wp\/v2\/product_tag?post=207365"}],"curies":[{"name":"wp","href":"https:\/\/api.w.org\/{rel}","templated":true}]}}