{"id":207347,"date":"2025-12-16T02:56:14","date_gmt":"2025-12-16T02:56:14","guid":{"rendered":"https:\/\/b2b.depodanmusteriye.com\/urun\/p9-pro-plus-bluetooth-kulak-ustu-kulaklik-gurultu-engelleme-ve-5-saat-dinleme-suresi\/"},"modified":"2025-12-16T02:56:14","modified_gmt":"2025-12-16T02:56:14","slug":"p9-pro-plus-bluetooth-kulak-ustu-kulaklik-gurultu-engelleme-ve-5-saat-dinleme-suresi","status":"publish","type":"product","link":"https:\/\/depodanmusteriye.com\/urunler\/urun\/p9-pro-plus-bluetooth-kulak-ustu-kulaklik-gurultu-engelleme-ve-5-saat-dinleme-suresi\/","title":{"rendered":"P9 Pro Plus Bluetooth Kulak \u00dcst\u00fc Kulakl\u0131k \u2013G\u00fcr\u00fclt\u00fc Engelleme ve 5 Saat Dinleme S\u00fcresi"},"content":{"rendered":"<h4>Profesyonel ses teknolojisinin konforla birle\u015fti\u011fi P9 Pro Plus Bluetooth Kulak \u00dcst\u00fc Kulakl\u0131k, uzamsal ses deste\u011fi ve H1 \u00e7ip teknolojisiyle m\u00fczik deneyiminizi yeni bir seviyeye ta\u015f\u0131yor.<br \/>\nDinamik kafa izleme \u00f6zelli\u011fi, sesi konumunuza g\u00f6re ayarlayarak sinema benzeri bir \u00fc\u00e7 boyutlu ses atmosferi olu\u015fturur.<\/p>\n<p>Her iki kulakl\u0131kta bulunan optik sens\u00f6r, pozisyon sens\u00f6r\u00fc, ivme\u00f6l\u00e7er ve sol kulakl\u0131ktaki jiroskop, kula\u011f\u0131n\u0131zdan \u00e7\u0131kard\u0131\u011f\u0131n\u0131z anda m\u00fczi\u011fi otomatik olarak durdurur.<br \/>\nAyr\u0131ca k\u0131l\u0131f alg\u0131lama sens\u00f6r\u00fc, kulakl\u0131\u011f\u0131n g\u00fcvenli ta\u015f\u0131nmas\u0131n\u0131 sa\u011flar.<\/p>\n<p>\u00dc\u00e7l\u00fc mikrofon sistemi, d\u0131\u015f sesleri filtreleyerek \u00e7a\u011fr\u0131larda net ve berrak ileti\u015fim kurman\u0131za imk\u00e2n tan\u0131r.<br \/>\nBluetooth 5.0 teknolojisi, y\u00fcksek h\u0131zda ve gecikmesiz ba\u011flant\u0131 sa\u011flar.<\/p>\n<p>Aktif G\u00fcr\u00fclt\u00fc Engelleme (ANC) ve \u015eeffaf Mod aras\u0131nda ge\u00e7i\u015f yaparak ister tamamen m\u00fczi\u011fe odaklan\u0131n ister \u00e7evrenizle ba\u011flant\u0131da kal\u0131n.<br \/>\n5 saate kadar kesintisiz m\u00fczik, 4 saate kadar konu\u015fma s\u00fcresi ve sadece 5 dakikal\u0131k \u015farjla 1,5 saat dinleme imk\u00e2n\u0131 sunar.<\/p>\n<p>134,5 graml\u0131k ultra hafif yap\u0131s\u0131 ve ergonomik tasar\u0131m\u0131yla uzun s\u00fcreli kullan\u0131mda bile konfor sa\u011flar.<br \/>\nModern teknoloji ve konforu bir araya getiren P9 Pro Plus, m\u00fczi\u011fi yeniden tan\u0131ml\u0131yor. <\/p>\n<p><b>1 adet fiyat\u0131d\u0131r<\/b> <\/p>\n<p><p><b>\u00dcretici Markas\u0131 : ZERO LAND<\/b><\/p>\n<p><b>\u00dcretici Kodu : XUCZZZP9KULAKLIKBEYAZ<\/b><\/p>\n<p><b>1 ADET F\u0130YATIDIR<\/b><\/p>\n<\/h4>\n<p><\/p>\n","protected":false},"excerpt":{"rendered":"<p>P9 Pro Plus Bluetooth Kulak \u00dcst\u00fc Kulakl\u0131k \u2013G\u00fcr\u00fclt\u00fc Engelleme ve 5 Saat Dinleme S\u00fcresi<\/p>\n","protected":false},"featured_media":207342,"comment_status":"open","ping_status":"closed","template":"","meta":[],"product_brand":[],"product_cat":[1026,374],"product_tag":[1606,3605,13887,13473,1638,1641,3241,2498,2484,3637,4273,1639,2104],"class_list":{"0":"post-207347","1":"product","2":"type-product","3":"status-publish","4":"has-post-thumbnail","6":"product_cat-kulak-ustu-bluetooth-kulaklik","7":"product_cat-mobil-aksesuar","8":"product_tag-1606","9":"product_tag-bluetooth","10":"product_tag-dinleme","11":"product_tag-engelleme","12":"product_tag-kulak","13":"product_tag-kulaklik","14":"product_tag-p9","15":"product_tag-plus","16":"product_tag-pro","17":"product_tag-saat","18":"product_tag-suresi","19":"product_tag-ustu","20":"product_tag-ve","22":"first","23":"instock","24":"taxable","25":"shipping-taxable","26":"purchasable","27":"product-type-simple"},"_links":{"self":[{"href":"https:\/\/depodanmusteriye.com\/urunler\/wp-json\/wp\/v2\/product\/207347","targetHints":{"allow":["GET"]}}],"collection":[{"href":"https:\/\/depodanmusteriye.com\/urunler\/wp-json\/wp\/v2\/product"}],"about":[{"href":"https:\/\/depodanmusteriye.com\/urunler\/wp-json\/wp\/v2\/types\/product"}],"replies":[{"embeddable":true,"href":"https:\/\/depodanmusteriye.com\/urunler\/wp-json\/wp\/v2\/comments?post=207347"}],"version-history":[{"count":0,"href":"https:\/\/depodanmusteriye.com\/urunler\/wp-json\/wp\/v2\/product\/207347\/revisions"}],"wp:featuredmedia":[{"embeddable":true,"href":"https:\/\/depodanmusteriye.com\/urunler\/wp-json\/wp\/v2\/media\/207342"}],"wp:attachment":[{"href":"https:\/\/depodanmusteriye.com\/urunler\/wp-json\/wp\/v2\/media?parent=207347"}],"wp:term":[{"taxonomy":"product_brand","embeddable":true,"href":"https:\/\/depodanmusteriye.com\/urunler\/wp-json\/wp\/v2\/product_brand?post=207347"},{"taxonomy":"product_cat","embeddable":true,"href":"https:\/\/depodanmusteriye.com\/urunler\/wp-json\/wp\/v2\/product_cat?post=207347"},{"taxonomy":"product_tag","embeddable":true,"href":"https:\/\/depodanmusteriye.com\/urunler\/wp-json\/wp\/v2\/product_tag?post=207347"}],"curies":[{"name":"wp","href":"https:\/\/api.w.org\/{rel}","templated":true}]}}