{"id":207203,"date":"2025-12-16T02:48:20","date_gmt":"2025-12-16T02:48:20","guid":{"rendered":"https:\/\/b2b.depodanmusteriye.com\/urun\/m9-plus-kablosuz-hdmi-goruntu-aktarici-tak-calistir-ios-android-windows-uyumlu\/"},"modified":"2025-12-16T02:48:20","modified_gmt":"2025-12-16T02:48:20","slug":"m9-plus-kablosuz-hdmi-goruntu-aktarici-tak-calistir-ios-android-windows-uyumlu","status":"publish","type":"product","link":"https:\/\/depodanmusteriye.com\/urunler\/urun\/m9-plus-kablosuz-hdmi-goruntu-aktarici-tak-calistir-ios-android-windows-uyumlu\/","title":{"rendered":"M9 Plus Kablosuz HDMI G\u00f6r\u00fcnt\u00fc Aktar\u0131c\u0131 \u2013 Tak \u00c7al\u0131\u015ft\u0131r, iOS Android Windows Uyumlu"},"content":{"rendered":"<h4>Teknolojiyi daha kolay ve keyifli hale getiren Anycast M9 Plus, kurulum gerektirmeyen tak-\u00e7al\u0131\u015ft\u0131r \u00f6zelli\u011fi ile \u00f6ne \u00e7\u0131kan, modern ya\u015fam\u0131n vazge\u00e7ilmez bir kablosuz HDMI g\u00f6r\u00fcnt\u00fc ve ses aktar\u0131c\u0131s\u0131d\u0131r. iOS, Android ve Windows i\u015fletim sistemleriyle tam uyumlu \u00e7al\u0131\u015fan bu cihaz, telefon, tablet veya bilgisayar\u0131n\u0131zdaki g\u00f6r\u00fcnt\u00fcleri kolayca televizyon ekran\u0131na veya projekt\u00f6re aktarman\u0131za imk\u00e2n tan\u0131r.Hem i\u015f hem e\u011flence d\u00fcnyas\u0131nda fark yaratmak isteyen kullan\u0131c\u0131lar i\u00e7in tasarlanan bu cihaz, film, dizi, oyun, sunum ve e\u011fitim i\u00e7eriklerini b\u00fcy\u00fck ekranda payla\u015fma \u00f6zg\u00fcrl\u00fc\u011f\u00fc sunar. Sadece HDMI ba\u011flant\u0131 noktas\u0131na takarak Wi-Fi \u00fczerinden kolayca e\u015fle\u015ftirme yapabilir, saniyeler i\u00e7inde kullan\u0131ma haz\u0131r hale getirebilirsiniz.<br \/>\nY\u00fcksek \u00e7\u00f6z\u00fcn\u00fcrl\u00fck deste\u011fi sayesinde net, keskin ve senkronize bir g\u00f6r\u00fcnt\u00fc aktar\u0131m\u0131 sa\u011flar. Ses gecikmesi ya\u015famadan, kaliteli bir deneyimle videolar\u0131n\u0131z\u0131 veya sunumlar\u0131n\u0131z\u0131 izleyebilirsiniz. \u00d6zellikle toplant\u0131 salonlar\u0131, s\u0131n\u0131flar, ev sinemalar\u0131 veya oyun keyfi i\u00e7in idealdir.<br \/>\nKompakt ve ta\u015f\u0131nabilir tasar\u0131m\u0131yla her yere kolayca g\u00f6t\u00fcrebilece\u011finiz Anycast M9 Plus, geli\u015fmi\u015f Wi-Fi mod\u00fcl\u00fc sayesinde istikrarl\u0131 bir ba\u011flant\u0131 sunar. Cihaz, HDMI ve Wi-Fi teknolojisini bir araya getirerek ak\u0131ll\u0131 cihazlar\u0131n\u0131zla televizyonunuz aras\u0131nda k\u00f6pr\u00fc kurar. <\/p>\n<p><b>1 adet fiyat\u0131d\u0131r<\/b> <\/p>\n<p><p><b>\u00dcretici Markas\u0131 : ZERO LAND<\/b><\/p>\n<p><b>\u00dcretici Kodu : XUCZZZM9AKTARICI<\/b><\/p>\n<p><b>1 ADET F\u0130YATIDIR<\/b><\/p>\n<\/h4>\n<p><\/p>\n","protected":false},"excerpt":{"rendered":"<p>M9 Plus Kablosuz HDMI G\u00f6r\u00fcnt\u00fc Aktar\u0131c\u0131 \u2013 Tak \u00c7al\u0131\u015ft\u0131r, iOS Android Windows Uyumlu<\/p>\n","protected":false},"featured_media":207198,"comment_status":"open","ping_status":"closed","template":"","meta":[],"product_brand":[],"product_cat":[379,2232],"product_tag":[14346,1956,13025,13127,4278,3685,1640,9536,2498,7814,1951,4240],"class_list":{"0":"post-207203","1":"product","2":"type-product","3":"status-publish","4":"has-post-thumbnail","6":"product_cat-ev-yasam","7":"product_cat-kablosuz-ses-and-goruntu-aktarici-ev-ya-am","8":"product_tag-aktarici","9":"product_tag-android","10":"product_tag-calistir","11":"product_tag-goruntu","12":"product_tag-hdmi","13":"product_tag-ios","14":"product_tag-kablosuz","15":"product_tag-m9","16":"product_tag-plus","17":"product_tag-tak","18":"product_tag-uyumlu","19":"product_tag-windows","21":"first","22":"instock","23":"taxable","24":"shipping-taxable","25":"purchasable","26":"product-type-simple"},"_links":{"self":[{"href":"https:\/\/depodanmusteriye.com\/urunler\/wp-json\/wp\/v2\/product\/207203","targetHints":{"allow":["GET"]}}],"collection":[{"href":"https:\/\/depodanmusteriye.com\/urunler\/wp-json\/wp\/v2\/product"}],"about":[{"href":"https:\/\/depodanmusteriye.com\/urunler\/wp-json\/wp\/v2\/types\/product"}],"replies":[{"embeddable":true,"href":"https:\/\/depodanmusteriye.com\/urunler\/wp-json\/wp\/v2\/comments?post=207203"}],"version-history":[{"count":0,"href":"https:\/\/depodanmusteriye.com\/urunler\/wp-json\/wp\/v2\/product\/207203\/revisions"}],"wp:featuredmedia":[{"embeddable":true,"href":"https:\/\/depodanmusteriye.com\/urunler\/wp-json\/wp\/v2\/media\/207198"}],"wp:attachment":[{"href":"https:\/\/depodanmusteriye.com\/urunler\/wp-json\/wp\/v2\/media?parent=207203"}],"wp:term":[{"taxonomy":"product_brand","embeddable":true,"href":"https:\/\/depodanmusteriye.com\/urunler\/wp-json\/wp\/v2\/product_brand?post=207203"},{"taxonomy":"product_cat","embeddable":true,"href":"https:\/\/depodanmusteriye.com\/urunler\/wp-json\/wp\/v2\/product_cat?post=207203"},{"taxonomy":"product_tag","embeddable":true,"href":"https:\/\/depodanmusteriye.com\/urunler\/wp-json\/wp\/v2\/product_tag?post=207203"}],"curies":[{"name":"wp","href":"https:\/\/api.w.org\/{rel}","templated":true}]}}