{"id":206411,"date":"2025-12-16T02:04:28","date_gmt":"2025-12-16T02:04:28","guid":{"rendered":"https:\/\/b2b.depodanmusteriye.com\/urun\/666-oyunlu-retro-mini-oyun-konsolu-3-5-lcd-ekran-ve-cift-kisilik-oyun\/"},"modified":"2025-12-16T02:04:28","modified_gmt":"2025-12-16T02:04:28","slug":"666-oyunlu-retro-mini-oyun-konsolu-3-5-lcd-ekran-ve-cift-kisilik-oyun","status":"publish","type":"product","link":"https:\/\/depodanmusteriye.com\/urunler\/urun\/666-oyunlu-retro-mini-oyun-konsolu-3-5-lcd-ekran-ve-cift-kisilik-oyun\/","title":{"rendered":"666 Oyunlu Retro Mini Oyun Konsolu \u2013 3.5&#8243; LCD Ekran ve \u00c7ift Ki\u015filik Oyun"},"content":{"rendered":"<h4>\u00c7ocuklu\u011funuzun unutulmaz oyunlar\u0131n\u0131 modern bir cihazda yeniden ya\u015fay\u0131n! 3.5 in\u00e7 LCD ekranl\u0131 bu retro oyun konsolu, 666 adet klasik oyunla nostalji dolu anlar sunar. Kompakt ve ta\u015f\u0131nabilir yap\u0131s\u0131 sayesinde her yere kolayca g\u00f6t\u00fcrebilirsiniz.\u0130kinci oyun kolu sayesinde televizyona ba\u011flanarak 2 ki\u015filik oyun deneyimi ya\u015fayabilir, e\u011flenceyi payla\u015fabilirsiniz. G\u00fc\u00e7l\u00fc i\u015flemcisiyle donma veya gecikme olmadan sorunsuz bir performans sa\u011flar. \u015earj edilebilir bataryas\u0131 ve kutudan \u00e7\u0131kan \u015farj kablosuyla uzun s\u00fcre keyifle oyun oynayabilirsiniz. <\/p>\n<p><b>1 adet fiyat\u0131d\u0131r<\/b> <\/p>\n<p><p><b>\u00dcretici Markas\u0131 : ZERO LAND<\/b><\/p>\n<p><b>\u00dcretici Kodu : XUCZZZG7ATAR\u01301<\/b><\/p>\n<p><b>1 ADET F\u0130YATIDIR<\/b><\/p>\n<\/h4>\n<p><\/p>\n","protected":false},"excerpt":{"rendered":"<p>666 Oyunlu Retro Mini Oyun Konsolu \u2013 3.5&#8243; LCD Ekran ve \u00c7ift Ki\u015filik Oyun<\/p>\n","protected":false},"featured_media":206406,"comment_status":"open","ping_status":"closed","template":"","meta":[],"product_brand":[],"product_cat":[379,725],"product_tag":[4166,1747,2774,13485,3998,4078,2265,3997,4167,1963,2104],"class_list":{"0":"post-206411","1":"product","2":"type-product","3":"status-publish","4":"has-post-thumbnail","6":"product_cat-ev-yasam","7":"product_cat-psp-and-vita-oyunu","8":"product_tag-4166","9":"product_tag-cift","10":"product_tag-ekran","11":"product_tag-kisilik","12":"product_tag-konsolu","13":"product_tag-lcd","14":"product_tag-mini","15":"product_tag-oyun","16":"product_tag-oyunlu","17":"product_tag-retro","18":"product_tag-ve","20":"first","21":"instock","22":"taxable","23":"shipping-taxable","24":"purchasable","25":"product-type-simple"},"_links":{"self":[{"href":"https:\/\/depodanmusteriye.com\/urunler\/wp-json\/wp\/v2\/product\/206411","targetHints":{"allow":["GET"]}}],"collection":[{"href":"https:\/\/depodanmusteriye.com\/urunler\/wp-json\/wp\/v2\/product"}],"about":[{"href":"https:\/\/depodanmusteriye.com\/urunler\/wp-json\/wp\/v2\/types\/product"}],"replies":[{"embeddable":true,"href":"https:\/\/depodanmusteriye.com\/urunler\/wp-json\/wp\/v2\/comments?post=206411"}],"version-history":[{"count":0,"href":"https:\/\/depodanmusteriye.com\/urunler\/wp-json\/wp\/v2\/product\/206411\/revisions"}],"wp:featuredmedia":[{"embeddable":true,"href":"https:\/\/depodanmusteriye.com\/urunler\/wp-json\/wp\/v2\/media\/206406"}],"wp:attachment":[{"href":"https:\/\/depodanmusteriye.com\/urunler\/wp-json\/wp\/v2\/media?parent=206411"}],"wp:term":[{"taxonomy":"product_brand","embeddable":true,"href":"https:\/\/depodanmusteriye.com\/urunler\/wp-json\/wp\/v2\/product_brand?post=206411"},{"taxonomy":"product_cat","embeddable":true,"href":"https:\/\/depodanmusteriye.com\/urunler\/wp-json\/wp\/v2\/product_cat?post=206411"},{"taxonomy":"product_tag","embeddable":true,"href":"https:\/\/depodanmusteriye.com\/urunler\/wp-json\/wp\/v2\/product_tag?post=206411"}],"curies":[{"name":"wp","href":"https:\/\/api.w.org\/{rel}","templated":true}]}}