{"id":205031,"date":"2025-12-16T00:48:19","date_gmt":"2025-12-16T00:48:19","guid":{"rendered":"https:\/\/b2b.depodanmusteriye.com\/urun\/akici-yazi-ve-cizim-icin-egim-sensorlu-dijital-kalem-20-saat-kesintisiz-kullanim\/"},"modified":"2025-12-16T00:48:19","modified_gmt":"2025-12-16T00:48:19","slug":"akici-yazi-ve-cizim-icin-egim-sensorlu-dijital-kalem-20-saat-kesintisiz-kullanim","status":"publish","type":"product","link":"https:\/\/depodanmusteriye.com\/urunler\/urun\/akici-yazi-ve-cizim-icin-egim-sensorlu-dijital-kalem-20-saat-kesintisiz-kullanim\/","title":{"rendered":"Ak\u0131c\u0131 Yaz\u0131 ve \u00c7izim i\u00e7in E\u011fim Sens\u00f6rl\u00fc Dijital Kalem \u2013 20 Saat Kesintisiz Kullan\u0131m"},"content":{"rendered":"<h4>Dijital \u00e7izim ve not alma deneyiminizi bir \u00fcst seviyeye ta\u015f\u0131yan bu kalem, e\u011fim sens\u00f6r\u00fc teknolojisi ile kal\u0131nl\u0131k ve tonlama \u00e7e\u015fitlili\u011fi sa\u011flar. 1,0 mm u\u00e7lar\u0131 y\u00fcksek hassasiyet ve ak\u0131c\u0131l\u0131k sunar; gecikme, atlama ve \u00e7izik yapmaz. Bluetooth ba\u011flant\u0131s\u0131 veya uygulama gerektirmeden kapaktaki dokunmatik anahtarla a\u00e7\u0131l\u0131r. 90 dakikada h\u0131zl\u0131 \u015farj olur ve 20 saat kesintisiz kullan\u0131m imkan\u0131 verir. 5 dakika bo\u015fta kal\u0131nca otomatik uyku moduna ge\u00e7erek pil \u00f6mr\u00fcn\u00fc korur. iPad ve iPad Pro ile tam uyumludur, kullan\u0131m k\u0131lavuzu ile kolay ayarlanabilir. <\/p>\n<p><b>1 adet fiyat\u0131d\u0131r<\/b> <\/p>\n<p><p><b>\u00dcretici Markas\u0131 : ZERO LAND<\/b><\/p>\n<p><b>\u00dcretici Kodu : XUCZZZUNIVERSALKALEMMMM3<\/b><\/p>\n<p><b>1 ADET F\u0130YATIDIR<\/b><\/p>\n<\/h4>\n<p><\/p>\n","protected":false},"excerpt":{"rendered":"<p>Ak\u0131c\u0131 Yaz\u0131 ve \u00c7izim i\u00e7in E\u011fim Sens\u00f6rl\u00fc Dijital Kalem \u2013 20 Saat Kesintisiz Kullan\u0131m<\/p>\n","protected":false},"featured_media":205026,"comment_status":"open","ping_status":"closed","template":"","meta":[],"product_brand":[],"product_cat":[374,1038],"product_tag":[14821,4174,3443,4255,1853,1987,13183,4182,3637,1314,2104,4079],"class_list":{"0":"post-205031","1":"product","2":"type-product","3":"status-publish","4":"has-post-thumbnail","6":"product_cat-mobil-aksesuar","7":"product_cat-tablet-kalemi","8":"product_tag-akici","9":"product_tag-cizim","10":"product_tag-dijital","11":"product_tag-egim","12":"product_tag-icin","13":"product_tag-kalem","14":"product_tag-kesintisiz","15":"product_tag-kullanim","16":"product_tag-saat","17":"product_tag-sensorlu","18":"product_tag-ve","19":"product_tag-yazi","21":"first","22":"instock","23":"taxable","24":"shipping-taxable","25":"purchasable","26":"product-type-simple"},"_links":{"self":[{"href":"https:\/\/depodanmusteriye.com\/urunler\/wp-json\/wp\/v2\/product\/205031","targetHints":{"allow":["GET"]}}],"collection":[{"href":"https:\/\/depodanmusteriye.com\/urunler\/wp-json\/wp\/v2\/product"}],"about":[{"href":"https:\/\/depodanmusteriye.com\/urunler\/wp-json\/wp\/v2\/types\/product"}],"replies":[{"embeddable":true,"href":"https:\/\/depodanmusteriye.com\/urunler\/wp-json\/wp\/v2\/comments?post=205031"}],"version-history":[{"count":0,"href":"https:\/\/depodanmusteriye.com\/urunler\/wp-json\/wp\/v2\/product\/205031\/revisions"}],"wp:featuredmedia":[{"embeddable":true,"href":"https:\/\/depodanmusteriye.com\/urunler\/wp-json\/wp\/v2\/media\/205026"}],"wp:attachment":[{"href":"https:\/\/depodanmusteriye.com\/urunler\/wp-json\/wp\/v2\/media?parent=205031"}],"wp:term":[{"taxonomy":"product_brand","embeddable":true,"href":"https:\/\/depodanmusteriye.com\/urunler\/wp-json\/wp\/v2\/product_brand?post=205031"},{"taxonomy":"product_cat","embeddable":true,"href":"https:\/\/depodanmusteriye.com\/urunler\/wp-json\/wp\/v2\/product_cat?post=205031"},{"taxonomy":"product_tag","embeddable":true,"href":"https:\/\/depodanmusteriye.com\/urunler\/wp-json\/wp\/v2\/product_tag?post=205031"}],"curies":[{"name":"wp","href":"https:\/\/api.w.org\/{rel}","templated":true}]}}