{"id":205007,"date":"2025-12-16T00:47:05","date_gmt":"2025-12-16T00:47:05","guid":{"rendered":"https:\/\/b2b.depodanmusteriye.com\/urun\/metal-govdeli-sac-sakal-kesme-makinesi-hassas-kesim-icin\/"},"modified":"2025-12-16T00:47:05","modified_gmt":"2025-12-16T00:47:05","slug":"metal-govdeli-sac-sakal-kesme-makinesi-hassas-kesim-icin","status":"publish","type":"product","link":"https:\/\/depodanmusteriye.com\/urunler\/urun\/metal-govdeli-sac-sakal-kesme-makinesi-hassas-kesim-icin\/","title":{"rendered":"Metal G\u00f6vdeli Sa\u00e7 Sakal Kesme Makinesi \u2013 Hassas Kesim \u0130\u00e7in"},"content":{"rendered":"<h4>Y\u00fcksek kaliteli metal g\u00f6vdesi ve g\u00fc\u00e7l\u00fc motoruyla sa\u00e7 ve sakal kesiminde \u00fcst\u00fcn performans sa\u011flayan bu makine, hassas ve temiz kesimler yapman\u0131za imkan tan\u0131r. Karbon \u00e7elik b\u0131\u00e7aklar sayesinde sa\u00e7 telleri k\u0131r\u0131lmadan, tak\u0131lmadan h\u0131zl\u0131ca kesilir. Uzun \u00f6m\u00fcrl\u00fc lityum pili, tek \u015farjla 120 dakika kesim s\u00fcresi sunar. D\u00fc\u015f\u00fck ses seviyesiyle konforlu kullan\u0131m sa\u011flar. Ayarlanabilir taraklar\u0131 sayesinde farkl\u0131 uzunluklarda kesim yapabilir, ki\u015fisel tarz\u0131n\u0131z\u0131 kolayca yaratabilirsiniz. Ergonomik tasar\u0131m\u0131, kullan\u0131m\u0131 kolay ve rahat tutu\u015f sa\u011flar. Hem g\u00fcnl\u00fck kullan\u0131m hem de profesyonel tercih i\u00e7in uygundur. <\/p>\n<p><b>1 adet fiyat\u0131d\u0131r<\/b> <\/p>\n<p><p><b>\u00dcretici Markas\u0131 : ZERO LAND<\/b><\/p>\n<p><b>\u00dcretici Kodu : XUCZZZV071TIRA\u015eMMM5<\/b><\/p>\n<p><b>1 ADET F\u0130YATIDIR<\/b><\/p>\n<\/h4>\n<p><\/p>\n","protected":false},"excerpt":{"rendered":"<p>Metal G\u00f6vdeli Sa\u00e7 Sakal Kesme Makinesi \u2013 Hassas Kesim \u0130\u00e7in<\/p>\n","protected":false},"featured_media":205002,"comment_status":"open","ping_status":"closed","template":"","meta":[],"product_brand":[],"product_cat":[374,2200],"product_tag":[3994,4254,1853,3774,3995,3446,1875,2321,8905],"class_list":{"0":"post-205007","1":"product","2":"type-product","3":"status-publish","4":"has-post-thumbnail","6":"product_cat-mobil-aksesuar","7":"product_cat-tiras-makinesi-mobil-aksesuar","8":"product_tag-govdeli","9":"product_tag-hassas","10":"product_tag-icin","11":"product_tag-kesim","12":"product_tag-kesme","13":"product_tag-makinesi","14":"product_tag-metal","15":"product_tag-sac","16":"product_tag-sakal","18":"first","19":"instock","20":"taxable","21":"shipping-taxable","22":"purchasable","23":"product-type-simple"},"_links":{"self":[{"href":"https:\/\/depodanmusteriye.com\/urunler\/wp-json\/wp\/v2\/product\/205007","targetHints":{"allow":["GET"]}}],"collection":[{"href":"https:\/\/depodanmusteriye.com\/urunler\/wp-json\/wp\/v2\/product"}],"about":[{"href":"https:\/\/depodanmusteriye.com\/urunler\/wp-json\/wp\/v2\/types\/product"}],"replies":[{"embeddable":true,"href":"https:\/\/depodanmusteriye.com\/urunler\/wp-json\/wp\/v2\/comments?post=205007"}],"version-history":[{"count":0,"href":"https:\/\/depodanmusteriye.com\/urunler\/wp-json\/wp\/v2\/product\/205007\/revisions"}],"wp:featuredmedia":[{"embeddable":true,"href":"https:\/\/depodanmusteriye.com\/urunler\/wp-json\/wp\/v2\/media\/205002"}],"wp:attachment":[{"href":"https:\/\/depodanmusteriye.com\/urunler\/wp-json\/wp\/v2\/media?parent=205007"}],"wp:term":[{"taxonomy":"product_brand","embeddable":true,"href":"https:\/\/depodanmusteriye.com\/urunler\/wp-json\/wp\/v2\/product_brand?post=205007"},{"taxonomy":"product_cat","embeddable":true,"href":"https:\/\/depodanmusteriye.com\/urunler\/wp-json\/wp\/v2\/product_cat?post=205007"},{"taxonomy":"product_tag","embeddable":true,"href":"https:\/\/depodanmusteriye.com\/urunler\/wp-json\/wp\/v2\/product_tag?post=205007"}],"curies":[{"name":"wp","href":"https:\/\/api.w.org\/{rel}","templated":true}]}}